000
CXUS53 KARX 012246
CF6FKA
PRELIMINARY LOCAL CLIMATOLOGICAL DATA (WS FORM: F-6)
STATION: PRESTON MN
MONTH: MAY
YEAR: 2023
LATITUDE: 43 40 N
LONGITUDE: 92 11 W
TEMPERATURE IN F: :PCPN: SNOW: WIND :SUNSHINE: SKY :PK WND
================================================================================
1 2 3 4 5 6A 6B 7 8 9 10 11 12 13 14 15 16 17 18
12Z AVG MX 2MIN
DY MAX MIN AVG DEP HDD CDD WTR SNW DPTH SPD SPD DIR MIN PSBL S-S WX SPD DR
================================================================================
1 M M M M M M 0.00 0.0 0 M M M M M M M M
2 M M M M M M 0.00 0.0 0 M M M M M M M M
3 M M M M M M 0.00 0.0 0 M M M M M M M M
4 M M M M M M 0.00 0.0 0 M M M M M M M M
5 M M M M M M 0.00 0.0 0 M M M M M M M M
6 M M M M M M M 0.0 0 M M M M M M M M
7 M M M M M M M 0.0 0 M M M M M M M M
8 M M M M M M M 0.0 0 M M M M M M M M
9 M M M M M M 0.00 0.0 0 M M M M M M M M
10 M M M M M M 0.00 0.0 0 M M M M M M M M
11 M M M M M M M 0.0 0 6.3 9 140 M M 4 8 M M
12 68 57 63 M 2 0 0.36 0.0 0 9.6 17 80 M M 8 1 25 90
13 73 57 65 M 0 0 0.00 0.0 0 14.7 23 100 M M 7 30 90
14 61 46 54 M 11 0 1.11 0.0 0 12.1 18 50 M M 8 1 28 90
15 68 43 56 M 9 0 0.00 0.0 0 5.8 10 270 M M 0 14 50
16 77 52 65 M 0 0 0.00 0.0 0 10.9 15 300 M M 1 22 300
17 M M M M M M M M M M M M M M 0 M M
18 79 55 67 M 0 2 0.02 0.0 0 11.7 18 190 M M 5 38 27 190
19 57 45 51 M 14 0 0.00 0.0 0 14.1 22 340 M M 5 8 28 340
20 70 41 56 M 9 0 0.00 0.0 0 7.2 10 310 M M 1 18 10
21 77 46 62 M 3 0 0.00 0.0 0 4.9 10 270 M M 0 15 270
22 79 54 67 M 0 2 0.00 0.0 0 6.8 14 170 M M 3 20 99
23 81 54 68 M 0 3 0.00 0.0 0 5.5 9 180 M M 0 17 240
24 79 54 67 M 0 2 0.00 0.0 0 9.4 15 80 M M 2 21 90
25 73 50 62 M 3 0 0.00 0.0 0 10.5 16 120 M M 4 22 130
26 75 43 59 M 6 0 0.00 0.0 0 8.5 13 160 M M 1 16 150
27 77 46 62 M 3 0 0.00 0.0 0 5.9 10 120 M M 0 16 140
28 79 52 66 M 0 1 0.00 0.0 0 6.9 15 120 M M 0 22 120
29 M M M M M M M M M M M M M M M M M
30 86 M M M M M M 0.0 0 12.3 18 160 M M 2 24 160
31 86 63 75 M 0 10 M 0.0 0 6.7 12 160 M M 1 15 120
================================================================================
SM 1345 858 60 20 1.49 0.0 169.8 M 52
================================================================================
AV 74.7 50.5 8.9 FASTST M M 3 MAX(MPH)
MISC ----> 23 100 30 90
================================================================================
NOTES:
# LAST OF SEVERAL OCCURRENCES
COLUMN 17 PEAK WIND IN M.P.H.
PRELIMINARY LOCAL CLIMATOLOGICAL DATA (WS FORM: F-6) , PAGE 2
STATION: PRESTON MN
MONTH: MAY
YEAR: 2023
LATITUDE: 43 40 N
LONGITUDE: 92 11 W
[TEMPERATURE DATA] [PRECIPITATION DATA] SYMBOLS USED IN COLUMN 16
AVERAGE MONTHLY: 62.6 TOTAL FOR MONTH: 1.49 1 = FOG OR MIST
DPTR FM NORMAL: 0.0 DPTR FM NORMAL: M 2 = FOG REDUCING VISIBILITY
HIGHEST: 86 ON 31,30 GRTST 24HR 1.11 ON 14-14 TO 1/4 MILE OR LESS
LOWEST: 41 ON 20 3 = THUNDER
SNOW, ICE PELLETS, HAIL 4 = ICE PELLETS
TOTAL MONTH: 0.0 INCH 5 = HAIL
GRTST 24HR 0.0 6 = FREEZING RAIN OR DRIZZLE
GRTST DEPTH: 0 7 = DUSTSTORM OR SANDSTORM:
VSBY 1/2 MILE OR LESS
8 = SMOKE OR HAZE
[NO. OF DAYS WITH] [WEATHER - DAYS WITH] 9 = BLOWING SNOW
X = TORNADO
MAX 32 OR BELOW: 0 0.01 INCH OR MORE: 3
MAX 90 OR ABOVE: 0 0.10 INCH OR MORE: 2
MIN 32 OR BELOW: 0 0.50 INCH OR MORE: 1
MIN 0 OR BELOW: 0 1.00 INCH OR MORE: 1
[HDD (BASE 65) ]
TOTAL THIS MO. 60 CLEAR (SCALE 0-3) 13
DPTR FM NORMAL M PTCLDY (SCALE 4-7) 6
TOTAL FM JUL 1 6973 CLOUDY (SCALE 8-10) 12
DPTR FM NORMAL M
[CDD (BASE 65) ]
TOTAL THIS MO. 20
DPTR FM NORMAL M [PRESSURE DATA]
TOTAL FM JAN 1 22 HIGHEST SLP M ON M
DPTR FM NORMAL M LOWEST SLP M ON M
[REMARKS]
#FINAL-05-23#