612
CXUS53 KMKX 010910
CF6FLD
PRELIMINARY LOCAL CLIMATOLOGICAL DATA (WS FORM: F-6)
STATION: FOND_DU_LAC WI
MONTH: FEBRUARY
YEAR: 2021
LATITUDE: 43 46 N
LONGITUDE: 88 29 W
TEMPERATURE IN F: :PCPN: SNOW: WIND :SUNSHINE: SKY :PK WND
================================================================================
1 2 3 4 5 6A 6B 7 8 9 10 11 12 13 14 15 16 17 18
12Z AVG MX 2MIN
DY MAX MIN AVG DEP HDD CDD WTR SNW DPTH SPD SPD DIR MIN PSBL S-S WX SPD DR
================================================================================
1 32 16 24 4 41 0 0.00 M M 6.4 14 330 M M 5 17 330
2 32 9 21 1 44 0 0.00 M M 6.8 13 330 M M 7 18 330
3 32 0 16 -4 49 0 0.00 M M 5.8 16 170 M M 0 18 22 180
4 37 22 30 10 35 0 0.25 M M 13.7 29 290 M M 8 128 41 280
5 22 5 14 -7 51 0 T M M 13.9 24 280 M M 8 8 36 280
6 9 -4 3 -18 62 0 0.00 M M 9.2 16 240 M M 1 23 240
7 2 -13 -5 -26 70 0 0.00 M M 7.0 14 300 M M 2 19 300
8 5 -12 -3 -24 68 0 T M M 3.6 10 300 M M 8 13 300
9 8 -18 -5 -27 70 0 0.00 M M 5.4 12 210 M M 2 16 220
10 11 -7 2 -20 63 0 0.00 M M 5.8 13 320 M M 6 16 310
11 8 -16 -4 -26 69 0 0.01 M M 4.8 13 340 M M 4 1 17 10
12 8 -1 4 -18 61 0 T M M 8.7 16 310 M M 4 8 20 310
13 5 -7 -1 -23 66 0 T M M 10.3 15 310 M M 7 8 21 330
14 1 -11 -5 -28 70 0 0.00 M M 10.6 17 300 M M 3 25 300
15 7 -13 -3 -26 68 0 0.00 M M 11.5 22 10 M M 4 29 10
16 20 -3 9 -14 56 0 T M M 8.4 23 10 M M 4 8 31 20
17 23 -13 5 -19 60 0 0.00 M M 1.7 9 200 M M 4 14 220
18 27 9 18 -6 47 0 0.00 M M 3.4 9 320 M M 7 13 350
19 21 8 15 -9 50 0 T M M 6.1 12 280 M M 8 8 16 280
20 21 -5 8 -16 57 0 0.00 M M 4.6 12 190 M M 0 18 14 190
21 34 10 22 -3 43 0 0.04 M M 9.4 22 150 M M 6 1 29 120
22 38 28 33 8 32 0 T M M 13.2 24 210 M M 8 18 33 230
23 46 35 41 16 24 0 0.00 M M 8.3 16 270 M M 3 24 260
24 41 24 33 7 32 0 0.00 M M 9.9 20 360 M M 4 1 27 10
25 40 23 32 6 33 0 0.00 M M 8.9 17 290 M M 0 22 290
26 40 20 30 4 35 0 T M M 10.5 21 190 M M 3 1 26 180
27 45 30 38 11 27 0 T M M 7.0 14 220 M M 1 18 22 230
28 42 29 36 9 29 0 0.00 M M 11.5 26 290 M M 6 18 37 300
================================================================================
SM 657 145 1412 0 0.30 M 226.4 M 123
================================================================================
AV 23.5 5.2 8.1 FASTST M M 4 MAX(MPH)
MISC ----> 29 290 41 280
================================================================================
NOTES:
# LAST OF SEVERAL OCCURRENCES
COLUMN 17 PEAK WIND IN M.P.H.
PRELIMINARY LOCAL CLIMATOLOGICAL DATA (WS FORM: F-6) , PAGE 2
STATION: FOND_DU_LAC WI
MONTH: FEBRUARY
YEAR: 2021
LATITUDE: 43 46 N
LONGITUDE: 88 29 W
[TEMPERATURE DATA] [PRECIPITATION DATA] SYMBOLS USED IN COLUMN 16
AVERAGE MONTHLY: 14.3 TOTAL FOR MONTH: 0.30 1 = FOG OR MIST
DPTR FM NORMAL: -8.8 DPTR FM NORMAL: -0.56 2 = FOG REDUCING VISIBILITY
HIGHEST: 46 ON 23 GRTST 24HR 0.25 ON 4- 4 TO 1/4 MILE OR LESS
LOWEST: -18 ON 9 3 = THUNDER
SNOW, ICE PELLETS, HAIL 4 = ICE PELLETS
TOTAL MONTH: M 5 = HAIL
GRTST 24HR M ON M 6 = FREEZING RAIN OR DRIZZLE
GRTST DEPTH: M ON M 7 = DUSTSTORM OR SANDSTORM:
VSBY 1/2 MILE OR LESS
8 = SMOKE OR HAZE
[NO. OF DAYS WITH] [WEATHER - DAYS WITH] 9 = BLOWING SNOW
X = TORNADO
MAX 32 OR BELOW: 19 0.01 INCH OR MORE: 3
MAX 90 OR ABOVE: 0 0.10 INCH OR MORE: 1
MIN 32 OR BELOW: 27 0.50 INCH OR MORE: 0
MIN 0 OR BELOW: 14 1.00 INCH OR MORE: 0
[HDD (BASE 65) ]
TOTAL THIS MO. 1412 CLEAR (SCALE 0-3) 8
DPTR FM NORMAL 239 PTCLDY (SCALE 4-7) 19
TOTAL FM JUL 1 5235 CLOUDY (SCALE 8-10) 1
DPTR FM NORMAL -177
[CDD (BASE 65) ]
TOTAL THIS MO. 0
DPTR FM NORMAL 0 [PRESSURE DATA]
TOTAL FM JAN 1 0 HIGHEST SLP 30.61 ON 14
DPTR FM NORMAL 0 LOWEST SLP 29.23 ON 4
[REMARKS]
#FINAL-02-21#