000
CXUS53 KMKX 010910
CF6FLD
PRELIMINARY LOCAL CLIMATOLOGICAL DATA (WS FORM: F-6)
STATION: FOND_DU_LAC WI
MONTH: MARCH
YEAR: 2020
LATITUDE: 43 46 N
LONGITUDE: 88 29 W
TEMPERATURE IN F: :PCPN: SNOW: WIND :SUNSHINE: SKY :PK WND
================================================================================
1 2 3 4 5 6A 6B 7 8 9 10 11 12 13 14 15 16 17 18
12Z AVG MX 2MIN
DY MAX MIN AVG DEP HDD CDD WTR SNW DPTH SPD SPD DIR MIN PSBL S-S WX SPD DR
================================================================================
1 46 29 38 10 27 0 0.00 0.0 0 12.3 21 190 M M 0 30 200
2 41 28 35 7 30 0 0.00 0.0 0 7.5 15 290 M M 1 22 280
3 42 25 34 6 31 0 0.01 M 0 8.1 17 270 M M 5 1 27 240
4 40 28 34 5 31 0 0.00 0.0 0 8.1 17 310 M M 0 25 320
5 44 25 35 6 30 0 0.03 M 0 14.3 29 330 M M 8 1 42 330
6 36 21 29 -1 36 0 T M 0 11.5 28 330 M M 4 40 330
7 45 21 33 3 32 0 0.00 0.0 0 13.5 22 200 M M 0 33 200
8 58 39 49 19 16 0 0.00 0.0 0 16.1 24 200 M M 0 35 190
9 51 33 42 11 23 0 0.45 M 0 12.9 23 360 M M 7 12 31 360
10 43 30 37 6 28 0 T M 0 7.6 16 330 M M 5 22 340
11 39 33 36 4 29 0 0.30 M 0 3.7 9 150 M M 10 12 13 200
12 54 34 44 12 21 0 0.11 M 0 13.2 31 290 M M 9 1 42 290
13 44 31 38 6 27 0 0.00 M 0 14.4 26 280 M M 2 36 280
14 34 29 32 -1 33 0 0.00 M 0 8.7 15 20 M M 5 17 30
15 41 25 33 0 32 0 0.00 0.0 0 8.9 17 30 M M 5 21 30
16 39 25 32 -2 33 0 0.00 0.0 0 4.6 10 240 M M 8 15 240
17 46 27 37 3 28 0 T M 0 10.0 22 300 M M 2 32 300
18 39 33 36 1 29 0 0.13 M 0 6.7 20 190 M M 10 1 26 180
19 45 36 41 6 24 0 1.41 M 0 9.2 20 130 M M 10 18 28 140
20 39 24 32 -4 33 0 0.18 M 0 14.8 26 330 M M 8 1 36 340
21 34 20 27 -9 38 0 0.00 0.0 0 7.5 14 40 M M 1 18 40
22 38 24 31 -5 34 0 0.00 0.0 0 9.0 20 160 M M 7 24 150
23 44 30 37 0 28 0 T M 0 4.1 9 220 M M 8 14 270
24 49 33 41 4 24 0 T M 0 6.4 14 130 M M 10 18 18 140
25 53 34 44 6 21 0 0.03 M 0 8.4 18 200 M M 9 18 26 240
26 45 35 40 2 25 0 0.01 M 0 6.9 16 20 M M 9 1 20 30
27 50 31 41 2 24 0 0.34 M 0 6.6 16 120 M M 6 1 21 120
28 47 39 43 4 22 0 0.41 M 0 11.6 22 130 M M 10 13 31 90
29 49 38 44 4 21 0 0.10 M 0 13.9 25 290 M M 10 1 34 300
30 51 37 44 4 21 0 T M 0 12.2 23 360 M M 10 32 350
31 39 34 37 -3 28 0 T M 0 10.4 18 30 M M 10 1 23 40
================================================================================
SM 1365 931 859 0 3.51 0.0 303.1 M 189
================================================================================
AV 44.0 30.0 9.8 FASTST M M 6 MAX(MPH)
MISC ----> # 31 290 # 42 330
================================================================================
NOTES:
# LAST OF SEVERAL OCCURRENCES
COLUMN 17 PEAK WIND IN M.P.H.
PRELIMINARY LOCAL CLIMATOLOGICAL DATA (WS FORM: F-6) , PAGE 2
STATION: FOND_DU_LAC WI
MONTH: MARCH
YEAR: 2020
LATITUDE: 43 46 N
LONGITUDE: 88 29 W
[TEMPERATURE DATA] [PRECIPITATION DATA] SYMBOLS USED IN COLUMN 16
AVERAGE MONTHLY: 37.0 TOTAL FOR MONTH: 3.51 1 = FOG OR MIST
DPTR FM NORMAL: 3.1 DPTR FM NORMAL: 1.83 2 = FOG REDUCING VISIBILITY
HIGHEST: 58 ON 8 GRTST 24HR 1.41 ON 19-19 TO 1/4 MILE OR LESS
LOWEST: 20 ON 21 3 = THUNDER
SNOW, ICE PELLETS, HAIL 4 = ICE PELLETS
TOTAL MONTH: 0.0 INCH 5 = HAIL
GRTST 24HR 0.0 6 = FREEZING RAIN OR DRIZZLE
GRTST DEPTH: 0 7 = DUSTSTORM OR SANDSTORM:
VSBY 1/2 MILE OR LESS
8 = SMOKE OR HAZE
[NO. OF DAYS WITH] [WEATHER - DAYS WITH] 9 = BLOWING SNOW
X = TORNADO
MAX 32 OR BELOW: 0 0.01 INCH OR MORE: 13
MAX 90 OR ABOVE: 0 0.10 INCH OR MORE: 9
MIN 32 OR BELOW: 18 0.50 INCH OR MORE: 1
MIN 0 OR BELOW: 0 1.00 INCH OR MORE: 1
[HDD (BASE 65) ]
TOTAL THIS MO. 859 CLEAR (SCALE 0-3) 8
DPTR FM NORMAL -107 PTCLDY (SCALE 4-7) 10
TOTAL FM JUL 1 5935 CLOUDY (SCALE 8-10) 13
DPTR FM NORMAL -441
[CDD (BASE 65) ]
TOTAL THIS MO. 0
DPTR FM NORMAL 0 [PRESSURE DATA]
TOTAL FM JAN 1 0 HIGHEST SLP 30.75 ON 15
DPTR FM NORMAL 0 LOWEST SLP 29.30 ON 29
[REMARKS]
#FINAL-03-20#