000
CXUS56 KFGZ 010910
CF6FLG
PRELIMINARY LOCAL CLIMATOLOGICAL DATA (WS FORM: F-6)
STATION: FLAGSTAFF AZ AIRPORT
MONTH: MAY
YEAR: 2021
LATITUDE: 35 7 N
LONGITUDE: 111 40 W
TEMPERATURE IN F: :PCPN: SNOW: WIND :SUNSHINE: SKY :PK WND
================================================================================
1 2 3 4 5 6A 6B 7 8 9 10 11 12 13 14 15 16 17 18
12Z AVG MX 2MIN
DY MAX MIN AVG DEP HDD CDD WTR SNW DPTH SPD SPD DIR MIN PSBL S-S WX SPD DR
================================================================================
1 73 37 55 8 10 0 0.00 0.0 0 10.7 30 210 M M 0 38 220
2 66 35 51 4 14 0 T 0.0 0 13.3 29 220 M M 1 39 220
3 63 33 48 0 17 0 0.00 0.0 0 3.4 20 210 M M 6 23 220
4 69 29 49 1 16 0 0.00 0.0 0 6.9 26 210 M M 0 33 190
5 76 36 56 8 9 0 0.00 0.0 0 3.7 14 210 M M 1 19 160
6 77 33 55 7 10 0 0.00 0.0 0 6.7 24 220 M M 0 31 220
7 72 37 55 6 10 0 0.00 0.0 0 11.9 30 210 M M 0 41 220
8 69 37 53 4 12 0 0.00 0.0 0 7.8 24 230 M M 2 32 230
9 68 29 49 0 16 0 0.00 0.0 0 10.2 31 210 M M 1 39 230
10 69 34 52 2 13 0 0.00 0.0 0 11.0 26 240 M M 0 36 230
11 71 28 50 0 15 0 0.00 0.0 0 5.8 24 240 M M 2 32 270
12 73 29 51 1 14 0 0.00 0.0 0 4.9 20 220 M M 0 28 210
13 77 32 55 5 10 0 0.00 0.0 0 5.3 23 230 M M 0 8 32 220
14 74 38 56 5 9 0 0.00 0.0 0 8.0 23 220 M M 0 31 240
15 71 34 53 2 12 0 0.00 0.0 0 9.8 28 230 M M 0 45 220
16 65 30 48 -3 17 0 0.00 0.0 0 8.9 32 220 M M 0 40 220
17 58 29 44 -8 21 0 0.03 0.0 0 5.2 18 240 M M 3 24 240
18 72 31 52 0 13 0 0.00 0.0 0 4.7 17 360 M M 2 26 240
19 74 39 57 5 8 0 0.00 0.0 0 11.6 31 210 M M 0 40 210
20 70 38 54 2 11 0 T 0.0 0 21.3 43 220 M M 1 56 230
21 57 37 47 -6 18 0 0.49 0.0 0 23.3 47 220 M M 4 1 65 220
22 56 27 42 -11 23 0 0.00 0.0 0 12.4 39 220 M M 1 55 210
23 62 22 42 -11 23 0 0.00 0.0 0 4.0 23 220 M M 0 28 220
24 70 26 48 -6 17 0 0.00 0.0 0 6.0 18 220 M M 0 26 230
25 73 30 52 -2 13 0 0.00 0.0 0 6.3 22 210 M M 0 28 220
26 67 40 54 0 11 0 0.00 0.0 0 5.8 18 220 M M 0 26 220
27 75 36 56 1 9 0 0.00 0.0 0 3.8 21 230 M M 1 26 220
28 76 41 59 4 6 0 0.00 0.0 0 6.9 20 210 M M 0 24 230
29 75 36 56 1 9 0 0.00 0.0 0 7.5 23 220 M M 0 8 28 210
30 76 36 56 0 9 0 0.00 0.0 0 7.2 21 220 M M 0 29 210
31 74 39 57 1 8 0 T 0.0 0 5.1 21 230 M M 2 27 330
================================================================================
SM 2168 1038 403 0 0.52 0.0 259.4 M 27
================================================================================
AV 69.9 33.5 8.4 FASTST M M 1 MAX(MPH)
MISC ----> 47 220 65 220
================================================================================
NOTES:
# LAST OF SEVERAL OCCURRENCES
COLUMN 17 PEAK WIND IN M.P.H.
PRELIMINARY LOCAL CLIMATOLOGICAL DATA (WS FORM: F-6) , PAGE 2
STATION: FLAGSTAFF AZ AIRPORT
MONTH: MAY
YEAR: 2021
LATITUDE: 35 7 N
LONGITUDE: 111 40 W
[TEMPERATURE DATA] [PRECIPITATION DATA] SYMBOLS USED IN COLUMN 16
AVERAGE MONTHLY: 51.7 TOTAL FOR MONTH: 0.52 1 = FOG OR MIST
DPTR FM NORMAL: 0.4 DPTR FM NORMAL: -0.25 2 = FOG REDUCING VISIBILITY
HIGHEST: 77 ON 13, 6 GRTST 24HR 0.49 ON 21-21 TO 1/4 MILE OR LESS
LOWEST: 22 ON 23 3 = THUNDER
SNOW, ICE PELLETS, HAIL 4 = ICE PELLETS
TOTAL MONTH: 0.0 INCH 5 = HAIL
GRTST 24HR 0.0 6 = FREEZING RAIN OR DRIZZLE
GRTST DEPTH: 0 7 = DUSTSTORM OR SANDSTORM:
VSBY 1/2 MILE OR LESS
8 = SMOKE OR HAZE
[NO. OF DAYS WITH] [WEATHER - DAYS WITH] 9 = BLOWING SNOW
X = TORNADO
MAX 32 OR BELOW: 0 0.01 INCH OR MORE: 2
MAX 90 OR ABOVE: 0 0.10 INCH OR MORE: 1
MIN 32 OR BELOW: 12 0.50 INCH OR MORE: 0
MIN 0 OR BELOW: 0 1.00 INCH OR MORE: 0
[HDD (BASE 65) ]
TOTAL THIS MO. 403 CLEAR (SCALE 0-3) 28
DPTR FM NORMAL -21 PTCLDY (SCALE 4-7) 3
TOTAL FM JUL 1 6299 CLOUDY (SCALE 8-10) 0
DPTR FM NORMAL -299
[CDD (BASE 65) ]
TOTAL THIS MO. 0
DPTR FM NORMAL -1 [PRESSURE DATA]
TOTAL FM JAN 1 0 HIGHEST SLP M ON M
DPTR FM NORMAL -1 LOWEST SLP 29.54 ON 2
[REMARKS]
#FINAL-05-21#