874
CXUS56 KFGZ 010900
CF6FLG
PRELIMINARY LOCAL CLIMATOLOGICAL DATA (WS FORM: F-6)
STATION: FLAGSTAFF AZ AIRPORT
MONTH: AUGUST
YEAR: 2020
LATITUDE: 35 7 N
LONGITUDE: 111 40 W
TEMPERATURE IN F: :PCPN: SNOW: WIND :SUNSHINE: SKY :PK WND
================================================================================
1 2 3 4 5 6A 6B 7 8 9 10 11 12 13 14 15 16 17 18
12Z AVG MX 2MIN
DY MAX MIN AVG DEP HDD CDD WTR SNW DPTH SPD SPD DIR MIN PSBL S-S WX SPD DR
================================================================================
1 90 61 76 10 0 11 0.00 0.0 0 8.8 30 220 M M 0 3 41 210
2 87 52 70 4 0 5 0.00 0.0 0 8.1 25 220 M M 1 3 31 240
3 86 53 70 4 0 5 0.00 0.0 0 7.6 24 220 M M 0 37 220
4 83 47 65 -1 0 0 0.00 0.0 0 7.7 23 210 M M 0 29 220
5 82 49 66 0 0 1 0.00 0.0 0 8.5 31 230 M M 0 42 230
6 81 42 62 -4 3 0 0.00 0.0 0 10.8 31 230 M M 0 42 210
7 82 46 64 -1 1 0 0.00 0.0 0 8.2 24 220 M M 0 35 220
8 84 46 65 0 0 0 0.00 0.0 0 6.5 24 220 M M 1 32 230
9 85 44 65 0 0 0 0.00 0.0 0 5.6 24 220 M M 1 32 220
10 85 44 65 0 0 0 0.00 0.0 0 9.0 26 210 M M 0 45 220
11 83 57 70 5 0 5 0.00 0.0 0 8.0 23 230 M M 1 29 220
12 86 51 69 4 0 4 0.00 0.0 0 5.3 21 220 M M 1 26 220
13 88 55 72 7 0 7 0.00 0.0 0 4.0 20 220 M M 1 28 230
14 92 54 73 8 0 8 0.00 0.0 0 3.9 21 210 M M 1 28 310
15 91 52 72 8 0 7 T 0.0 0 4.2 28 360 M M 0 44 20
16 93 53 73 9 0 8 0.00 0.0 0 6.1 23 50 M M 0 33 40
17 91 51 71 7 0 6 0.00 0.0 0 3.5 17 210 M M 0 22 230
18 88 54 71 7 0 6 0.01 0.0 0 4.8 16 260 M M 1 3 23 260
19 89 57 73 9 0 8 0.16 0.0 0 4.1 23 30 M M 0 3 28 40
20 89 56 73 9 0 8 0.01 0.0 0 6.2 20 280 M M 2 3 42 250
21 84 55 70 6 0 5 0.05 0.0 0 5.7 22 40 M M 2 38 30 10
22 90 57 74 10 0 9 0.01 0.0 0 6.4 18 60 M M 2 3 28 60
23 88 56 72 9 0 7 T 0.0 0 5.0 15 50 M M 1 3 24 90
24 87 55 71 8 0 6 0.00 0.0 0 3.8 16 110 M M 1 22 120
25 85 51 68 5 0 3 0.03 0.0 0 2.3 18 90 M M 2 3 25 290
26 86 49 68 5 0 3 T 0.0 0 4.0 17 220 M M 3 3 25 290
27 87 51 69 6 0 4 0.03 0.0 0 4.0 18 210 M M 4 3 25 210
28 81 52 67 4 0 2 0.00 0.0 0 2.7 16 60 M M 4 21 270
29 80 51 66 4 0 1 0.01 0.0 0 5.0 28 220 M M 2 34 220
30 79 52 66 4 0 1 0.00 0.0 0 7.7 23 220 M M 5 3 27 230
31 78 54 66 4 0 1 T 0.0 0 10.0 25 220 M M 3 33 220
================================================================================
SM 2660 1607 4 131 0.31 0.0 187.5 M 39
================================================================================
AV 85.8 51.8 6.0 FASTST M M 1 MAX(MPH)
MISC ----> # 31 230 # 45 220
================================================================================
NOTES:
# LAST OF SEVERAL OCCURRENCES
COLUMN 17 PEAK WIND IN M.P.H.
PRELIMINARY LOCAL CLIMATOLOGICAL DATA (WS FORM: F-6) , PAGE 2
STATION: FLAGSTAFF AZ AIRPORT
MONTH: AUGUST
YEAR: 2020
LATITUDE: 35 7 N
LONGITUDE: 111 40 W
[TEMPERATURE DATA] [PRECIPITATION DATA] SYMBOLS USED IN COLUMN 16
AVERAGE MONTHLY: 68.8 TOTAL FOR MONTH: 0.31 1 = FOG OR MIST
DPTR FM NORMAL: 4.6 DPTR FM NORMAL: -2.80 2 = FOG REDUCING VISIBILITY
HIGHEST: 93 ON 16 GRTST 24HR 0.16 ON 19-19 TO 1/4 MILE OR LESS
LOWEST: 42 ON 6 3 = THUNDER
SNOW, ICE PELLETS, HAIL 4 = ICE PELLETS
TOTAL MONTH: 0.0 INCH 5 = HAIL
GRTST 24HR 0.0 6 = FREEZING RAIN OR DRIZZLE
GRTST DEPTH: 0 7 = DUSTSTORM OR SANDSTORM:
VSBY 1/2 MILE OR LESS
8 = SMOKE OR HAZE
[NO. OF DAYS WITH] [WEATHER - DAYS WITH] 9 = BLOWING SNOW
X = TORNADO
MAX 32 OR BELOW: 0 0.01 INCH OR MORE: 8
MAX 90 OR ABOVE: 6 0.10 INCH OR MORE: 1
MIN 32 OR BELOW: 0 0.50 INCH OR MORE: 0
MIN 0 OR BELOW: 0 1.00 INCH OR MORE: 0
[HDD (BASE 65) ]
TOTAL THIS MO. 4 CLEAR (SCALE 0-3) 27
DPTR FM NORMAL -52 PTCLDY (SCALE 4-7) 4
TOTAL FM JUL 1 23 CLOUDY (SCALE 8-10) 0
DPTR FM NORMAL -65
[CDD (BASE 65) ]
TOTAL THIS MO. 131
DPTR FM NORMAL 98 [PRESSURE DATA]
TOTAL FM JAN 1 258 HIGHEST SLP M ON M
DPTR FM NORMAL 144 LOWEST SLP 29.77 ON 31
[REMARKS]
#FINAL-08-20#