000
CXUS52 KMFL 271030
CF6FLL
PRELIMINARY LOCAL CLIMATOLOGICAL DATA (WS FORM: F-6)
STATION: FORT LAUDERDALE
MONTH: MARCH
YEAR: 2024
LATITUDE: 26 4 N
LONGITUDE: 80 9 W
TEMPERATURE IN F: :PCPN: SNOW: WIND :SUNSHINE: SKY :PK WND
================================================================================
1 2 3 4 5 6A 6B 7 8 9 10 11 12 13 14 15 16 17 18
12Z AVG MX 2MIN
DY MAX MIN AVG DEP HDD CDD WTR SNW DPTH SPD SPD DIR MIN PSBL S-S WX SPD DR
================================================================================
1 81 73 77 5 0 12 0.08 0.0 0 14.8 23 130 M M 7 1 30 120
2 81 74 78 6 0 13 0.00 0.0 0 9.4 18 140 M M 7 28 130
3 83 69 76 4 0 11 1.20 0.0 0 9.2 20 130 M M 7 138 24 140
4 83 70 77 5 0 12 0.03 0.0 0 7.4 16 50 M M 7 21 70
5 82 74 78 6 0 13 0.00 0.0 0 9.4 15 130 M M 8 23 110
6 82 71 77 5 0 12 0.32 0.0 0 5.6 15 150 M M 8 13 22 180
7 82 70 76 4 0 11 0.25 0.0 0 2.8 15 310 M M 6 1 21 300
8 85 71 78 6 0 13 0.00 0.0 0 6.7 20 130 M M 6 26 130
9 87 77 82 10 0 17 0.00 0.0 0 11.0 21 160 M M 6 28 160
10 88 71 80 8 0 15 T 0.0 0 8.2 21 270 M M 6 30 260
11 80 64 72 0 0 7 0.00 0.0 0 10.0 17 70 M M 3 27 60
12 79 70 75 3 0 10 0.00 0.0 0 9.2 16 90 M M 3 26 100
13 82 68 75 3 0 10 0.00 0.0 0 7.1 17 100 M M 5 24 140
14 82 71 77 5 0 12 0.00 0.0 0 9.0 16 100 M M 5 20 100
15 83 74 79 7 0 14 0.00 0.0 0 11.6 20 130 M M 4 27 120
16 85 71 78 6 0 13 0.00 0.0 0 7.2 17 130 M M 5 23 140
17 88 74 81 8 0 16 0.00 0.0 0 7.1 18 170 M M 4 29 210
18 92 75 84 11 0 19 0.00 0.0 0 9.8 23 230 M M 5 33 220
19 79 64 72 -1 0 7 0.03 0.0 0 10.3 20 50 M M 5 29 10
20 79 61 70 -3 0 5 0.00 0.0 0 8.7 18 100 M M 5 24 90
21 82 71 77 4 0 12 0.00 0.0 0 11.6 22 110 M M 5 30 110
22 77 68 73 0 0 8 2.52 0.0 0 13.5 24 120 M M 8 1 31 130
23 81 68 75 2 0 10 0.44 0.0 0 8.8 28 130 M M 7 13 38 130
24 81 64 73 0 0 8 T 0.0 0 10.1 21 80 M M 4 31 70
25 82 73 78 4 0 13 T M M 16.5 24 100 M M 6 36 90
26 83 74 79 5 0 14 0.00 0.0 0 15.3 22 130 M M 7 29 130
================================================================================
SM 2149 1830 0 307 4.87 0.0 250.3 M 149
================================================================================
AV 82.7 70.4 9.6 FASTST M M 6 MAX(MPH)
MISC ----> 28 130 38 130
================================================================================
NOTES:
# LAST OF SEVERAL OCCURRENCES
COLUMN 17 PEAK WIND IN M.P.H.
PRELIMINARY LOCAL CLIMATOLOGICAL DATA (WS FORM: F-6) , PAGE 2
STATION: FORT LAUDERDALE
MONTH: MARCH
YEAR: 2024
LATITUDE: 26 4 N
LONGITUDE: 80 9 W
[TEMPERATURE DATA] [PRECIPITATION DATA] SYMBOLS USED IN COLUMN 16
AVERAGE MONTHLY: 76.5 TOTAL FOR MONTH: 4.87 1 = FOG OR MIST
DPTR FM NORMAL: 4.1 DPTR FM NORMAL: 2.93 2 = FOG REDUCING VISIBILITY
HIGHEST: 92 ON 18 GRTST 24HR 2.61 ON 22-23 TO 1/4 MILE OR LESS
LOWEST: 61 ON 20 3 = THUNDER
SNOW, ICE PELLETS, HAIL 4 = ICE PELLETS
TOTAL MONTH: 0.0 INCH 5 = HAIL
GRTST 24HR 0.0 6 = FREEZING RAIN OR DRIZZLE
GRTST DEPTH: 0 7 = DUSTSTORM OR SANDSTORM:
VSBY 1/2 MILE OR LESS
8 = SMOKE OR HAZE
[NO. OF DAYS WITH] [WEATHER - DAYS WITH] 9 = BLOWING SNOW
X = TORNADO
MAX 32 OR BELOW: 0 0.01 INCH OR MORE: 8
MAX 90 OR ABOVE: 1 0.10 INCH OR MORE: 5
MIN 32 OR BELOW: 0 0.50 INCH OR MORE: 2
MIN 0 OR BELOW: 0 1.00 INCH OR MORE: 2
[HDD (BASE 65) ]
TOTAL THIS MO. 0 CLEAR (SCALE 0-3) 2
DPTR FM NORMAL -7 PTCLDY (SCALE 4-7) 24
TOTAL FM JUL 1 37 CLOUDY (SCALE 8-10) 0
DPTR FM NORMAL -80
[CDD (BASE 65) ]
TOTAL THIS MO. 307
DPTR FM NORMAL 104 [PRESSURE DATA]
TOTAL FM JAN 1 626 HIGHEST SLP M ON M
DPTR FM NORMAL 95 LOWEST SLP 29.67 ON 23
[REMARKS]