168
CXUS54 KLZK 011130
CF6FLP
PRELIMINARY LOCAL CLIMATOLOGICAL DATA (WS FORM: F-6)
STATION: Flippin
MONTH: JULY
YEAR: 2020
LATITUDE: 36 17 N
LONGITUDE: 92 28 W
TEMPERATURE IN F: :PCPN: SNOW: WIND :SUNSHINE: SKY :PK WND
================================================================================
1 2 3 4 5 6A 6B 7 8 9 10 11 12 13 14 15 16 17 18
12Z AVG MX 2MIN
DY MAX MIN AVG DEP HDD CDD WTR SNW DPTH SPD SPD DIR MIN PSBL S-S WX SPD DR
================================================================================
1 86 70 78 M 0 13 0.93 M M 2.6 7 160 M M 3 138 M M
2 94 69 82 M 0 17 0.39 M M 1.5 7 10 M M 2 13 M M
3 92 68 80 M 0 15 M M M 3.2 9 30 M M 0 3 M M
4 92 69 81 M 0 16 0.02 M M 2.4 13 240 M M 2 13 17 240
5 90 70 80 M 0 15 0.00 M M 1.9 8 90 M M 3 12 M M
6 90 70 80 M 0 15 0.00 M M 2.3 7 80 M M 1 12 M M
7 92 70 81 M 0 16 0.00 M M 1.2 9 200 M M 1 128 M M
8 90 70 80 M 0 15 0.00 M M 2.0 7 80 M M 2 12 M M
9 85 70 78 M 0 13 0.25 M M 1.8 7 99 M M 3 13 M M
10 92 68 80 M 0 15 0.00 M M 1.9 6 20 M M 1 M M
11 96 70 83 M 0 18 0.00 M M 2.7 9 270 M M 1 M M
12 91 68 80 M 0 15 0.00 M M 6.2 16 280 M M 2 31 270
13 88 64 76 M 0 11 0.00 M M 2.2 8 150 M M 1 18 M M
14 92 68 80 M 0 15 0.00 M M 4.3 9 130 M M 3 M M
15 96 74 85 M 0 20 T M M 4.6 10 240 M M 1 1 M M
16 95 73 84 M 0 19 0.00 M M 2.9 10 130 M M 2 3 M M
17 94 74 84 M 0 19 T M M 2.9 8 110 M M 1 3 M M
18 94 71 83 M 0 18 0.00 M M 3.6 9 150 M M 1 17 220
19 96 72 84 M 0 19 0.00 M M 4.0 10 250 M M 1 M M
20 98 74 86 M 0 21 0.00 M M 3.3 8 160 M M 1 M M
21 95 73 84 M 0 19 0.00 M M 3.6 10 190 M M 1 38 M M
22 90 72 81 M 0 16 0.44 M M 1.5 6 170 M M 1 13 M M
23 93 72 83 M 0 18 0.00 M M 2.6 8 150 M M 1 12 M M
24 94 71 83 M 0 18 0.00 M M 2.5 9 100 M M 2 12 M M
25 92 72 82 M 0 17 0.00 M M 2.2 6 120 M M 3 M M
26 94 71 83 M 0 18 0.00 M M 3.5 8 220 M M 2 M M
27 94 71 83 M 0 18 0.00 M M 4.0 10 320 M M 2 8 M M
28 91 73 82 M 0 17 0.27 M M 2.8 10 20 M M 5 13 M M
29 88 72 80 M 0 15 0.26 M M 2.1 13 250 M M 4 3 M M
30 93 72 83 M 0 18 0.04 M M 5.9 15 280 M M 3 25 270
31 83 70 77 M 0 12 0.49 M M 6.2 15 360 M M 8 1 20 230
================================================================================
SM 2850 2191 0 511 3.09 M 94.4 M 64
================================================================================
AV 91.9 70.7 3.0 FASTST M M 2 MAX(MPH)
MISC ----> # 16 280 # 31 270
================================================================================
NOTES:
# LAST OF SEVERAL OCCURRENCES
COLUMN 17 PEAK WIND IN M.P.H.
PRELIMINARY LOCAL CLIMATOLOGICAL DATA (WS FORM: F-6) , PAGE 2
STATION: Flippin
MONTH: JULY
YEAR: 2020
LATITUDE: 36 17 N
LONGITUDE: 92 28 W
[TEMPERATURE DATA] [PRECIPITATION DATA] SYMBOLS USED IN COLUMN 16
AVERAGE MONTHLY: 81.3 TOTAL FOR MONTH: 3.09 1 = FOG OR MIST
DPTR FM NORMAL: M DPTR FM NORMAL: M 2 = FOG REDUCING VISIBILITY
HIGHEST: 98 ON 20 GRTST 24HR 0.93 ON 1- 1 TO 1/4 MILE OR LESS
LOWEST: 64 ON 13 3 = THUNDER
SNOW, ICE PELLETS, HAIL 4 = ICE PELLETS
TOTAL MONTH: M 5 = HAIL
GRTST 24HR M ON M 6 = FREEZING RAIN OR DRIZZLE
GRTST DEPTH: M ON M 7 = DUSTSTORM OR SANDSTORM:
VSBY 1/2 MILE OR LESS
8 = SMOKE OR HAZE
[NO. OF DAYS WITH] [WEATHER - DAYS WITH] 9 = BLOWING SNOW
X = TORNADO
MAX 32 OR BELOW: 0 0.01 INCH OR MORE: 9
MAX 90 OR ABOVE: 26 0.10 INCH OR MORE: 7
MIN 32 OR BELOW: 0 0.50 INCH OR MORE: 1
MIN 0 OR BELOW: 0 1.00 INCH OR MORE: 0
[HDD (BASE 65) ]
TOTAL THIS MO. 0 CLEAR (SCALE 0-3) 26
DPTR FM NORMAL M PTCLDY (SCALE 4-7) 5
TOTAL FM JUL 1 0 CLOUDY (SCALE 8-10) 0
DPTR FM NORMAL M
[CDD (BASE 65) ]
TOTAL THIS MO. 511
DPTR FM NORMAL M [PRESSURE DATA]
TOTAL FM JAN 1 971 HIGHEST SLP 30.13 ON 17
DPTR FM NORMAL M LOWEST SLP 29.79 ON 30
[REMARKS]
#FINAL-07-20#