000
CXUS52 KTBW 031027
CF6FMY
PRELIMINARY LOCAL CLIMATOLOGICAL DATA (WS FORM: F-6)
STATION: FORT MYERS
MONTH: FEBRUARY
YEAR: 2023
LATITUDE: 26 34 N
LONGITUDE: 81 52 W
TEMPERATURE IN F: :PCPN: SNOW: WIND :SUNSHINE: SKY :PK WND
================================================================================
1 2 3 4 5 6A 6B 7 8 9 10 11 12 13 14 15 16 17 18
12Z AVG MX 2MIN
DY MAX MIN AVG DEP HDD CDD WTR SNW DPTH SPD SPD DIR MIN PSBL S-S WX SPD DR
================================================================================
1 84 68 76 10 0 11 0.00 0.0 0 4.0 13 270 M M 3 16 290
2 85 65 75 9 0 10 0.00 0.0 0 4.5 16 250 M M 1 1 20 170
3 83 60 72 6 0 7 0.04 0.0 0 9.8 21 300 M M 5 18 26 290
4 78 55 67 1 0 2 0.00 0.0 0 14.8 24 60 M M 5 34 40
5 82 64 73 7 0 8 0.00 0.0 0 7.7 16 110 M M 5 24 100
6 82 65 74 8 0 9 0.00 0.0 0 8.7 16 50 M M 4 21 50
7 84 61 73 7 0 8 0.00 0.0 0 9.8 18 110 M M 1 26 110
8 84 61 73 7 0 8 0.00 0.0 0 8.3 16 120 M M 1 23 130
9 87 65 76 9 0 11 0.02 0.0 0 7.2 17 140 M M 2 24 150
10 87 67 77 10 0 12 0.00 0.0 0 7.5 16 160 M M 2 24 200
11 85 69 77 10 0 12 0.00 0.0 0 10.7 22 190 M M 3 1 34 200
12 76 65 71 4 0 6 0.01 0.0 0 17.8 29 300 M M 8 1 41 280
13 72 56 64 -3 1 0 0.00 0.0 0 7.6 20 340 M M 2 24 330
14 81 50 66 -1 0 1 0.00 0.0 0 5.2 13 140 M M 0 18 150
15 85 59 72 5 0 7 0.00 0.0 0 5.9 16 130 M M 1 22 120
16 86 64 75 7 0 10 0.00 0.0 0 7.3 16 150 M M 3 22 130
17 85 67 76 8 0 11 0.00 0.0 0 7.9 16 250 M M 2 24 240
18 80 64 72 4 0 7 0.00 0.0 0 10.7 17 110 M M 5 24 120
19 86 63 75 7 0 10 0.00 0.0 0 6.9 14 280 M M 1 18 270
20 84 65 75 7 0 10 0.00 0.0 0 5.4 16 250 M M 1 23 260
21 83 65 74 6 0 9 0.00 0.0 0 4.4 14 270 M M 2 1 21 200
22 87 65 76 8 0 11 0.00 0.0 0 6.5 16 220 M M 0 1 21 220
23 89 68 79 11 0 14 0.00 0.0 0 5.3 14 240 M M 2 1 19 270
24 90 67 79 11 0 14 0.00 0.0 0 3.6 12 300 M M 3 1 17 90
25 88 66 77 9 0 12 0.00 0.0 0 4.7 16 290 M M 1 21 280
26 87 65 76 7 0 11 0.00 0.0 0 5.2 16 260 M M 0 1 22 260
27 83 62 73 4 0 8 0.00 0.0 0 6.2 18 240 M M 1 1 28 220
28 84 62 73 4 0 8 0.00 0.0 0 6.6 17 250 M M 0 25 230
================================================================================
SM 2347 1773 1 247 0.07 0.0 210.2 M 64
================================================================================
AV 83.8 63.3 7.5 FASTST M M 2 MAX(MPH)
MISC ----> 29 300 41 280
================================================================================
NOTES:
# LAST OF SEVERAL OCCURRENCES
COLUMN 17 PEAK WIND IN M.P.H.
PRELIMINARY LOCAL CLIMATOLOGICAL DATA (WS FORM: F-6) , PAGE 2
STATION: FORT MYERS
MONTH: FEBRUARY
YEAR: 2023
LATITUDE: 26 34 N
LONGITUDE: 81 52 W
[TEMPERATURE DATA] [PRECIPITATION DATA] SYMBOLS USED IN COLUMN 16
AVERAGE MONTHLY: 73.6 TOTAL FOR MONTH: 0.07 1 = FOG OR MIST
DPTR FM NORMAL: 6.3 DPTR FM NORMAL: -1.71 2 = FOG REDUCING VISIBILITY
HIGHEST: 90 ON 24 GRTST 24HR 0.04 ON 3- 3 TO 1/4 MILE OR LESS
LOWEST: 50 ON 14 3 = THUNDER
SNOW, ICE PELLETS, HAIL 4 = ICE PELLETS
TOTAL MONTH: 0.0 INCH 5 = HAIL
GRTST 24HR 0.0 6 = FREEZING RAIN OR DRIZZLE
GRTST DEPTH: 0 7 = DUSTSTORM OR SANDSTORM:
VSBY 1/2 MILE OR LESS
8 = SMOKE OR HAZE
[NO. OF DAYS WITH] [WEATHER - DAYS WITH] 9 = BLOWING SNOW
X = TORNADO
MAX 32 OR BELOW: 0 0.01 INCH OR MORE: 3
MAX 90 OR ABOVE: 1 0.10 INCH OR MORE: 0
MIN 32 OR BELOW: 0 0.50 INCH OR MORE: 0
MIN 0 OR BELOW: 0 1.00 INCH OR MORE: 0
[HDD (BASE 65) ]
TOTAL THIS MO. 1 CLEAR (SCALE 0-3) 21
DPTR FM NORMAL -50 PTCLDY (SCALE 4-7) 7
TOTAL FM JUL 1 100 CLOUDY (SCALE 8-10) 0
DPTR FM NORMAL -128
[CDD (BASE 65) ]
TOTAL THIS MO. 247
DPTR FM NORMAL 131 [PRESSURE DATA]
TOTAL FM JAN 1 416 HIGHEST SLP 30.31 ON 24
DPTR FM NORMAL 214 LOWEST SLP 29.94 ON 11
[REMARKS]
#FINAL-02-23#