743
CXUS55 KBOU 011000
CF6FNL
PRELIMINARY LOCAL CLIMATOLOGICAL DATA (WS FORM: F-6)
STATION: FT COLLINS/LOVELAND CO
MONTH: JANUARY
YEAR: 2021
LATITUDE: 40 27 N
LONGITUDE: 105 1 W
TEMPERATURE IN F: :PCPN: SNOW: WIND :SUNSHINE: SKY :PK WND
================================================================================
1 2 3 4 5 6A 6B 7 8 9 10 11 12 13 14 15 16 17 18
12Z AVG MX 2MIN
DY MAX MIN AVG DEP HDD CDD WTR SNW DPTH SPD SPD DIR MIN PSBL S-S WX SPD DR
================================================================================
1 41 22 32 M 33 0 0.00 M M 4.5 8 140 M M 5 M M
2 41 15 28 M 37 0 0.00 M M 5.0 20 320 M M 0 12 31 310
3 41 15 28 M 37 0 0.00 M M 4.9 9 340 M M 0 31 330
4 49 22 36 M 29 0 0.00 M M 5.5 24 330 M M 0 37 320
5 51 20 36 M 29 0 0.00 M M 10.6 28 330 M M 2 39 310
6 44 19 32 M 33 0 0.00 M M 4.7 10 190 M M 0 M M
7 42 18 30 M 35 0 0.00 M M 3.1 7 200 M M 2 M M
8 45 19 32 M 33 0 0.00 M M 5.5 8 70 M M 0 M M
9 30 22 26 M 39 0 0.01 M M 5.5 10 30 M M 9 1 M M
10 40 12 26 M 39 0 0.02 M M 2.2 6 170 M M 7 12 M M
11 41 7 24 M 41 0 0.00 M M 2.4 8 30 M M 2 12 M M
12 47 11 29 M 36 0 0.00 M M 2.3 7 210 M M 0 M M
13 57 24 41 M 24 0 0.00 M M 9.3 37 330 M M 1 51 290
14 40 27 34 M 31 0 T M M 25.4 37 340 M M 1 51 350
15 46 19 33 M 32 0 0.00 M M 9.8 29 350 M M 0 37 350
16 50 25 38 M 27 0 0.00 M M 9.8 26 10 M M 2 33 10
17 44 27 36 M 29 0 0.00 M M 6.4 10 100 M M 5 M M
18 42 19 31 M 34 0 T M M 16.1 29 350 M M 3 38 350
19 39 17 28 M 37 0 0.00 M M 4.4 8 150 M M 0 M M
20 57 13 35 M 30 0 0.00 M M 6.3 14 80 M M 0 36 270
21 47 27 37 M 28 0 0.00 M M 6.1 28 270 M M 1 36 270
22 46 17 32 M 33 0 0.00 M M 6.2 12 110 M M 0 M M
23 44 19 32 M 33 0 0.00 M M 5.4 17 30 M M 4 21 30
24 37 21 29 M 36 0 0.00 M M 5.1 7 10 M M 6 M M
25 39 17 28 M 37 0 T M M 7.2 14 80 M M 7 17 90
26 24 10 17 M 48 0 T M M 7.5 13 120 M M 10 M M
27 34 11 23 M 42 0 0.01 M M 2.6 8 180 M M 5 M M
28 40 10 25 M 40 0 0.01 M M 3.9 7 310 M M 0 M M
29 58 18 38 M 27 0 0.00 M M 4.0 10 10 M M 0 M M
30 52 31 42 M 23 0 0.00 M M 14.4 25 320 M M 2 39 320
31 50 22 36 M 29 0 0.00 M M 4.2 7 10 M M 0 M M
================================================================================
SM 1358 576 1041 0 0.05 M 210.1 M 74
================================================================================
AV 43.8 18.6 6.8 FASTST M M 2 MAX(MPH)
MISC ----> # 37 330 # 51 290
================================================================================
NOTES:
# LAST OF SEVERAL OCCURRENCES
COLUMN 17 PEAK WIND IN M.P.H.
PRELIMINARY LOCAL CLIMATOLOGICAL DATA (WS FORM: F-6) , PAGE 2
STATION: FT COLLINS/LOVELAND CO
MONTH: JANUARY
YEAR: 2021
LATITUDE: 40 27 N
LONGITUDE: 105 1 W
[TEMPERATURE DATA] [PRECIPITATION DATA] SYMBOLS USED IN COLUMN 16
AVERAGE MONTHLY: 31.2 TOTAL FOR MONTH: 0.05 1 = FOG OR MIST
DPTR FM NORMAL: 0.0 DPTR FM NORMAL: M 2 = FOG REDUCING VISIBILITY
HIGHEST: 58 ON 29 GRTST 24HR 0.06 ON 25-26 TO 1/4 MILE OR LESS
LOWEST: 7 ON 11 3 = THUNDER
SNOW, ICE PELLETS, HAIL 4 = ICE PELLETS
TOTAL MONTH: M 5 = HAIL
GRTST 24HR M ON M 6 = FREEZING RAIN OR DRIZZLE
GRTST DEPTH: M ON M 7 = DUSTSTORM OR SANDSTORM:
VSBY 1/2 MILE OR LESS
8 = SMOKE OR HAZE
[NO. OF DAYS WITH] [WEATHER - DAYS WITH] 9 = BLOWING SNOW
X = TORNADO
MAX 32 OR BELOW: 2 0.01 INCH OR MORE: 4
MAX 90 OR ABOVE: 0 0.10 INCH OR MORE: 0
MIN 32 OR BELOW: 31 0.50 INCH OR MORE: 0
MIN 0 OR BELOW: 0 1.00 INCH OR MORE: 0
[HDD (BASE 65) ]
TOTAL THIS MO. 1041 CLEAR (SCALE 0-3) 22
DPTR FM NORMAL M PTCLDY (SCALE 4-7) 7
TOTAL FM JUL 1 3443 CLOUDY (SCALE 8-10) 2
DPTR FM NORMAL M
[CDD (BASE 65) ]
TOTAL THIS MO. 0
DPTR FM NORMAL M [PRESSURE DATA]
TOTAL FM JAN 1 0 HIGHEST SLP 30.55 ON 19
DPTR FM NORMAL M LOWEST SLP 29.51 ON 30
[REMARKS]
#FINAL-01-21#