000
CXUS52 KMLB 010653
CF6FPR
PRELIMINARY LOCAL CLIMATOLOGICAL DATA (WS FORM: F-6)
STATION: FORT PIERCE
MONTH: JULY
YEAR: 2022
LATITUDE: 27 30 N
LONGITUDE: 80 22 W
TEMPERATURE IN F: :PCPN: SNOW: WIND :SUNSHINE: SKY :PK WND
================================================================================
1 2 3 4 5 6A 6B 7 8 9 10 11 12 13 14 15 16 17 18
12Z AVG MX 2MIN
DY MAX MIN AVG DEP HDD CDD WTR SNW DPTH SPD SPD DIR MIN PSBL S-S WX SPD DR
================================================================================
1 88 73 81 0 0 16 0.00 0.0 0 7.6 18 120 M M 1 3 23 130
2 89 73 81 0 0 16 T 0.0 0 6.9 20 130 M M 1 3 26 150
3 92 75 84 3 0 19 0.00 0.0 0 3.1 9 200 M M 0 3 13 200
4 89 76 83 2 0 18 0.00 0.0 0 M M M M M 0 M M
5 88 76 82 1 0 17 0.00 0.0 0 M 21 100 M M 1 26 100
6 89 75 82 1 0 17 T 0.0 0 6.1 18 150 M M 2 3 24 150
7 90 74 82 1 0 17 T 0.0 0 6.9 18 130 M M 1 22 120
8 89 72 81 0 0 16 0.00 0.0 0 7.9 20 120 M M 1 13 24 100
9 92 75 84 3 0 19 0.06 0.0 0 7.0 21 120 M M 2 3 25 150
10 95 74 85 4 0 20 T 0.0 0 6.6 21 250 M M 2 13 28 240
11 94 74 84 3 0 19 0.00 0.0 0 6.3 21 130 M M 2 3 24 130
12 94 75 85 4 0 20 T 0.0 0 5.3 20 120 M M 2 3 25 150
13 92 74 83 2 0 18 0.00 0.0 0 5.9 17 130 M M 1 3 22 120
14 91 73 82 0 0 17 0.00 0.0 0 5.2 22 120 M M 2 3 25 130
15 89 70 80 -2 0 15 T 0.0 0 7.0 20 120 M M 2 24 80
16 89 73 81 -1 0 16 0.28 0.0 0 5.1 16 130 M M 3 13 22 120
17 89 74 82 0 0 17 0.13 0.0 0 3.3 18 120 M M 2 13 25 260
18 92 75 84 2 0 19 0.00 0.0 0 6.9 21 130 M M 3 26 130
19 91 77 84 2 0 19 0.00 0.0 0 7.4 20 130 M M 1 23 120
20 90 72 81 -1 0 16 0.00 0.0 0 6.8 17 110 M M 1 22 100
21 90 72 81 -1 0 16 T 0.0 0 7.8 17 120 M M 0 3 21 110
22 90 74 82 0 0 17 0.01 0.0 0 6.8 17 120 M M 1 13 22 120
23 90 75 83 1 0 18 0.00 0.0 0 7.5 21 130 M M 1 25 130
24 90 72 81 -1 0 16 0.03 0.0 0 8.1 22 150 M M 2 3 27 150
25 91 79 85 3 0 20 0.00 0.0 0 9.2 16 100 M M 1 22 140
26 91 75 83 1 0 18 0.22 0.0 0 7.6 25 130 M M 2 138 39 170
27 90 73 82 0 0 17 0.13 0.0 0 8.5 22 170 M M 2 18 27 140
28 89 70 80 -2 0 15 0.00 0.0 0 6.9 15 120 M M 0 1 19 100
29 90 72 81 -1 0 16 0.00 0.0 0 7.6 15 110 M M 1 20 110
30 90 72 81 -1 0 16 0.00 0.0 0 8.2 17 120 M M 1 22 110
31 90 75 83 1 0 18 0.00 0.0 0 8.4 18 110 M M 1 27 120
================================================================================
SM 2803 2289 0 538 0.86 0.0 197.9 M 42
================================================================================
AV 90.4 73.8 6.8 FASTST M M 1 MAX(MPH)
MISC ----> 25 130 39 170
================================================================================
NOTES:
# LAST OF SEVERAL OCCURRENCES
COLUMN 17 PEAK WIND IN M.P.H.
PRELIMINARY LOCAL CLIMATOLOGICAL DATA (WS FORM: F-6) , PAGE 2
STATION: FORT PIERCE
MONTH: JULY
YEAR: 2022
LATITUDE: 27 30 N
LONGITUDE: 80 22 W
[TEMPERATURE DATA] [PRECIPITATION DATA] SYMBOLS USED IN COLUMN 16
AVERAGE MONTHLY: 82.1 TOTAL FOR MONTH: 0.86 1 = FOG OR MIST
DPTR FM NORMAL: 0.7 DPTR FM NORMAL: -4.99 2 = FOG REDUCING VISIBILITY
HIGHEST: 95 ON 10 GRTST 24HR 1.80 ON 30- 1 TO 1/4 MILE OR LESS
LOWEST: 70 ON 28,15 3 = THUNDER
SNOW, ICE PELLETS, HAIL 4 = ICE PELLETS
TOTAL MONTH: 0.0 INCH 5 = HAIL
GRTST 24HR 0.0 6 = FREEZING RAIN OR DRIZZLE
GRTST DEPTH: 0 7 = DUSTSTORM OR SANDSTORM:
VSBY 1/2 MILE OR LESS
8 = SMOKE OR HAZE
[NO. OF DAYS WITH] [WEATHER - DAYS WITH] 9 = BLOWING SNOW
X = TORNADO
MAX 32 OR BELOW: 0 0.01 INCH OR MORE: 7
MAX 90 OR ABOVE: 21 0.10 INCH OR MORE: 4
MIN 32 OR BELOW: 0 0.50 INCH OR MORE: 0
MIN 0 OR BELOW: 0 1.00 INCH OR MORE: 0
[HDD (BASE 65) ]
TOTAL THIS MO. 0 CLEAR (SCALE 0-3) 31
DPTR FM NORMAL 0 PTCLDY (SCALE 4-7) 0
TOTAL FM JUL 1 0 CLOUDY (SCALE 8-10) 0
DPTR FM NORMAL 0
[CDD (BASE 65) ]
TOTAL THIS MO. 538
DPTR FM NORMAL 28 [PRESSURE DATA]
TOTAL FM JAN 1 2071 HIGHEST SLP M ON M
DPTR FM NORMAL 291 LOWEST SLP 29.90 ON 11
[REMARKS]
#FINAL-07-22#
USED FPCF1 FOR MAX TEMP ON 7/3-4 & MIN TEMP ON 7/4-5 DUE TO ASOS ISSUES