000
CXUS54 KTSA 171609
CF6FSM
PRELIMINARY LOCAL CLIMATOLOGICAL DATA (WS FORM: F-6)
STATION: FORT SMITH ARKANSAS
MONTH: JUNE
YEAR: 2023
LATITUDE: 35 19 N
LONGITUDE: 94 22 W
TEMPERATURE IN F: :PCPN: SNOW: WIND :SUNSHINE: SKY :PK WND
================================================================================
1 2 3 4 5 6A 6B 7 8 9 10 11 12 13 14 15 16 17 18
12Z AVG MX 2MIN
DY MAX MIN AVG DEP HDD CDD WTR SNW DPTH SPD SPD DIR MIN PSBL S-S WX SPD DR
================================================================================
1 91 66 79 4 0 14 0.00 0.0 0 4.9 13 110 M M 1 19 130
2 91 68 80 4 0 15 0.00 0.0 0 3.7 12 120 M M 1 17 90
3 90 67 79 3 0 14 0.42 0.0 0 5.8 21 180 M M 3 13 31 170
4 87 66 77 1 0 12 0.00 0.0 0 1.0 6 80 M M 0 M M
5 93 66 80 4 0 15 T 0.0 0 4.0 24 320 M M 2 13 32 20
6 92 67 80 3 0 15 0.00 0.0 0 3.5 17 360 M M 0 38 21 360
7 92 68 80 3 0 15 T 0.0 0 3.1 30 30 M M 0 138 41 30
8 94 68 81 4 0 16 0.00 0.0 0 4.5 15 80 M M 0 1 21 20
9 95 69 82 4 0 17 T 0.0 0 6.2 28 40 M M 1 3 39 40
10 78 68 73 -5 0 8 1.13 0.0 0 5.6 18 330 M M 3 13 29 300
11 91 66 79 1 0 14 0.00 0.0 0 9.1 21 10 M M 2 1 27 10
12 76 65 71 -7 0 6 0.01 0.0 0 5.6 14 20 M M 1 18 100
13 87 64 76 -2 0 11 0.00 0.0 0 3.3 10 160 M M 6 18 13 140
14 90 70 80 1 0 15 0.00 0.0 0 4.4 15 60 M M 4 19 70
15 92 70 81 2 0 16 0.00 0.0 0 3.4 21 250 M M 1 33 240
16 86 70 78 -1 0 13 0.25 0.0 0 4.2 22 310 M M 2 13 32 300
17 91 67 79 0 0 14 0.07 0.0 0 5.3 10 90 M M 1 20 90
18 86 68 77 -3 0 12 0.25 0.0 0 8.7 39 310 M M 4 13 52 310
19 94 66 80 0 0 15 0.00 0.0 0 2.5 9 160 M M 0 12 170
20 94 72 83 3 0 18 0.00 0.0 0 7.5 15 70 M M 1 21 80
21 92 71 82 2 0 17 0.00 0.0 0 5.9 18 70 M M 1 8 23 80
22 90 75 83 3 0 18 0.00 0.0 0 6.3 14 80 M M 1 19 80
23 94 71 83 2 0 18 0.00 0.0 0 5.0 28 260 M M 1 34 270
24 95 70 83 2 0 18 0.02 0.0 0 6.6 15 220 M M 1 3 20 190
25 99 76 88 7 0 23 0.00 0.0 0 4.8 15 350 M M 2 20 340
26 98 73 86 5 0 21 0.00 0.0 0 4.0 13 360 M M 1 15 360
27 86 69 78 -3 0 13 0.66 0.0 0 6.5 39 300 M M 3 13 52 310
28 100 73 87 6 0 22 0.00 0.0 0 7.4 22 350 M M 0 30 360
29 102 74 88 6 0 23 0.00 0.0 0 4.8 14 220 M M 0 20 240
30 100 77 89 7 0 24 0.00 0.0 0 5.5 15 230 M M 1 21 230
================================================================================
SM 2746 2080 0 472 2.81 0.0 153.1 M 44
================================================================================
AV 91.5 69.3 5.1 FASTST M M 1 MAX(MPH)
MISC ----> # 39 310 # 52 310
================================================================================
NOTES:
# LAST OF SEVERAL OCCURRENCES
COLUMN 17 PEAK WIND IN M.P.H.
PRELIMINARY LOCAL CLIMATOLOGICAL DATA (WS FORM: F-6) , PAGE 2
STATION: FORT SMITH ARKANSAS
MONTH: JUNE
YEAR: 2023
LATITUDE: 35 19 N
LONGITUDE: 94 22 W
[TEMPERATURE DATA] [PRECIPITATION DATA] SYMBOLS USED IN COLUMN 16
AVERAGE MONTHLY: 80.4 TOTAL FOR MONTH: 2.81 1 = FOG OR MIST
DPTR FM NORMAL: 1.6 DPTR FM NORMAL: -1.75 2 = FOG REDUCING VISIBILITY
HIGHEST: 102 ON 29 GRTST 24HR 1.13 ON 9-10 TO 1/4 MILE OR LESS
LOWEST: 64 ON 13 3 = THUNDER
SNOW, ICE PELLETS, HAIL 4 = ICE PELLETS
TOTAL MONTH: 0.0 INCH 5 = HAIL
GRTST 24HR 0.0 6 = FREEZING RAIN OR DRIZZLE
GRTST DEPTH: 0 7 = DUSTSTORM OR SANDSTORM:
VSBY 1/2 MILE OR LESS
8 = SMOKE OR HAZE
[NO. OF DAYS WITH] [WEATHER - DAYS WITH] 9 = BLOWING SNOW
X = TORNADO
MAX 32 OR BELOW: 0 0.01 INCH OR MORE: 8
MAX 90 OR ABOVE: 23 0.10 INCH OR MORE: 5
MIN 32 OR BELOW: 0 0.50 INCH OR MORE: 2
MIN 0 OR BELOW: 0 1.00 INCH OR MORE: 1
[HDD (BASE 65) ]
TOTAL THIS MO. 0 CLEAR (SCALE 0-3) 26
DPTR FM NORMAL 0 PTCLDY (SCALE 4-7) 4
TOTAL FM JUL 1 2713 CLOUDY (SCALE 8-10) 0
DPTR FM NORMAL -383
[CDD (BASE 65) ]
TOTAL THIS MO. 472
DPTR FM NORMAL 56 [PRESSURE DATA]
TOTAL FM JAN 1 786 HIGHEST SLP 30.09 ON 27
DPTR FM NORMAL 102 LOWEST SLP 29.63 ON 18
[REMARKS]
#FINAL-06-23#