000
CXUS52 KFFC 011010
CF6FTY
PRELIMINARY LOCAL CLIMATOLOGICAL DATA (WS FORM: F-6)
STATION: FULTON COUNTY AIRPORT
MONTH: SEPTEMBER
YEAR: 2020
LATITUDE: 33 46 N
LONGITUDE: 84 31 W
TEMPERATURE IN F: :PCPN: SNOW: WIND :SUNSHINE: SKY :PK WND
================================================================================
1 2 3 4 5 6A 6B 7 8 9 10 11 12 13 14 15 16 17 18
12Z AVG MX 2MIN
DY MAX MIN AVG DEP HDD CDD WTR SNW DPTH SPD SPD DIR MIN PSBL S-S WX SPD DR
================================================================================
1 88 73 81 4 0 16 T M M 2.9 9 240 M M 1 17 230
2 89 73 81 4 0 16 0.00 M M 4.5 13 260 M M 3 18 17 210
3 92 71 82 6 0 17 0.00 M M 4.0 14 290 M M 0 19 290
4 91 71 81 5 0 16 0.00 M M 5.3 16 280 M M 1 20 280
5 88 66 77 1 0 12 0.00 M M 4.0 13 350 M M 0 18 360
6 85 61 73 -3 0 8 0.00 M M 3.3 13 50 M M 0 21 60
7 86 58 72 -3 0 7 0.00 M M 2.5 10 130 M M 0 14 90
8 86 64 75 0 0 10 0.00 M M 4.5 12 80 M M 3 16 70
9 85 63 74 -1 0 9 0.00 M M 4.0 15 70 M M 4 18 60
10 87 73 80 5 0 15 0.01 M M 4.5 12 50 M M 7 1 16 40
11 91 70 81 7 0 16 0.00 0.0 M 2.7 10 80 M M 2 14 40
12 86 73 80 6 0 15 0.06 0.0 M 5.3 16 70 M M 5 13 21 80
13 88 72 80 6 0 15 0.00 0.0 M 5.6 14 60 M M 5 18 60
14 87 72 80 6 0 15 T 0.0 M 5.3 10 60 M M 6 14 90
15 76 70 73 0 0 8 0.00 0.0 M 11.2 21 90 M M 7 27 70
16 71 63 67 -6 0 2 1.00 0.0 M 11.6 18 60 M M 9 1 25 80
17 74 66 70 -3 0 5 3.53 M M 9.1 23 60 M M 9 1 31 30
18 82 66 74 2 0 9 0.00 M M 2.9 13 320 M M 2 16 320
19 71 62 67 -5 0 2 0.00 M M 7.9 17 70 M M 4 22 80
20 72 56 64 -8 1 0 0.00 M M 10.2 18 70 M M 0 24 60
21 73 53 63 -8 2 0 0.00 M M 9.3 21 70 M M 0 8 28 70
22 72 50 61 -10 4 0 0.00 M M 2.6 12 80 M M 0 17 70
23 76 58 67 -4 0 2 0.00 0.0 M 1.7 9 270 M M 3 15 270
24 69 62 66 -4 0 1 0.78 M M 5.7 14 140 M M 9 1 21 120
25 77 69 73 3 0 8 0.27 M M 4.4 14 150 M M 10 1 19 150
26 81 65 73 3 0 8 0.00 M M 1.3 8 280 M M 7 1 10 290
27 82 64 73 4 0 8 0.02 M M 4.4 17 180 M M 7 22 180
28 84 68 76 7 0 11 0.12 M M 5.1 16 290 M M 8 13 22 290
29 68 53 61 -7 4 0 0.32 M M 4.9 15 300 M M 7 13 21 340
30 73 49 61 -7 4 0 0.00 M M 3.7 13 280 M M 0 21 300
================================================================================
SM 2430 1934 15 251 6.11 0.0 154.4 M 119
================================================================================
AV 81.0 64.5 5.1 FASTST M M 4 MAX(MPH)
MISC ----> 23 60 31 30
================================================================================
NOTES:
# LAST OF SEVERAL OCCURRENCES
COLUMN 17 PEAK WIND IN M.P.H.
PRELIMINARY LOCAL CLIMATOLOGICAL DATA (WS FORM: F-6) , PAGE 2
STATION: FULTON COUNTY AIRPORT
MONTH: SEPTEMBER
YEAR: 2020
LATITUDE: 33 46 N
LONGITUDE: 84 31 W
[TEMPERATURE DATA] [PRECIPITATION DATA] SYMBOLS USED IN COLUMN 16
AVERAGE MONTHLY: 72.7 TOTAL FOR MONTH: 6.11 1 = FOG OR MIST
DPTR FM NORMAL: -0.1 DPTR FM NORMAL: 2.13 2 = FOG REDUCING VISIBILITY
HIGHEST: 92 ON 3 GRTST 24HR 4.26 ON 16-17 TO 1/4 MILE OR LESS
LOWEST: 49 ON 30 3 = THUNDER
SNOW, ICE PELLETS, HAIL 4 = ICE PELLETS
TOTAL MONTH: 0.0 INCH 5 = HAIL
GRTST 24HR 0.0 6 = FREEZING RAIN OR DRIZZLE
GRTST DEPTH: M ON M 7 = DUSTSTORM OR SANDSTORM:
VSBY 1/2 MILE OR LESS
8 = SMOKE OR HAZE
[NO. OF DAYS WITH] [WEATHER - DAYS WITH] 9 = BLOWING SNOW
X = TORNADO
MAX 32 OR BELOW: 0 0.01 INCH OR MORE: 9
MAX 90 OR ABOVE: 3 0.10 INCH OR MORE: 6
MIN 32 OR BELOW: 0 0.50 INCH OR MORE: 3
MIN 0 OR BELOW: 0 1.00 INCH OR MORE: 2
[HDD (BASE 65) ]
TOTAL THIS MO. 15 CLEAR (SCALE 0-3) 14
DPTR FM NORMAL 5 PTCLDY (SCALE 4-7) 12
TOTAL FM JUL 1 15 CLOUDY (SCALE 8-10) 4
DPTR FM NORMAL 6
[CDD (BASE 65) ]
TOTAL THIS MO. 251
DPTR FM NORMAL 7 [PRESSURE DATA]
TOTAL FM JAN 1 1755 HIGHEST SLP 30.40 ON 21
DPTR FM NORMAL 74 LOWEST SLP 29.72 ON 17
[REMARKS]
#FINAL-09-20#