000
CXUS52 KFFC 231010
CF6FTY
PRELIMINARY LOCAL CLIMATOLOGICAL DATA (WS FORM: F-6)
STATION: FULTON COUNTY AIRPORT
MONTH: APRIL
YEAR: 2024
LATITUDE: 33 46 N
LONGITUDE: 84 31 W
TEMPERATURE IN F: :PCPN: SNOW: WIND :SUNSHINE: SKY :PK WND
================================================================================
1 2 3 4 5 6A 6B 7 8 9 10 11 12 13 14 15 16 17 18
12Z AVG MX 2MIN
DY MAX MIN AVG DEP HDD CDD WTR SNW DPTH SPD SPD DIR MIN PSBL S-S WX SPD DR
================================================================================
1 77 60 69 11 0 4 T M M 5.2 13 210 M M 6 20 210
2 81 64 73 15 0 8 0.55 M M 8.5 17 190 M M 5 13 26 210
3 67 49 58 -1 7 0 0.28 M M 11.1 22 290 M M 6 13 35 290
4 65 44 55 -4 10 0 0.00 M M 10.3 28 290 M M 1 42 310
5 62 39 51 -8 14 0 0.00 M M 7.1 20 310 M M 0 25 340
6 66 39 53 -6 12 0 0.00 M M 4.3 14 300 M M 0 29 130
7 74 37 56 -4 9 0 0.00 M M 3.8 13 70 M M 0 18 18 80
8 77 49 63 3 2 0 T M M 3.3 14 190 M M 4 20 160
9 66 56 61 1 4 0 0.66 M M 3.5 13 40 M M 9 1 17 110
10 73 59 66 6 0 1 0.27 M M 6.9 32 120 M M 8 1 53 130
11 75 54 65 4 0 0 0.22 M M 11.6 25 250 M M 8 1 48 250
12 68 51 60 -1 5 0 T M M 13.0 31 280 M M 1 46 280
13 78 41 60 -1 5 0 0.00 M M 5.4 22 300 M M 0 30 290
14 85 47 66 5 0 1 0.00 M M 3.5 16 280 M M 0 23 230
15 84 51 68 6 0 3 0.00 M M 3.6 13 220 M M 0 20 200
16 85 55 70 8 0 5 0.00 M M 3.5 13 180 M M 0 18 140
17 78 61 70 8 0 5 0.16 M M 4.0 15 200 M M 2 13 24 240
18 85 55 70 8 0 5 0.00 M M 2.2 10 230 M M 2 12 15 260
19 84 65 75 13 0 10 0.10 M M 4.0 10 290 M M 6 1 17 320
20 77 56 67 4 0 2 0.37 M M 5.3 15 300 M M 4 13 21 310
21 59 46 53 -10 12 0 0.34 M M 6.0 18 340 M M 7 1 25 340
22 67 42 55 -8 10 0 0.00 M M 3.4 13 300 M M 0 19 320
================================================================================
SM 1633 1120 90 44 2.95 M 129.5 M 69
================================================================================
AV 74.2 50.9 5.9 FASTST M M 3 MAX(MPH)
MISC ----> 32 120 53 130
================================================================================
NOTES:
# LAST OF SEVERAL OCCURRENCES
COLUMN 17 PEAK WIND IN M.P.H.
PRELIMINARY LOCAL CLIMATOLOGICAL DATA (WS FORM: F-6) , PAGE 2
STATION: FULTON COUNTY AIRPORT
MONTH: APRIL
YEAR: 2024
LATITUDE: 33 46 N
LONGITUDE: 84 31 W
[TEMPERATURE DATA] [PRECIPITATION DATA] SYMBOLS USED IN COLUMN 16
AVERAGE MONTHLY: 62.6 TOTAL FOR MONTH: 2.95 1 = FOG OR MIST
DPTR FM NORMAL: 1.9 DPTR FM NORMAL: 0.24 2 = FOG REDUCING VISIBILITY
HIGHEST: 85 ON 18,16 GRTST 24HR 0.83 ON 2- 3 TO 1/4 MILE OR LESS
LOWEST: 37 ON 7 3 = THUNDER
SNOW, ICE PELLETS, HAIL 4 = ICE PELLETS
TOTAL MONTH: M 5 = HAIL
GRTST 24HR M ON M 6 = FREEZING RAIN OR DRIZZLE
GRTST DEPTH: M ON M 7 = DUSTSTORM OR SANDSTORM:
VSBY 1/2 MILE OR LESS
8 = SMOKE OR HAZE
[NO. OF DAYS WITH] [WEATHER - DAYS WITH] 9 = BLOWING SNOW
X = TORNADO
MAX 32 OR BELOW: 0 0.01 INCH OR MORE: 9
MAX 90 OR ABOVE: 0 0.10 INCH OR MORE: 9
MIN 32 OR BELOW: 0 0.50 INCH OR MORE: 2
MIN 0 OR BELOW: 0 1.00 INCH OR MORE: 0
[HDD (BASE 65) ]
TOTAL THIS MO. 90 CLEAR (SCALE 0-3) 12
DPTR FM NORMAL -29 PTCLDY (SCALE 4-7) 8
TOTAL FM JUL 1 2389 CLOUDY (SCALE 8-10) 2
DPTR FM NORMAL -336
[CDD (BASE 65) ]
TOTAL THIS MO. 44
DPTR FM NORMAL 19 [PRESSURE DATA]
TOTAL FM JAN 1 46 HIGHEST SLP M ON M
DPTR FM NORMAL 11 LOWEST SLP 29.40 ON 3
[REMARKS]