000
CXUS56 KSGX 011045
CF6FUL
PRELIMINARY LOCAL CLIMATOLOGICAL DATA (WS FORM: F-6)
STATION: FULLERTON AIRPORT CA
MONTH: APRIL
YEAR: 2021
LATITUDE: 33 52 N
LONGITUDE: 117 58 W
TEMPERATURE IN F: :PCPN: SNOW: WIND :SUNSHINE: SKY :PK WND
================================================================================
1 2 3 4 5 6A 6B 7 8 9 10 11 12 13 14 15 16 17 18
12Z AVG MX 2MIN
DY MAX MIN AVG DEP HDD CDD WTR SNW DPTH SPD SPD DIR MIN PSBL S-S WX SPD DR
================================================================================
1 92 57 75 14 0 10 0.00 M M 4.0 13 120 M M 1 16 280
2 75 55 65 4 0 0 0.00 M M 3.9 12 220 M M 1 8 16 220
3 78 56 67 6 0 2 0.00 M M 3.1 13 210 M M 5 8 17 210
4 78 51 65 4 0 0 0.00 M M 3.6 12 170 M M 2 1 16 200
5 72 56 64 3 1 0 0.00 M M 4.9 14 200 M M 3 17 200
6 74 55 65 4 0 0 0.00 M M 3.4 12 210 M M 4 8 15 200
7 79 54 67 6 0 2 0.00 M M 2.7 12 180 M M 0 8 16 190
8 76 57 67 5 0 2 0.00 M M 3.8 12 180 M M 0 17 210
9 77 54 66 4 0 1 0.00 M M 3.1 10 210 M M 0 18 16 190
10 77 55 66 4 0 1 0.00 M M 5.2 12 190 M M 3 17 170
11 75 59 67 5 0 2 0.00 M M 4.5 10 190 M M 7 8 16 200
12 70 59 65 3 0 0 0.00 M M 4.1 12 200 M M 10 16 190
13 66 58 62 0 3 0 T M M 6.2 13 200 M M 10 1 21 190
14 68 54 61 -1 4 0 0.00 M M 4.8 14 190 M M 5 8 19 210
15 70 49 60 -2 5 0 0.00 M M 4.0 13 200 M M 0 8 18 210
16 72 52 62 -1 3 0 0.00 M M 4.4 14 190 M M 2 18 17 200
17 75 57 66 3 0 1 0.00 M M 3.5 12 200 M M 4 16 180
18 90 53 72 9 0 7 0.00 M M 3.7 17 240 M M 0 24 260
19 86 54 70 7 0 5 0.00 M M 4.0 13 200 M M 0 8 17 190
20 73 58 66 3 0 1 0.00 M M 6.4 13 200 M M 5 1 20 210
21 69 59 64 1 1 0 0.00 M M 6.5 14 190 M M 10 19 190
22 66 59 63 -1 2 0 0.00 M M 3.5 9 240 M M 10 14 230
23 68 59 64 0 1 0 0.00 M M 3.8 12 200 M M 9 16 200
24 71 56 64 0 1 0 0.00 M M 3.5 10 260 M M 7 18 240
25 70 57 64 0 1 0 T M M 5.4 14 240 M M 7 17 260
26 69 56 63 -1 2 0 T M M 6.2 17 190 M M 8 22 180
27 69 54 62 -2 3 0 0.00 M M 5.5 13 200 M M 4 18 210
28 86 51 69 5 0 4 0.00 M M 3.7 13 290 M M 0 8 19 260
29 95 56 76 11 0 11 0.00 M M 2.3 13 280 M M 0 18 300
30 91 58 75 10 0 10 0.00 M M 3.8 12 180 M M 0 16 190
================================================================================
SM 2277 1668 27 59 T M 127.5 M 117
================================================================================
AV 75.9 55.6 4.3 FASTST M M 4 MAX(MPH)
MISC ----> # 17 240 24 260
================================================================================
NOTES:
# LAST OF SEVERAL OCCURRENCES
COLUMN 17 PEAK WIND IN M.P.H.
PRELIMINARY LOCAL CLIMATOLOGICAL DATA (WS FORM: F-6) , PAGE 2
STATION: FULLERTON AIRPORT CA
MONTH: APRIL
YEAR: 2021
LATITUDE: 33 52 N
LONGITUDE: 117 58 W
[TEMPERATURE DATA] [PRECIPITATION DATA] SYMBOLS USED IN COLUMN 16
AVERAGE MONTHLY: 65.8 TOTAL FOR MONTH: T 1 = FOG OR MIST
DPTR FM NORMAL: 3.2 DPTR FM NORMAL: -0.87 2 = FOG REDUCING VISIBILITY
HIGHEST: 95 ON 29 GRTST 24HR T ON 13-13 TO 1/4 MILE OR LESS
LOWEST: 49 ON 15 3 = THUNDER
SNOW, ICE PELLETS, HAIL 4 = ICE PELLETS
TOTAL MONTH: M 5 = HAIL
GRTST 24HR M ON M 6 = FREEZING RAIN OR DRIZZLE
GRTST DEPTH: M ON M 7 = DUSTSTORM OR SANDSTORM:
VSBY 1/2 MILE OR LESS
8 = SMOKE OR HAZE
[NO. OF DAYS WITH] [WEATHER - DAYS WITH] 9 = BLOWING SNOW
X = TORNADO
MAX 32 OR BELOW: 0 0.01 INCH OR MORE: 0
MAX 90 OR ABOVE: 4 0.10 INCH OR MORE: 0
MIN 32 OR BELOW: 0 0.50 INCH OR MORE: 0
MIN 0 OR BELOW: 0 1.00 INCH OR MORE: 0
[HDD (BASE 65) ]
TOTAL THIS MO. 27 CLEAR (SCALE 0-3) 14
DPTR FM NORMAL -75 PTCLDY (SCALE 4-7) 11
TOTAL FM JUL 1 810 CLOUDY (SCALE 8-10) 5
DPTR FM NORMAL -384
[CDD (BASE 65) ]
TOTAL THIS MO. 59
DPTR FM NORMAL 29 [PRESSURE DATA]
TOTAL FM JAN 1 96 HIGHEST SLP 30.12 ON 29
DPTR FM NORMAL 44 LOWEST SLP 29.70 ON 11
[REMARKS]
#FINAL-04-21#