000
CXUS51 KCAR 010700
CF6FVE
PRELIMINARY LOCAL CLIMATOLOGICAL DATA (WS FORM: F-6)
STATION: FRENCHVILLE ME
MONTH: FEBRUARY
YEAR: 2023
LATITUDE: 47 16 N
LONGITUDE: 68 19 W
TEMPERATURE IN F: :PCPN: SNOW: WIND :SUNSHINE: SKY :PK WND
================================================================================
1 2 3 4 5 6A 6B 7 8 9 10 11 12 13 14 15 16 17 18
12Z AVG MX 2MIN
DY MAX MIN AVG DEP HDD CDD WTR SNW DPTH SPD SPD DIR MIN PSBL S-S WX SPD DR
================================================================================
1 13 -9 2 -9 63 0 0.00 M M 4.6 10 200 M M 1 15 210
2 21 -2 10 -1 55 0 0.00 M M 9.6 20 150 M M 7 1 27 150
3 19 -23 -2 -13 67 0 T M M 22.4 40 290 M M 8 19 53 280
4 -5 -23 -14 -25 79 0 T M M 22.8 39 290 M M 4 9 61 300
5 13 -12 1 -10 64 0 T M M 8.2 13 130 M M 10 1 18 160
6 19 -2 9 -2 56 0 0.01 M M 8.3 22 320 M M 5 1 27 320
7 20 -4 8 -4 57 0 T M M 10.1 25 150 M M 1 37 130
8 33 13 23 11 42 0 T M M 12.4 25 310 M M 7 18 39 300
9 22 5 14 2 51 0 0.02 M M 6.9 18 330 M M 3 1 24 330
10 22 15 19 7 46 0 0.28 M M 9.8 24 330 M M 10 12 32 310
11 19 11 15 2 50 0 T M M 10.7 22 320 M M 5 18 32 310
12 34 17 26 13 39 0 0.00 M M 9.2 17 270 M M 10 24 270
13 27 20 24 11 41 0 0.00 M M 6.9 14 70 M M 10 23 60
14 28 16 22 8 43 0 T M M 6.4 16 290 M M 6 18 21 320
15 36 13 25 11 40 0 0.01 M M 10.5 18 150 M M 4 1 27 170
16 43 20 32 18 33 0 0.01 M M 13.4 26 270 M M 8 1 38 270
17 20 1 11 -3 54 0 0.33 M M 11.6 22 340 M M 9 128 30 350
18 19 -5 7 -8 58 0 0.00 M M 8.3 18 240 M M 4 26 240
19 31 14 23 8 42 0 T M M 9.3 20 150 M M 3 18 29 150
20 39 10 25 9 40 0 T M M 11.3 24 330 M M 9 18 34 310
21 17 -2 8 -8 57 0 T M M 7.4 21 320 M M 3 29 330
22 19 10 15 -1 50 0 T M M 12.8 22 290 M M 7 1 31 310
23 9 -4 3 -14 62 0 0.01 M M 5.9 14 350 M M 6 8 18 360
24 7 -4 2 -15 63 0 T M M 10.5 17 320 M M 4 30 320
25 9 -11 -1 -18 66 0 0.00 M M 8.1 20 320 M M 2 31 320
26 11 -11 0 -18 65 0 0.00 M M 4.7 10 80 M M 3 13 70
27 20 -4 8 -10 57 0 0.00 M M 4.4 10 300 M M 2 1 16 310
28 22 2 12 -6 53 0 T M M 11.9 21 150 M M 5 1 27 150
================================================================================
SM 587 51 1493 0 0.67 M 278.4 M 156
================================================================================
AV 21.0 1.8 9.9 FASTST M M 6 MAX(MPH)
MISC ----> 40 290 61 300
================================================================================
NOTES:
# LAST OF SEVERAL OCCURRENCES
COLUMN 17 PEAK WIND IN M.P.H.
PRELIMINARY LOCAL CLIMATOLOGICAL DATA (WS FORM: F-6) , PAGE 2
STATION: FRENCHVILLE ME
MONTH: FEBRUARY
YEAR: 2023
LATITUDE: 47 16 N
LONGITUDE: 68 19 W
[TEMPERATURE DATA] [PRECIPITATION DATA] SYMBOLS USED IN COLUMN 16
AVERAGE MONTHLY: 11.4 TOTAL FOR MONTH: 0.67 1 = FOG OR MIST
DPTR FM NORMAL: -2.6 DPTR FM NORMAL: -0.20 2 = FOG REDUCING VISIBILITY
HIGHEST: 43 ON 16 GRTST 24HR 0.33 ON 17-17 TO 1/4 MILE OR LESS
LOWEST: -23 ON 4, 3 3 = THUNDER
SNOW, ICE PELLETS, HAIL 4 = ICE PELLETS
TOTAL MONTH: M 5 = HAIL
GRTST 24HR M ON M 6 = FREEZING RAIN OR DRIZZLE
GRTST DEPTH: M ON M 7 = DUSTSTORM OR SANDSTORM:
VSBY 1/2 MILE OR LESS
8 = SMOKE OR HAZE
[NO. OF DAYS WITH] [WEATHER - DAYS WITH] 9 = BLOWING SNOW
X = TORNADO
MAX 32 OR BELOW: 23 0.01 INCH OR MORE: 7
MAX 90 OR ABOVE: 0 0.10 INCH OR MORE: 2
MIN 32 OR BELOW: 28 0.50 INCH OR MORE: 0
MIN 0 OR BELOW: 14 1.00 INCH OR MORE: 0
[HDD (BASE 65) ]
TOTAL THIS MO. 1493 CLEAR (SCALE 0-3) 6
DPTR FM NORMAL 65 PTCLDY (SCALE 4-7) 15
TOTAL FM JUL 1 5944 CLOUDY (SCALE 8-10) 7
DPTR FM NORMAL -630
[CDD (BASE 65) ]
TOTAL THIS MO. 0
DPTR FM NORMAL 0 [PRESSURE DATA]
TOTAL FM JAN 1 0 HIGHEST SLP 30.45 ON 7
DPTR FM NORMAL 0 LOWEST SLP 29.29 ON 3
[REMARKS]
#FINAL-02-23#