000
CXUS51 KCAR 021849
CLMFVE
CLIMATE REPORT
NATIONAL WEATHER SERVICE CARIBOU ME
249 PM EDT SAT SEP 02 2023
...................................
...THE FRENCHVILLE ME CLIMATE SUMMARY FOR THE MONTH OF AUGUST 2023...
CLIMATE NORMAL PERIOD: 1991 TO 2020
CLIMATE RECORD PERIOD: 9999 TO 9999
WEATHER OBSERVED NORMAL DEPART LAST YEAR`S
VALUE DATE(S) VALUE FROM VALUE DATE(S)
NORMAL
................................................................
TEMPERATURE (F)
RECORD
HIGH MM MM
LOW 42 08/28/2021
HIGHEST 76 08/20 MM MM 85 08/20
08/21
08/30
LOWEST 46 08/23 MM MM 46 08/28
AVG. MAXIMUM 69.7 74.3 -4.6 75.3
AVG. MINIMUM 54.5 54.8 -0.3 55.6
MEAN 62.1 64.6 -2.5 65.5
DAYS MAX >= 90 0 0.3 -0.3 0
DAYS MAX <= 32 0 0.0 0.0 0
DAYS MIN <= 32 0 0.0 0.0 0
DAYS MIN <= 0 0 0.0 0.0 0
PRECIPITATION (INCHES)
RECORD
MAXIMUM 3.43 2022
MINIMUM 1.57 2021
TOTALS 6.98 3.77 3.21 3.43
DAILY AVG. 0.23 0.12 0.11 0.11
DAYS >= .01 16 14.3 1.7 13
DAYS >= .10 10 7.3 2.7 9
DAYS >= .50 5 2.4 2.6 3
DAYS >= 1.00 2 0.7 1.3 0
GREATEST
24 HR. TOTAL 1.85 08/08 TO 08/09 0.93 08/08 TO 08/09
STORM TOTAL 1.57 0.70
(MM/DD(HH)) MM
SNOWFALL (INCHES)
RECORDS
TOTAL MM MM
TOTALS MM MM MM MM
SINCE 7/1 MM MM MM MM
SNOWDEPTH AVG. MM MM
DAYS >= 1.0 MM MM MM MM
GREATEST
SNOW DEPTH MM MM MM
24 HR TOTAL MM MM
DEGREE DAYS
HEATING TOTAL 97 79 18 48
SINCE 7/1 109 129 -20 MM
COOLING TOTAL 15 65 -50 71
SINCE 1/1 280 191 89 MM
................................................................
WIND (MPH)
AVERAGE WIND SPEED 8.1
HIGHEST WIND SPEED/DIRECTION 24/310 DATE 08/21
24/170 08/25
24/330 08/31
HIGHEST GUST SPEED/DIRECTION 36/330 DATE 08/31
SKY COVER
POSSIBLE SUNSHINE (PERCENT) MM
AVERAGE SKY COVER 0.61
NUMBER OF DAYS FAIR 6
NUMBER OF DAYS PC 14
NUMBER OF DAYS CLOUDY 11
AVERAGE RH (PERCENT) 78
WEATHER CONDITIONS. NUMBER OF DAYS WITH
THUNDERSTORM 3 MIXED PRECIP 0
HEAVY RAIN 8 RAIN 6
LIGHT RAIN 19 FREEZING RAIN 0
LT FREEZING RAIN 0 HAIL 0
HEAVY SNOW 0 SNOW 0
LIGHT SNOW 0 SLEET 0
FOG 21 FOG W/VIS <= 1/4 MILE 7
HAZE 2
- INDICATES NEGATIVE NUMBERS.
* INDICATES RECORD WAS SET OR TIED.
MM INDICATES DATA IS MISSING.
T INDICATES TRACE AMOUNT.
$$