000
CXUS53 KIWX 010810
CF6FWA
PRELIMINARY LOCAL CLIMATOLOGICAL DATA (WS FORM: F-6)
STATION: FORT WAYNE
MONTH: JUNE
YEAR: 2021
LATITUDE: 41 0 N
LONGITUDE: 85 12 W
TEMPERATURE IN F: :PCPN: SNOW: WIND :SUNSHINE: SKY :PK WND
================================================================================
1 2 3 4 5 6A 6B 7 8 9 10 11 12 13 14 15 16 17 18
12Z AVG MX 2MIN
DY MAX MIN AVG DEP HDD CDD WTR SNW DPTH SPD SPD DIR MIN PSBL S-S WX SPD DR
================================================================================
1 75 57 66 -1 0 1 T 0.0 0 2.8 9 230 M M 9 12 240
2 65 60 63 -4 2 0 0.54 0.0 0 6.2 13 150 M M 10 1 18 150
3 80 59 70 3 0 5 0.00 0.0 0 4.6 9 340 M M 7 1 15 320
4 87 60 74 6 0 9 T 0.0 0 11.6 23 250 M M 5 29 260
5 87 61 74 6 0 9 0.00 0.0 0 11.9 21 230 M M 2 29 240
6 87 62 75 7 0 10 0.01 0.0 0 8.4 24 190 M M 5 31 200
7 79 68 74 6 0 9 0.24 0.0 0 7.4 18 270 M M 9 13 25 220
8 82 67 75 6 0 10 1.27 0.0 0 6.1 18 230 M M 7 13 29 220
9 83 66 75 6 0 10 T 0.0 0 4.8 13 140 M M 6 1 18 120
10 86 67 77 8 0 12 0.00 0.0 0 5.3 17 50 M M 5 22 50
11 89 67 78 8 0 13 T 0.0 0 5.3 12 20 M M 4 20 350
12 92 67 80 10 0 15 0.00 0.0 0 4.4 21 250 M M 6 1 27 250
13 86 63 75 5 0 10 0.00 0.0 0 8.7 18 360 M M 3 25 10
14 82 60 71 0 0 6 0.00 0.0 0 9.4 21 10 M M 3 34 360
15 81 58 70 -1 0 5 0.00 0.0 0 8.1 20 350 M M 3 25 20
16 77 55 66 -5 0 1 0.00 0.0 0 M 8 30 M M 3 M M
17 87 54 71 0 0 6 0.00 0.0 0 4.1 13 250 M M 2 16 230
18 85 64 75 3 0 10 1.28 0.0 0 7.7 35 350 M M 8 138 48 350
19 82 69 76 4 0 11 0.01 0.0 0 12.7 26 200 M M 8 13 34 200
20 88 68 78 6 0 13 T 0.0 0 9.0 17 200 M M 8 3 26 210
21 78 57 68 -4 0 3 0.71 0.0 0 11.5 29 320 M M 9 13 43 320
22 70 49 60 -12 5 0 0.00 0.0 0 5.3 17 260 M M 4 24 280
23 76 54 65 -8 0 0 T 0.0 0 9.0 18 190 M M 7 26 230
24 84 57 71 -2 0 6 0.00 0.0 0 10.7 24 200 M M 7 32 200
25 78 70 74 1 0 9 1.47 0.0 0 11.5 26 190 M M 10 13 33 180
26 84 71 78 5 0 13 0.14 0.0 0 16.4 33 220 M M 9 13 43 230
27 86 73 80 7 0 15 0.08 0.0 0 13.4 25 220 M M 8 13 34 220
28 89 70 80 7 0 15 0.00 0.0 0 6.6 16 190 M M 5 21 230
29 91 71 81 7 0 16 0.00 0.0 0 6.1 21 290 M M 6 3 31 260
30 80 71 76 2 0 11 0.16 0.0 0 6.5 24 220 M M 8 1 32 220
================================================================================
SM 2476 1895 7 253 5.91 0.0 235.5 M 186
================================================================================
AV 82.5 63.2 8.1 FASTST M M 6 MAX(MPH)
MISC ----> 35 350 48 350
================================================================================
NOTES:
# LAST OF SEVERAL OCCURRENCES
COLUMN 17 PEAK WIND IN M.P.H.
PRELIMINARY LOCAL CLIMATOLOGICAL DATA (WS FORM: F-6) , PAGE 2
STATION: FORT WAYNE
MONTH: JUNE
YEAR: 2021
LATITUDE: 41 0 N
LONGITUDE: 85 12 W
[TEMPERATURE DATA] [PRECIPITATION DATA] SYMBOLS USED IN COLUMN 16
AVERAGE MONTHLY: 72.9 TOTAL FOR MONTH: 5.91 1 = FOG OR MIST
DPTR FM NORMAL: 2.2 DPTR FM NORMAL: 1.43 2 = FOG REDUCING VISIBILITY
HIGHEST: 92 ON 12 GRTST 24HR 1.47 ON 25-25 TO 1/4 MILE OR LESS
LOWEST: 49 ON 22 3 = THUNDER
SNOW, ICE PELLETS, HAIL 4 = ICE PELLETS
TOTAL MONTH: 0.0 INCH 5 = HAIL
GRTST 24HR 0.0 6 = FREEZING RAIN OR DRIZZLE
GRTST DEPTH: 0 7 = DUSTSTORM OR SANDSTORM:
VSBY 1/2 MILE OR LESS
8 = SMOKE OR HAZE
[NO. OF DAYS WITH] [WEATHER - DAYS WITH] 9 = BLOWING SNOW
X = TORNADO
MAX 32 OR BELOW: 0 0.01 INCH OR MORE: 11
MAX 90 OR ABOVE: 2 0.10 INCH OR MORE: 8
MIN 32 OR BELOW: 0 0.50 INCH OR MORE: 5
MIN 0 OR BELOW: 0 1.00 INCH OR MORE: 3
[HDD (BASE 65) ]
TOTAL THIS MO. 7 CLEAR (SCALE 0-3) 5
DPTR FM NORMAL -17 PTCLDY (SCALE 4-7) 17
TOTAL FM JUL 1 5720 CLOUDY (SCALE 8-10) 8
DPTR FM NORMAL -245
[CDD (BASE 65) ]
TOTAL THIS MO. 253
DPTR FM NORMAL 59 [PRESSURE DATA]
TOTAL FM JAN 1 330 HIGHEST SLP 30.25 ON 1
DPTR FM NORMAL 66 LOWEST SLP 29.53 ON 21
[REMARKS]
#FINAL-06-21#