000
CXUS53 KUNR 011030
CF6GCC
PRELIMINARY LOCAL CLIMATOLOGICAL DATA (WS FORM: F-6)
STATION: GILLETTE AIRPORT WY
MONTH: DECEMBER
YEAR: 2021
LATITUDE: 44 20 N
LONGITUDE: 105 32 W
TEMPERATURE IN F: :PCPN: SNOW: WIND :SUNSHINE: SKY :PK WND
================================================================================
1 2 3 4 5 6A 6B 7 8 9 10 11 12 13 14 15 16 17 18
12Z AVG MX 2MIN
DY MAX MIN AVG DEP HDD CDD WTR SNW DPTH SPD SPD DIR MIN PSBL S-S WX SPD DR
================================================================================
1 75 43 59 31 6 0 0.00 M M 17.8 26 230 M M 0 34 230
2 68 28 48 20 17 0 0.00 M M 12.6 26 230 M M 0 33 220
3 50 24 37 10 28 0 0.00 M M 5.0 14 170 M M 5 16 160
4 54 21 38 11 27 0 0.00 M M 9.3 22 230 M M 4 1 28 230
5 37 5 21 -6 44 0 0.11 M M 17.6 35 310 M M 8 128 44 300
6 25 -1 12 -14 53 0 T M M 12.7 28 170 M M 5 1 34 170
7 35 20 28 2 37 0 T M M 8.9 20 200 M M 8 1 24 200
8 50 26 38 12 27 0 0.00 M M 13.4 29 320 M M 1 40 330
9 36 25 31 5 34 0 0.01 M M 5.9 22 300 M M 9 18 26 300
10 26 11 19 -7 46 0 0.40 M M 11.6 21 210 M M 6 128 25 210
11 32 15 24 -1 41 0 0.00 M M 30.2 40 230 M M 0 8 53 230
12 43 30 37 12 28 0 0.00 M M 30.8 41 230 M M 0 8 55 230
13 49 37 43 18 22 0 0.00 M M 27.5 43 220 M M 0 59 210
14 54 42 48 23 17 0 0.00 M M 25.4 41 220 M M 0 56 200
15 46 12 29 4 36 0 0.05 M M 18.9 32 320 M M 6 128 43 310
16 32 10 21 -4 44 0 0.00 M M 8.1 23 200 M M 0 28 200
17 26 -1 13 -12 52 0 0.01 M M 9.5 30 330 M M 4 18 36 330
18 35 6 21 -4 44 0 0.00 M M 14.6 25 220 M M 0 35 210
19 48 18 33 8 32 0 0.00 M M 22.5 38 220 M M 2 12 47 220
20 42 12 27 2 38 0 T M M 15.0 29 180 M M 6 1 38 220
21 47 20 34 9 31 0 0.00 M M 9.5 28 340 M M 2 38 340
22 55 33 44 19 21 0 0.00 M M 17.2 32 230 M M 1 40 230
23 54 35 45 20 20 0 0.00 M M 25.9 41 220 M M 0 54 210
24 44 18 31 6 34 0 T M M 9.5 31 210 M M 1 40 210
25 44 11 28 3 37 0 0.00 M M 12.5 35 250 M M 1 45 250
26 43 -1 21 -4 44 0 0.07 M M 18.2 29 320 M M 4 18 36 180
27 35 -11 12 -13 53 0 0.11 M M 9.8 36 220 M M 4 18 44 210
28 20 -3 9 -16 56 0 T M M 7.1 21 240 M M 4 23 240
29 11 -13 -1 -26 66 0 0.00 M M 4.1 14 340 M M 2 18 17 10
30 23 -12 6 -19 59 0 0.00 M M 4.2 16 360 M M 2 1 20 360
31 13 -6 4 -21 61 0 0.02 M M 8.9 16 350 M M 10 18 21 10
================================================================================
SM 1252 454 1155 0 0.78 M 444.2 M 95
================================================================================
AV 40.4 14.6 14.3 FASTST M M 3 MAX(MPH)
MISC ----> 43 220 59 210
================================================================================
NOTES:
# LAST OF SEVERAL OCCURRENCES
COLUMN 17 PEAK WIND IN M.P.H.
PRELIMINARY LOCAL CLIMATOLOGICAL DATA (WS FORM: F-6) , PAGE 2
STATION: GILLETTE AIRPORT WY
MONTH: DECEMBER
YEAR: 2021
LATITUDE: 44 20 N
LONGITUDE: 105 32 W
[TEMPERATURE DATA] [PRECIPITATION DATA] SYMBOLS USED IN COLUMN 16
AVERAGE MONTHLY: 27.5 TOTAL FOR MONTH: 0.78 1 = FOG OR MIST
DPTR FM NORMAL: 2.1 DPTR FM NORMAL: 0.42 2 = FOG REDUCING VISIBILITY
HIGHEST: 75 ON 1 GRTST 24HR 0.41 ON 9-10 TO 1/4 MILE OR LESS
LOWEST: -13 ON 29 3 = THUNDER
SNOW, ICE PELLETS, HAIL 4 = ICE PELLETS
TOTAL MONTH: M 5 = HAIL
GRTST 24HR M ON M 6 = FREEZING RAIN OR DRIZZLE
GRTST DEPTH: M ON M 7 = DUSTSTORM OR SANDSTORM:
VSBY 1/2 MILE OR LESS
8 = SMOKE OR HAZE
[NO. OF DAYS WITH] [WEATHER - DAYS WITH] 9 = BLOWING SNOW
X = TORNADO
MAX 32 OR BELOW: 9 0.01 INCH OR MORE: 8
MAX 90 OR ABOVE: 0 0.10 INCH OR MORE: 3
MIN 32 OR BELOW: 26 0.50 INCH OR MORE: 0
MIN 0 OR BELOW: 8 1.00 INCH OR MORE: 0
[HDD (BASE 65) ]
TOTAL THIS MO. 1155 CLEAR (SCALE 0-3) 17
DPTR FM NORMAL -71 PTCLDY (SCALE 4-7) 11
TOTAL FM JUL 1 2522 CLOUDY (SCALE 8-10) 3
DPTR FM NORMAL -519
[CDD (BASE 65) ]
TOTAL THIS MO. 0
DPTR FM NORMAL 0 [PRESSURE DATA]
TOTAL FM JAN 1 827 HIGHEST SLP 30.47 ON 17
DPTR FM NORMAL 308 LOWEST SLP 29.14 ON 23
[REMARKS]
#FINAL-12-21#