000
CXUS53 KDDC 011537
CF6GCK
PRELIMINARY LOCAL CLIMATOLOGICAL DATA (WS FORM: F-6)
STATION: GARDEN CITY REGIONAL ARPT KS
MONTH: APRIL
YEAR: 2023
LATITUDE: 37 55 N
LONGITUDE: 100 43 W
TEMPERATURE IN F: :PCPN: SNOW: WIND :SUNSHINE: SKY :PK WND
================================================================================
1 2 3 4 5 6A 6B 7 8 9 10 11 12 13 14 15 16 17 18
12Z AVG MX 2MIN
DY MAX MIN AVG DEP HDD CDD WTR SNW DPTH SPD SPD DIR MIN PSBL S-S WX SPD DR
================================================================================
1 67 24 46 -3 19 0 0.00 M M 11.9 26 190 M M 0 39 180
2 78 36 57 8 8 0 0.00 M M 9.0 24 190 M M 0 36 190
3 77 36 57 7 8 0 0.00 M M 12.2 24 20 M M 0 30 130
4 74 28 51 1 14 0 0.00 M M 18.7 39 230 M M 0 78 51 230
5 50 24 37 -13 28 0 0.00 M M 14.2 26 350 M M 1 35 350
6 59 23 41 -9 24 0 0.00 M M 10.8 24 190 M M 1 33 150
7 68 26 47 -3 18 0 0.00 M M 16.3 29 180 M M 0 40 190
8 77 32 55 4 10 0 0.00 M M 16.3 29 190 M M 0 39 180
9 77 48 63 12 2 0 0.00 M M 8.9 20 20 M M 1 28 30
10 79 40 60 9 5 0 0.00 M M 7.6 16 20 M M 0 8 22 10
11 85 40 63 12 2 0 0.00 M M 12.4 24 200 M M 0 37 170
12 89 52 71 19 0 6 0.00 M M 20.6 35 180 M M 0 47 210
13 90 51 71 19 0 6 0.00 M M 19.7 38 180 M M 0 78 52 160
14 77 42 60 8 5 0 0.00 M M 15.6 38 30 M M 0 7 48 20
15 55 31 43 -9 22 0 T M M 20.4 31 300 M M 5 8 42 340
16 65 28 47 -6 18 0 0.00 M M 10.4 21 330 M M 0 31 350
17 83 38 61 8 4 0 0.00 M M 11.3 28 210 M M 0 34 210
18 90 47 69 16 0 4 0.00 M M 14.0 35 180 M M 0 49 180
19 80 39 60 7 5 0 0.00 M M 13.5 52 350 M M 1 8 66 350
20 61 40 51 -3 14 0 0.00 M M 18.1 48 350 M M 1 8 62 340
21 61 29 45 -9 20 0 0.00 M M 10.1 21 280 M M 2 8 27 270
22 51 32 42 -12 23 0 0.00 M M 13.2 28 30 M M 8 40 10
23 61 32 47 -8 18 0 0.00 M M 9.0 18 230 M M 3 27 200
24 55 41 48 -7 17 0 0.00 M M 16.9 29 190 M M 5 39 180
25 46 43 45 -10 20 0 0.34 M M 15.0 22 100 M M 10 1 27 100
26 47 43 45 -11 20 0 1.81 M M 14.5 24 70 M M 10 1 32 60
27 64 38 51 -5 14 0 0.18 M M 9.0 36 360 M M 5 123 45 350
28 57 40 49 -7 16 0 T M M 22.7 39 10 M M 6 51 360
29 77 33 55 -2 10 0 0.00 M M 12.5 29 330 M M 1 35 320
30 67 44 56 -1 9 0 0.00 M M 11.7 22 30 M M 2 31 10
================================================================================
SM 2067 1100 373 16 2.33 M 416.5 M 62
================================================================================
AV 68.9 36.7 13.9 FASTST M M 2 MAX(MPH)
MISC ----> 52 350 66 350
================================================================================
NOTES:
# LAST OF SEVERAL OCCURRENCES
COLUMN 17 PEAK WIND IN M.P.H.
PRELIMINARY LOCAL CLIMATOLOGICAL DATA (WS FORM: F-6) , PAGE 2
STATION: GARDEN CITY REGIONAL ARPT KS
MONTH: APRIL
YEAR: 2023
LATITUDE: 37 55 N
LONGITUDE: 100 43 W
[TEMPERATURE DATA] [PRECIPITATION DATA] SYMBOLS USED IN COLUMN 16
AVERAGE MONTHLY: 52.8 TOTAL FOR MONTH: 2.33 1 = FOG OR MIST
DPTR FM NORMAL: 0.1 DPTR FM NORMAL: 0.87 2 = FOG REDUCING VISIBILITY
HIGHEST: 90 ON 18,13 GRTST 24HR 1.81 ON 26-26 TO 1/4 MILE OR LESS
LOWEST: 23 ON 6 3 = THUNDER
4 = ICE PELLETS
5 = HAIL
6 = FREEZING RAIN OR DRIZZLE
7 = DUSTSTORM OR SANDSTORM:
VSBY 1/2 MILE OR LESS
8 = SMOKE OR HAZE
[NO. OF DAYS WITH] [WEATHER - DAYS WITH] 9 = BLOWING SNOW
X = TORNADO
MAX 32 OR BELOW: 0 0.01 INCH OR MORE: 3
MAX 90 OR ABOVE: 2 0.10 INCH OR MORE: 3
MIN 32 OR BELOW: 11 0.50 INCH OR MORE: 1
MIN 0 OR BELOW: 0 1.00 INCH OR MORE: 1
[HDD (BASE 65) ]
TOTAL THIS MO. 373 CLEAR (SCALE 0-3) 23
DPTR FM NORMAL -6 PTCLDY (SCALE 4-7) 4
TOTAL FM JUL 1 5172 CLOUDY (SCALE 8-10) 3
DPTR FM NORMAL 147
[CDD (BASE 65) ]
TOTAL THIS MO. 16
DPTR FM NORMAL 6 [PRESSURE DATA]
TOTAL FM JAN 1 16 HIGHEST SLP 30.42 ON 6
DPTR FM NORMAL 5 LOWEST SLP 29.23 ON 4
[REMARKS]
Precipitation on the 26th was estimated based on radar precipitation estimates and nearby observations.
The precipitation had stopped accumulating that morning while it continued to rain the rest of the day.
#FINAL-04-23#