000
CXUS53 KDDC 161440
CLAGCK
CLIMATE REPORT
NATIONAL WEATHER SERVICE DODGE CITY KS
1247 PM CST THU JAN 2 2020
...................................
...THE GARDEN CITY REGIONAL ARPT KS CLIMATE SUMMARY FOR THE YEAR OF 2019...
CLIMATE NORMAL PERIOD 1981 TO 2010
CLIMATE RECORD PERIOD 1948 TO 2020
WEATHER OBSERVED NORMAL DEPART LAST YEAR`S
VALUE DATE(S) VALUE FROM VALUE DATE(S)
NORMAL
................................................................
TEMPERATURE (F)
RECORD
HIGH 110 06/08/1985
07/11/1954
06/24/1953
LOW -22 03/11/1948
HIGHEST 103 08/20 MM MM 103 06/10
07/31
07/19
LOWEST -3 03/05 MM MM -9 01/01
02/28
AVG. MAXIMUM 66.5 67.9 -1.4 68.6
AVG. MINIMUM 39.0 40.7 -1.7 39.4
MEAN 52.8 54.3 -1.5 54.0
DAYS MAX >= 90 64 59.2 4.8 71
DAYS MAX <= 32 27 19.0 8.0 14
DAYS MIN <= 32 159 136.6 22.4 147
DAYS MIN <= 0 5 3.9 1.1 4
PRECIPITATION (INCHES)
RECORD
MAXIMUM 30.75 1969
MINIMUM 9.23
TOTALS 14.05 19.47 -5.42 25.26
DAYS >= .01 63 72.0 -9.0 68
DAYS >= .10 32 39.3 -7.3 37
DAYS >= .50 9 12.6 -3.6 16
DAYS >= 1.00 3 4.1 -1.1 8
GREATEST
24 HR. TOTAL 1.87 05/06 TO 05/07
DEGREE_DAYS
HEATING TOTAL 5743 5207 536 5333
SINCE 7/1 2184 2123 61 2318
COOLING TOTAL 1424 1300 124 1462
SINCE 1/1 1424 1298 126 1462
FREEZE DATES
.................................................................
WIND (MPH)
AVERAGE WIND SPEED 12.1
HIGHEST WIND SPEED/DIRECTION 56/340 DATE 03/14
HIGHEST GUST SPEED/DIRECTION 74/330 DATE 03/14
WEATHER CONDITIONS. NUMBER OF DAYS WITH
THUNDERSTORM 57 MIXED PRECIP 0
HEAVY RAIN 17 RAIN 31
LIGHT RAIN 67 FREEZING RAIN 0
LT FREEZING RAIN 0 HAIL 0
HEAVY SNOW 2 SNOW 8
LIGHT SNOW 30 SLEET 0
FOG 128 FOG W/VIS <= 1/4 MILE 42
HAZE 29
- INDICATES NEGATIVE NUMBERS.
R INDICATES RECORD WAS SET OR TIED.
MM INDICATES DATA IS MISSING.
T INDICATES TRACE AMOUNT.
$$