000
CXUS56 KFGZ 010910
CF6GCN
PRELIMINARY LOCAL CLIMATOLOGICAL DATA (WS FORM: F-6)
STATION: GRAND CANYON AZ AIRPORT
MONTH: DECEMBER
YEAR: 2020
LATITUDE: 35 57 N
LONGITUDE: 112 9 W
TEMPERATURE IN F: :PCPN: SNOW: WIND :SUNSHINE: SKY :PK WND
================================================================================
1 2 3 4 5 6A 6B 7 8 9 10 11 12 13 14 15 16 17 18
12Z AVG MX 2MIN
DY MAX MIN AVG DEP HDD CDD WTR SNW DPTH SPD SPD DIR MIN PSBL S-S WX SPD DR
================================================================================
1 53 5 29 -2 36 0 0.00 M M 3.0 13 290 M M 0 16 290
2 36 2 19 -12 46 0 0.00 M M 12.3 28 50 M M 1 37 60
3 42 4 23 -7 42 0 0.00 M M 7.4 20 50 M M 0 25 40
4 50 2 26 -4 39 0 0.00 M M 6.2 21 50 M M 0 28 50
5 56 11 34 4 31 0 0.00 M M 3.5 13 40 M M 0 15 20
6 55 9 32 2 33 0 0.00 M M 3.5 12 210 M M 0 15 210
7 51 12 32 3 33 0 0.00 M M 10.7 22 70 M M 0 30 50
8 55 13 34 5 31 0 0.00 M M 9.6 20 40 M M 0 24 80
9 58 11 35 6 30 0 0.00 M M 3.1 14 210 M M 1 16 220
10 47 23 35 6 30 0 0.04 M M 3.2 12 220 M M 8 12 15 330
11 43 15 29 0 36 0 0.00 M M 9.0 20 230 M M 5 12 26 240
12 36 3 20 -8 45 0 0.03 M M 8.2 23 250 M M 5 128 35 300
13 38 -7 16 -12 49 0 0.00 M M 4.6 17 50 M M 0 24 50
14 34 7 21 -7 44 0 T M M 5.9 15 220 M M 7 8 23 220
15 38 0 19 -9 46 0 0.00 M M 2.9 14 50 M M 0 19 200
16 50 4 27 -1 38 0 0.00 M M 2.0 9 340 M M 0 13 300
17 44 11 28 0 37 0 0.00 M M 5.7 21 210 M M 4 25 200
18 42 10 26 -2 39 0 0.00 M M 2.9 16 280 M M 2 25 290
19 51 4 28 1 37 0 0.00 M M 3.0 12 340 M M 0 17 320
20 57 7 32 5 33 0 0.00 M M 2.8 12 220 M M 0 13 230
21 57 16 37 10 28 0 0.00 M M 7.1 18 50 M M 0 26 40
22 53 11 32 5 33 0 0.00 M M 7.7 25 230 M M 0 36 230
23 36 2 19 -8 46 0 0.00 M M 4.8 16 40 M M 0 22 70
24 43 0 22 -5 43 0 0.00 M M 7.3 21 50 M M 0 26 50
25 52 16 34 7 31 0 0.00 M M 4.0 10 280 M M 0 15 240
26 54 7 31 4 34 0 0.00 M M 6.3 23 230 M M 0 30 220
27 39 14 27 0 38 0 T M M 5.0 12 40 M M 8 1 17 80
28 44 26 35 8 30 0 0.04 M M 9.1 32 200 M M 10 12 40 210
29 32 3 18 -9 47 0 0.02 M M 3.9 10 290 M M 7 1 14 290
30 37 -6 16 -11 49 0 0.00 M M 5.2 18 50 M M 0 24 40
31 33 9 21 -6 44 0 T M M 4.3 15 40 M M 6 8 16 230
================================================================================
SM 1416 244 1178 0 0.13 M 174.2 M 64
================================================================================
AV 45.7 7.9 5.6 FASTST M M 2 MAX(MPH)
MISC ----> 32 200 40 210
================================================================================
NOTES:
# LAST OF SEVERAL OCCURRENCES
COLUMN 17 PEAK WIND IN M.P.H.
PRELIMINARY LOCAL CLIMATOLOGICAL DATA (WS FORM: F-6) , PAGE 2
STATION: GRAND CANYON AZ AIRPORT
MONTH: DECEMBER
YEAR: 2020
LATITUDE: 35 57 N
LONGITUDE: 112 9 W
[TEMPERATURE DATA] [PRECIPITATION DATA] SYMBOLS USED IN COLUMN 16
AVERAGE MONTHLY: 26.8 TOTAL FOR MONTH: 0.13 1 = FOG OR MIST
DPTR FM NORMAL: -1.4 DPTR FM NORMAL: -1.38 2 = FOG REDUCING VISIBILITY
HIGHEST: 58 ON 9 GRTST 24HR 0.06 ON 28-29 TO 1/4 MILE OR LESS
LOWEST: -7 ON 13 3 = THUNDER
SNOW, ICE PELLETS, HAIL 4 = ICE PELLETS
TOTAL MONTH: M 5 = HAIL
GRTST 24HR M ON M 6 = FREEZING RAIN OR DRIZZLE
GRTST DEPTH: M ON M 7 = DUSTSTORM OR SANDSTORM:
VSBY 1/2 MILE OR LESS
8 = SMOKE OR HAZE
[NO. OF DAYS WITH] [WEATHER - DAYS WITH] 9 = BLOWING SNOW
X = TORNADO
MAX 32 OR BELOW: 1 0.01 INCH OR MORE: 4
MAX 90 OR ABOVE: 0 0.10 INCH OR MORE: 0
MIN 32 OR BELOW: 31 0.50 INCH OR MORE: 0
MIN 0 OR BELOW: 4 1.00 INCH OR MORE: 0
[HDD (BASE 65) ]
TOTAL THIS MO. 1178 CLEAR (SCALE 0-3) 22
DPTR FM NORMAL 36 PTCLDY (SCALE 4-7) 8
TOTAL FM JUL 1 2638 CLOUDY (SCALE 8-10) 1
DPTR FM NORMAL -272
[CDD (BASE 65) ]
TOTAL THIS MO. 0
DPTR FM NORMAL 0 [PRESSURE DATA]
TOTAL FM JAN 1 227 HIGHEST SLP M ON M
DPTR FM NORMAL 139 LOWEST SLP 29.68 ON 28
[REMARKS]
#FINAL-12-20#