000
CXUS54 KFWD 070712
CF6GDJ
PRELIMINARY LOCAL CLIMATOLOGICAL DATA (WS FORM: F-6)
STATION: GRANBURY
MONTH: NOVEMBER
YEAR: 2021
LATITUDE: 32 26 N
LONGITUDE: 97 48 W
TEMPERATURE IN F: :PCPN: SNOW: WIND :SUNSHINE: SKY :PK WND
================================================================================
1 2 3 4 5 6A 6B 7 8 9 10 11 12 13 14 15 16 17 18
12Z AVG MX 2MIN
DY MAX MIN AVG DEP HDD CDD WTR SNW DPTH SPD SPD DIR MIN PSBL S-S WX SPD DR
================================================================================
1 82 51 67 6 0 2 0.00 M M 3.5 12 170 M M 3 17 170
2 59 52 56 -4 9 0 0.04 M M 5.2 8 20 M M 9 1 M M
3 53 48 51 -9 14 0 0.19 M M 7.9 12 30 M M 10 1 17 360
4 58 42 50 -10 15 0 0.00 M M 3.9 9 360 M M 8 16 360
5 63 36 50 -9 15 0 0.00 M M 3.4 8 140 M M 1 2 M M
6 71 38 55 -4 10 0 0.00 M M 4.1 8 140 M M 0 M M
7 79 44 62 3 3 0 0.00 M M 6.1 12 130 M M 0 17 130
8 77 50 64 6 1 0 0.00 M M 8.0 15 140 M M 2 20 140
9 78 59 69 11 0 4 0.00 M M 6.9 14 190 M M 2 21 200
10 79 62 71 14 0 6 0.00 M M 10.1 20 180 M M 7 29 170
11 70 44 57 0 8 0 M M M 6.4 14 350 M M 0 24 350
12 71 39 55 -1 10 0 0.00 M M 7.4 20 350 M M 0 25 350
13 72 33 53 -3 12 0 0.00 M M 4.5 9 140 M M 0 M M
14 73 41 57 2 8 0 0.00 M M 2.1 7 340 M M 0 M M
15 86 41 64 9 1 0 0.00 M M 4.4 13 170 M M 0 8 16 220
16 85 61 73 19 0 8 0.00 M M 10.5 18 190 M M 1 18 25 170
17 84 55 70 16 0 5 0.00 M M 12.1 20 320 M M 2 24 180
18 63 37 50 -4 15 0 0.00 M M 10.1 20 30 M M 2 24 340
19 65 32 49 -4 16 0 0.00 M M 5.6 14 140 M M 0 18 150
20 78 48 63 11 2 0 0.00 M M 9.6 20 180 M M 0 27 180
21 65 M M M M M 0.00 M M 9.1 20 320 M M 4 23 330
22 M M M M M M 0.00 M M 4.6 9 310 M M 0 M M
23 M M M M M M 0.00 M M 6.5 15 180 M M 0 21 170
24 M M M M M M 0.00 M M 10.4 24 180 M M 2 29 160
25 M M M M M M 0.00 M M 11.6 20 330 M M 0 30 330
26 M M M M M M 0.00 M M 3.9 9 170 M M 0 M M
27 M M M M M M 0.19 M M 4.0 8 190 M M 8 M M
28 M M M M M M 0.00 M M 5.4 15 350 M M 2 18 340
29 M M M M M M 0.00 M M 4.3 13 200 M M 0 17 200
30 M M M M M M 0.00 M M 5.7 12 200 M M 0 18 M
================================================================================
SM 1511 913 139 25 0.42 M 197.1 M 63
================================================================================
AV 72.0 45.7 6.6 FASTST M M 2 MAX(MPH)
MISC ----> 24 180 30 330
================================================================================
NOTES:
# LAST OF SEVERAL OCCURRENCES
COLUMN 17 PEAK WIND IN M.P.H.
PRELIMINARY LOCAL CLIMATOLOGICAL DATA (WS FORM: F-6) , PAGE 2
STATION: GRANBURY
MONTH: NOVEMBER
YEAR: 2021
LATITUDE: 32 26 N
LONGITUDE: 97 48 W
[TEMPERATURE DATA] [PRECIPITATION DATA] SYMBOLS USED IN COLUMN 16
AVERAGE MONTHLY: 58.8 TOTAL FOR MONTH: 0.42 1 = FOG OR MIST
DPTR FM NORMAL: 4.2 DPTR FM NORMAL: M 2 = FOG REDUCING VISIBILITY
HIGHEST: 86 ON 15 GRTST 24HR 0.19 ON 3- 3 TO 1/4 MILE OR LESS
LOWEST: 32 ON 19 3 = THUNDER
SNOW, ICE PELLETS, HAIL 4 = ICE PELLETS
TOTAL MONTH: M 5 = HAIL
GRTST 24HR M ON M 6 = FREEZING RAIN OR DRIZZLE
GRTST DEPTH: M ON M 7 = DUSTSTORM OR SANDSTORM:
VSBY 1/2 MILE OR LESS
8 = SMOKE OR HAZE
[NO. OF DAYS WITH] [WEATHER - DAYS WITH] 9 = BLOWING SNOW
X = TORNADO
MAX 32 OR BELOW: 0 0.01 INCH OR MORE: 3
MAX 90 OR ABOVE: 0 0.10 INCH OR MORE: 2
MIN 32 OR BELOW: 1 0.50 INCH OR MORE: 0
MIN 0 OR BELOW: 0 1.00 INCH OR MORE: 0
[HDD (BASE 65) ]
TOTAL THIS MO. 139 CLEAR (SCALE 0-3) 24
DPTR FM NORMAL -188 PTCLDY (SCALE 4-7) 3
TOTAL FM JUL 1 169 CLOUDY (SCALE 8-10) 3
DPTR FM NORMAL -254
[CDD (BASE 65) ]
TOTAL THIS MO. 25
DPTR FM NORMAL 10 [PRESSURE DATA]
TOTAL FM JAN 1 2808 HIGHEST SLP M ON M
DPTR FM NORMAL 416 LOWEST SLP M ON M
[REMARKS]
#FINAL-11-21#