000
CXUS54 KMAF 011110
CF6GDP
PRELIMINARY LOCAL CLIMATOLOGICAL DATA (WS FORM: F-6)
STATION: GUADALUPE PASS
MONTH: MARCH
YEAR: 2022
LATITUDE: 31 49 N
LONGITUDE: 104 48 W
TEMPERATURE IN F: :PCPN: SNOW: WIND :SUNSHINE: SKY :PK WND
================================================================================
1 2 3 4 5 6A 6B 7 8 9 10 11 12 13 14 15 16 17 18
12Z AVG MX 2MIN
DY MAX MIN AVG DEP HDD CDD WTR SNW DPTH SPD SPD DIR MIN PSBL S-S WX SPD DR
================================================================================
1 61 47 54 4 11 0 0.00 M M 17.6 35 40 M M 0 36 40
2 66 47 57 7 8 0 M M M 20.7 29 40 M M 0 31 50
3 69 49 59 8 6 0 0.00 M M 17.7 28 40 M M 1 31 40
4 75 50 63 12 2 0 0.00 M M 21.4 45 250 M M 0 8 56 270
5 65 43 54 3 11 0 0.00 M M 31.5 51 250 M M 0 61 240
6 59 39 49 -3 16 0 0.00 M M 28.2 63 250 M M 1 8 72 250
7 40 25 33 -19 32 0 0.00 M M 33.1 46 50 M M 2 18 50 40
8 53 22 38 -14 27 0 0.00 M M 20.0 36 50 M M 0 39 50
9 61 34 48 -4 17 0 0.00 M M 20.6 44 250 M M 0 51 250
10 64 40 52 -1 13 0 0.00 M M 23.5 44 230 M M 0 49 230
11 40 17 29 -24 36 0 0.01 M M 22.7 44 70 M M 3 18 47 60
12 55 24 40 -13 25 0 M M M 18.0 29 240 M M 0 37 240
13 65 36 51 -3 14 0 0.00 M M 25.9 43 250 M M 0 51 250
14 65 44 55 1 10 0 0.00 M M 18.4 39 250 M M 0 48 250
15 69 46 58 4 7 0 0.00 M M 10.9 26 240 M M 0 32 240
16 77 51 64 10 1 0 0.00 M M 17.9 41 240 M M 0 50 240
17 62 36 49 -6 16 0 0.00 M M 26.7 46 250 M M 1 56 250
18 56 28 42 -13 23 0 0.00 M M 15.5 30 60 M M 0 31 60
19 69 43 56 1 9 0 0.00 M M 12.4 25 240 M M 0 34 240
20 78 54 66 10 0 1 0.00 M M 18.2 46 230 M M 1 63 240
21 61 39 50 -6 15 0 M M M 27.5 40 260 M M 4 56 270
22 M M M M M M M M M M M M M M M M M
23 M M M M M M M M M M M M M M M M M
24 68 38 53 -4 12 0 0.00 M M 19.7 35 240 M M 0 40 240
25 77 52 65 8 0 0 0.00 M M 10.5 21 230 M M 0 28 250
26 82 54 68 11 0 3 0.00 M M 10.1 25 240 M M 0 30 240
27 84 59 72 14 0 7 0.00 M M 12.2 23 250 M M 0 27 230
28 79 55 67 9 0 2 0.00 M M 18.5 36 240 M M 0 42 250
29 73 42 58 0 7 0 0.00 M M 35.0 66 260 M M 5 8 74 260
30 64 37 51 -7 14 0 T M M 33.0 54 260 M M 7 61 260
31 68 35 52 -6 13 0 0.00 M M 15.8 43 270 M M 0 54 280
================================================================================
SM 1905 1186 345 13 0.01 M 603.2 M 25
================================================================================
AV 65.7 40.9 20.8 FASTST M M 1 MAX(MPH)
MISC ----> 66 260 74 260
================================================================================
NOTES:
# LAST OF SEVERAL OCCURRENCES
COLUMN 17 PEAK WIND IN M.P.H.
PRELIMINARY LOCAL CLIMATOLOGICAL DATA (WS FORM: F-6) , PAGE 2
STATION: GUADALUPE PASS
MONTH: MARCH
YEAR: 2022
LATITUDE: 31 49 N
LONGITUDE: 104 48 W
[TEMPERATURE DATA] [PRECIPITATION DATA] SYMBOLS USED IN COLUMN 16
AVERAGE MONTHLY: 53.3 TOTAL FOR MONTH: 0.01 1 = FOG OR MIST
DPTR FM NORMAL: -1.1 DPTR FM NORMAL: -0.43 2 = FOG REDUCING VISIBILITY
HIGHEST: 84 ON 27 GRTST 24HR 0.01 ON 11-11 TO 1/4 MILE OR LESS
LOWEST: 17 ON 11 3 = THUNDER
SNOW, ICE PELLETS, HAIL 4 = ICE PELLETS
TOTAL MONTH: M 5 = HAIL
GRTST 24HR M ON M 6 = FREEZING RAIN OR DRIZZLE
GRTST DEPTH: M ON M 7 = DUSTSTORM OR SANDSTORM:
VSBY 1/2 MILE OR LESS
8 = SMOKE OR HAZE
[NO. OF DAYS WITH] [WEATHER - DAYS WITH] 9 = BLOWING SNOW
X = TORNADO
MAX 32 OR BELOW: 0 0.01 INCH OR MORE: 1
MAX 90 OR ABOVE: 0 0.10 INCH OR MORE: 0
MIN 32 OR BELOW: 5 0.50 INCH OR MORE: 0
MIN 0 OR BELOW: 0 1.00 INCH OR MORE: 0
[HDD (BASE 65) ]
TOTAL THIS MO. 345 CLEAR (SCALE 0-3) 26
DPTR FM NORMAL 5 PTCLDY (SCALE 4-7) 3
TOTAL FM JUL 1 2231 CLOUDY (SCALE 8-10) 2
DPTR FM NORMAL -577
[CDD (BASE 65) ]
TOTAL THIS MO. 13
DPTR FM NORMAL 0 [PRESSURE DATA]
TOTAL FM JAN 1 13 HIGHEST SLP 30.47 ON 12
DPTR FM NORMAL -1 LOWEST SLP 29.39 ON 29
[REMARKS]
#FINAL-03-22#