000
CXUS53 KIND 010700
CF6GEZ
PRELIMINARY LOCAL CLIMATOLOGICAL DATA (WS FORM: F-6)
STATION: SHELBYVILLE IN
MONTH: JANUARY
YEAR: 2023
LATITUDE: 39 35 N
LONGITUDE: 85 48 W
TEMPERATURE IN F: :PCPN: SNOW: WIND :SUNSHINE: SKY :PK WND
================================================================================
1 2 3 4 5 6A 6B 7 8 9 10 11 12 13 14 15 16 17 18
12Z AVG MX 2MIN
DY MAX MIN AVG DEP HDD CDD WTR SNW DPTH SPD SPD DIR MIN PSBL S-S WX SPD DR
================================================================================
1 55 41 48 17 17 0 0.00 M M 7.1 12 190 M M M 16 180
2 60 48 54 23 11 0 0.02 M M 5.4 12 110 M M M 15 110
3 64 58 61 31 4 0 0.63 M M 12.6 20 200 M M 5 1 26 200
4 60 40 50 20 15 0 T M M 11.3 21 260 M M M 28 240
5 44 34 39 9 26 0 T M M 12.1 21 260 M M M 28 260
6 36 35 36 6 29 0 0.00 M M 6.8 17 260 M M M 22 250
7 42 22 32 2 33 0 0.00 M M 5.9 15 60 M M M 19 60
8 40 32 36 6 29 0 T M M 6.6 13 310 M M M 17 70
9 45 32 39 9 26 0 0.00 M M 8.7 14 280 M M M 22 220
10 53 33 43 13 22 0 0.00 M M 7.3 14 180 M M M 18 170
11 51 36 44 14 21 0 0.00 M M 6.7 16 150 M M M 21 150
12 52 39 46 16 19 0 0.87 M M 14.8 26 330 M M M 35 340
13 39 33 36 7 29 0 0.02 M M 14.8 26 340 M M M 34 350
14 36 23 30 1 35 0 0.00 M M 6.6 20 340 M M M 25 340
15 44 21 33 4 32 0 0.00 M M 8.7 16 140 M M M 22 130
16 51 33 42 13 23 0 0.11 M M 13.6 20 160 M M 10 1 29 170
17 58 42 50 21 15 0 T M M 12.7 24 260 M M 5 1 30 260
18 48 38 43 14 22 0 0.74 M M 10.3 25 100 M M 10 1 33 110
19 60 37 49 20 16 0 0.17 M M 16.8 36 230 M M 9 1 50 220
20 37 33 35 6 30 0 0.00 M M 14.1 25 270 M M 10 35 260
21 35 29 32 3 33 0 0.00 M M 5.4 10 150 M M 9 14 170
22 36 29 33 4 32 0 0.06 M M 5.4 10 80 M M 9 18 13 330
23 37 29 33 3 32 0 T M M 10.6 17 250 M M 8 18 23 260
24 46 25 36 6 29 0 0.00 M M 6.5 10 210 M M 1 1 14 250
25 41 35 38 8 27 0 0.60 M M 11.5 23 70 M M 10 1 30 70
26 35 25 30 0 35 0 T M M 14.2 23 260 M M 10 18 30 260
27 44 22 33 3 32 0 T M M 13.1 28 180 M M 6 41 170
28 56 30 43 13 22 0 0.01 M M 9.3 31 220 M M 4 43 210
29 47 34 41 11 24 0 0.09 M M 9.5 21 200 M M 10 18 27 190
30 34 23 29 -1 36 0 0.02 M M 10.7 16 340 M M 10 18 20 340
31 27 17 22 -8 43 0 0.00 M M 8.3 15 350 M M 4 18 350
================================================================================
SM 1413 1008 799 0 3.34 M 307.4 M 130
================================================================================
AV 45.6 32.5 9.9 FASTST M M 8 MAX(MPH)
MISC ----> 36 230 50 220
================================================================================
NOTES:
# LAST OF SEVERAL OCCURRENCES
COLUMN 17 PEAK WIND IN M.P.H.
PRELIMINARY LOCAL CLIMATOLOGICAL DATA (WS FORM: F-6) , PAGE 2
STATION: SHELBYVILLE IN
MONTH: JANUARY
YEAR: 2023
LATITUDE: 39 35 N
LONGITUDE: 85 48 W
[TEMPERATURE DATA] [PRECIPITATION DATA] SYMBOLS USED IN COLUMN 16
AVERAGE MONTHLY: 39.0 TOTAL FOR MONTH: 3.34 1 = FOG OR MIST
DPTR FM NORMAL: 9.3 DPTR FM NORMAL: 0.29 2 = FOG REDUCING VISIBILITY
HIGHEST: 64 ON 3 GRTST 24HR 1.31 ON 18-19 TO 1/4 MILE OR LESS
LOWEST: 17 ON 31 3 = THUNDER
SNOW, ICE PELLETS, HAIL 4 = ICE PELLETS
TOTAL MONTH: M 5 = HAIL
GRTST 24HR M ON M 6 = FREEZING RAIN OR DRIZZLE
GRTST DEPTH: M ON M 7 = DUSTSTORM OR SANDSTORM:
VSBY 1/2 MILE OR LESS
8 = SMOKE OR HAZE
[NO. OF DAYS WITH] [WEATHER - DAYS WITH] 9 = BLOWING SNOW
X = TORNADO
MAX 32 OR BELOW: 1 0.01 INCH OR MORE: 12
MAX 90 OR ABOVE: 0 0.10 INCH OR MORE: 6
MIN 32 OR BELOW: 14 0.50 INCH OR MORE: 4
MIN 0 OR BELOW: 0 1.00 INCH OR MORE: 0
[HDD (BASE 65) ]
TOTAL THIS MO. 799 CLEAR (SCALE 0-3) 1
DPTR FM NORMAL -293 PTCLDY (SCALE 4-7) 6
TOTAL FM JUL 1 2634 CLOUDY (SCALE 8-10) 24
DPTR FM NORMAL -405
[CDD (BASE 65) ]
TOTAL THIS MO. 0
DPTR FM NORMAL 0 [PRESSURE DATA]
TOTAL FM JAN 1 0 HIGHEST SLP M ON M
DPTR FM NORMAL 0 LOWEST SLP 29.44 ON 25
[REMARKS]
#FINAL-01-23#