000
CXUS53 KIND 010700
CF6GEZ
PRELIMINARY LOCAL CLIMATOLOGICAL DATA (WS FORM: F-6)
STATION: SHELBYVILLE IN
MONTH: FEBRUARY
YEAR: 2022
LATITUDE: 39 35 N
LONGITUDE: 85 48 W
TEMPERATURE IN F: :PCPN: SNOW: WIND :SUNSHINE: SKY :PK WND
================================================================================
1 2 3 4 5 6A 6B 7 8 9 10 11 12 13 14 15 16 17 18
12Z AVG MX 2MIN
DY MAX MIN AVG DEP HDD CDD WTR SNW DPTH SPD SPD DIR MIN PSBL S-S WX SPD DR
================================================================================
1 62 32 47 17 18 0 0.00 M M 12.7 23 190 M M 3 30 200
2 53 31 42 11 23 0 1.10 M M 10.9 20 20 M M 10 16 28 10
3 31 22 27 -4 38 0 0.29 M M 17.3 24 20 M M 10 168 35 40
4 25 15 20 -11 45 0 T M M 9.2 21 350 M M 8 27 20
5 21 4 13 -18 52 0 T M M 7.7 17 310 M M 2 8 23 290
6 36 10 23 -8 42 0 0.00 M M 8.5 14 160 M M 0 18 17 170
7 28 11 20 -12 45 0 0.00 M M 7.0 15 290 M M 0 18 19 290
8 43 6 25 -7 40 0 0.00 M M 9.9 17 180 M M 2 18 24 180
9 49 36 43 11 22 0 T M M 10.8 17 250 M M 4 24 250
10 39 29 34 2 31 0 0.00 M M 9.4 16 270 M M 5 22 280
11 49 34 42 10 23 0 0.06 M M 11.7 20 240 M M 6 28 250
12 37 20 29 -4 36 0 T M M 11.9 21 300 M M 10 28 310
13 24 13 19 -14 46 0 T M M 6.4 15 320 M M 8 8 20 320
14 29 12 21 -12 44 0 0.00 M M 3.3 9 230 M M 3 13 240
15 48 20 34 0 31 0 0.00 M M 8.3 18 140 M M 0 23 140
16 59 44 52 18 13 0 T M M 17.2 26 180 M M 5 37 190
17 59 29 44 10 21 0 1.39 M M 14.5 31 330 M M 9 18 43 320
18 35 20 28 -6 37 0 T M M 12.6 26 320 M M 3 35 320
19 35 22 29 -6 36 0 0.00 M M 11.9 29 310 M M 1 40 290
20 58 21 40 5 25 0 0.00 M M 13.6 23 180 M M 0 33 220
21 63 38 51 16 14 0 0.00 M M 14.5 25 180 M M 2 36 180
22 64 34 49 13 16 0 1.04 M M 15.1 26 280 M M 10 13 40 290
23 34 27 31 -5 34 0 0.00 M M 11.4 21 320 M M 10 29 310
24 36 28 32 -4 33 0 0.55 M M 11.0 21 70 M M 10 168 27 70
25 34 27 31 -6 34 0 0.01 M M 10.1 23 290 M M 10 168 32 300
26 36 25 31 -6 34 0 0.00 M M 5.8 12 260 M M 5 14 250
27 49 25 37 0 28 0 0.00 M M 6.6 18 280 M M 0 25 260
28 54 28 41 3 24 0 0.00 M M 6.7 17 190 M M 0 18 22 190
================================================================================
SM 1190 663 885 0 4.44 M 296.0 M 136
================================================================================
AV 42.5 23.7 10.6 FASTST M M 5 MAX(MPH)
MISC ----> 31 330 43 320
================================================================================
NOTES:
# LAST OF SEVERAL OCCURRENCES
COLUMN 17 PEAK WIND IN M.P.H.
PRELIMINARY LOCAL CLIMATOLOGICAL DATA (WS FORM: F-6) , PAGE 2
STATION: SHELBYVILLE IN
MONTH: FEBRUARY
YEAR: 2022
LATITUDE: 39 35 N
LONGITUDE: 85 48 W
[TEMPERATURE DATA] [PRECIPITATION DATA] SYMBOLS USED IN COLUMN 16
AVERAGE MONTHLY: 33.1 TOTAL FOR MONTH: 4.44 1 = FOG OR MIST
DPTR FM NORMAL: -0.5 DPTR FM NORMAL: 2.10 2 = FOG REDUCING VISIBILITY
HIGHEST: 64 ON 22 GRTST 24HR 1.39 ON 17-17 TO 1/4 MILE OR LESS
LOWEST: 4 ON 5 3 = THUNDER
SNOW, ICE PELLETS, HAIL 4 = ICE PELLETS
TOTAL MONTH: M 5 = HAIL
GRTST 24HR M ON M 6 = FREEZING RAIN OR DRIZZLE
GRTST DEPTH: M ON M 7 = DUSTSTORM OR SANDSTORM:
VSBY 1/2 MILE OR LESS
8 = SMOKE OR HAZE
[NO. OF DAYS WITH] [WEATHER - DAYS WITH] 9 = BLOWING SNOW
X = TORNADO
MAX 32 OR BELOW: 6 0.01 INCH OR MORE: 7
MAX 90 OR ABOVE: 0 0.10 INCH OR MORE: 5
MIN 32 OR BELOW: 23 0.50 INCH OR MORE: 4
MIN 0 OR BELOW: 0 1.00 INCH OR MORE: 3
[HDD (BASE 65) ]
TOTAL THIS MO. 885 CLEAR (SCALE 0-3) 13
DPTR FM NORMAL 6 PTCLDY (SCALE 4-7) 5
TOTAL FM JUL 1 3535 CLOUDY (SCALE 8-10) 10
DPTR FM NORMAL -380
[CDD (BASE 65) ]
TOTAL THIS MO. 0
DPTR FM NORMAL 0 [PRESSURE DATA]
TOTAL FM JAN 1 0 HIGHEST SLP M ON M
DPTR FM NORMAL 0 LOWEST SLP 29.55 ON 17
[REMARKS]
#FINAL-02-22#