000
CXUS54 KSHV 011300
CF6GGG
PRELIMINARY LOCAL CLIMATOLOGICAL DATA (WS FORM: F-6)
STATION: LONGVIEW
MONTH: APRIL
YEAR: 2022
LATITUDE: 32 22 N
LONGITUDE: 94 43 W
TEMPERATURE IN F: :PCPN: SNOW: WIND :SUNSHINE: SKY :PK WND
================================================================================
1 2 3 4 5 6A 6B 7 8 9 10 11 12 13 14 15 16 17 18
12Z AVG MX 2MIN
DY MAX MIN AVG DEP HDD CDD WTR SNW DPTH SPD SPD DIR MIN PSBL S-S WX SPD DR
================================================================================
1 71 41 56 -6 9 0 0.00 0.0 0 6.9 14 140 M M 0 19 90
2 79 51 65 2 0 0 T 0.0 0 3.9 20 120 M M 1 23 110
3 83 51 67 4 0 2 0.00 0.0 0 7.3 17 170 M M 0 22 160
4 83 51 67 4 0 2 0.06 0.0 0 8.5 21 180 M M 4 8 27 180
5 88 58 73 10 0 8 0.65 0.0 0 9.2 36 320 M M 4 1 47 320
6 75 50 63 0 2 0 0.00 0.0 0 11.8 26 320 M M 4 18 36 320
7 71 49 60 -4 5 0 0.00 0.0 0 13.2 37 300 M M 1 53 300
8 67 41 54 -10 11 0 0.00 0.0 0 11.6 29 300 M M 0 42 330
9 81 36 59 -5 6 0 0.00 0.0 0 7.3 17 210 M M 0 26 210
10 84 60 72 8 0 7 T 0.0 0 20.0 43 160 M M 3 55 170
11 88 68 78 14 0 13 0.00 0.0 0 13.4 23 190 M M 6 31 200
12 80 63 72 7 0 7 0.44 0.0 0 14.0 28 240 M M 8 13 40 240
13 M M M M M M 0.16 0.0 0 M 20 M M M 1 1 39 M
14 76 52 64 -1 1 0 0.00 0.0 0 6.9 15 140 M M 0 20 130
15 74 51 63 -2 2 0 T 0.0 0 7.2 15 170 M M 7 19 180
16 81 71 76 10 0 11 T 0.0 0 6.8 18 180 M M 7 22 170
17 78 58 68 2 0 3 T 0.0 0 5.1 17 320 M M 9 12 23 320
18 75 54 65 -1 0 0 0.00 0.0 0 7.5 16 70 M M 5 22 60
19 74 46 60 -6 5 0 0.00 0.0 0 10.2 20 140 M M 1 26 140
20 83 62 73 7 0 8 T 0.0 0 15.0 28 180 M M 8 37 180
21 81 70 76 9 0 11 0.00 0.0 0 11.1 20 150 M M 8 8 27 170
22 86 63 75 8 0 10 0.00 0.0 0 11.7 22 160 M M 3 8 27 160
23 86 68 77 10 0 12 T 0.0 0 15.0 24 180 M M 4 32 180
24 87 61 74 7 0 9 0.00 0.0 0 10.0 22 190 M M 4 1 25 200
25 72 58 65 -3 0 0 0.94 0.0 0 5.2 22 320 M M 7 13 26 310
26 74 53 64 -4 1 0 0.00 0.0 0 5.8 15 70 M M 2 20 60
27 77 49 63 -5 2 0 0.00 0.0 0 5.7 13 70 M M 0 15 80
28 84 52 68 0 0 3 0.00 0.0 0 7.9 16 150 M M 0 19 160
29 86 60 73 4 0 8 0.00 0.0 0 12.0 22 170 M M 4 28 150
30 86 68 77 8 0 12 0.02 0.0 0 8.8 21 190 M M 7 27 180
================================================================================
SM 2310 1615 44 126 2.27 0.0 279.0 M 108
================================================================================
AV 79.7 55.7 9.6 FASTST M M 4 MAX(MPH)
MISC ----> 43 160 55 170
================================================================================
NOTES:
# LAST OF SEVERAL OCCURRENCES
COLUMN 17 PEAK WIND IN M.P.H.
PRELIMINARY LOCAL CLIMATOLOGICAL DATA (WS FORM: F-6) , PAGE 2
STATION: LONGVIEW
MONTH: APRIL
YEAR: 2022
LATITUDE: 32 22 N
LONGITUDE: 94 43 W
[TEMPERATURE DATA] [PRECIPITATION DATA] SYMBOLS USED IN COLUMN 16
AVERAGE MONTHLY: 67.7 TOTAL FOR MONTH: 2.27 1 = FOG OR MIST
DPTR FM NORMAL: 2.2 DPTR FM NORMAL: -1.62 2 = FOG REDUCING VISIBILITY
HIGHEST: 88 ON 11, 5 GRTST 24HR 0.94 ON 25-25 TO 1/4 MILE OR LESS
LOWEST: 36 ON 9 3 = THUNDER
SNOW, ICE PELLETS, HAIL 4 = ICE PELLETS
TOTAL MONTH: 0.0 INCH 5 = HAIL
GRTST 24HR 0.0 6 = FREEZING RAIN OR DRIZZLE
GRTST DEPTH: 0 7 = DUSTSTORM OR SANDSTORM:
VSBY 1/2 MILE OR LESS
8 = SMOKE OR HAZE
[NO. OF DAYS WITH] [WEATHER - DAYS WITH] 9 = BLOWING SNOW
X = TORNADO
MAX 32 OR BELOW: 0 0.01 INCH OR MORE: 6
MAX 90 OR ABOVE: 0 0.10 INCH OR MORE: 4
MIN 32 OR BELOW: 0 0.50 INCH OR MORE: 2
MIN 0 OR BELOW: 0 1.00 INCH OR MORE: 0
[HDD (BASE 65) ]
TOTAL THIS MO. 44 CLEAR (SCALE 0-3) 14
DPTR FM NORMAL -38 PTCLDY (SCALE 4-7) 14
TOTAL FM JUL 1 1866 CLOUDY (SCALE 8-10) 2
DPTR FM NORMAL -258
[CDD (BASE 65) ]
TOTAL THIS MO. 126
DPTR FM NORMAL 29 [PRESSURE DATA]
TOTAL FM JAN 1 174 HIGHEST SLP 30.36 ON 26
DPTR FM NORMAL 24 LOWEST SLP 29.47 ON 6
[REMARKS]
#FINAL-04-22#