000
CXUS54 KFWD 010830
CF6GKY
PRELIMINARY LOCAL CLIMATOLOGICAL DATA (WS FORM: F-6)
STATION: ARLINGTON
MONTH: NOVEMBER
YEAR: 2023
LATITUDE: 32 39 N
LONGITUDE: 97 6 W
TEMPERATURE IN F: :PCPN: SNOW: WIND :SUNSHINE: SKY :PK WND
================================================================================
1 2 3 4 5 6A 6B 7 8 9 10 11 12 13 14 15 16 17 18
12Z AVG MX 2MIN
DY MAX MIN AVG DEP HDD CDD WTR SNW DPTH SPD SPD DIR MIN PSBL S-S WX SPD DR
================================================================================
1 57 30 44 -18 21 0 0.00 M M 3.6 12 120 M M 0 16 360
2 64 31 48 -13 17 0 0.00 M M 5.9 16 160 M M 0 21 170
3 72 44 58 -3 7 0 0.00 M M 9.1 20 150 M M 0 28 150
4 75 54 65 4 0 0 0.00 M M 7.9 17 140 M M 2 1 23 150
5 80 55 68 8 0 3 0.00 M M 8.2 18 170 M M 2 26 170
6 82 66 74 14 0 9 0.00 M M 11.7 21 160 M M 0 33 180
7 85 63 74 14 0 9 0.00 M M 11.7 21 150 M M 0 30 160
8 86 69 78 19 0 13 0.00 M M 11.5 17 150 M M 1 32 200
9 74 53 64 5 1 0 0.30 M M 10.7 22 340 M M 9 1 28 340
10 61 52 57 -1 8 0 T M M 9.7 17 360 M M 10 1 22 10
11 66 56 61 3 4 0 0.00 M M 6.2 12 50 M M 10 17 60
12 65 49 57 -1 8 0 0.00 M M 2.3 7 40 M M 2 8 10 100
13 67 47 57 -1 8 0 0.00 M M 4.8 13 60 M M 0 16 60
14 71 45 58 1 7 0 0.00 M M 1.3 8 60 M M 1 12 50
15 73 45 59 2 6 0 0.00 M M 1.7 10 50 M M 0 1 13 40
16 61 47 54 -2 11 0 0.00 M M 7.3 14 150 M M 9 1 24 160
17 62 57 60 4 5 0 T M M 8.1 16 150 M M 10 1 22 140
18 71 52 62 6 3 0 0.00 M M 3.6 10 320 M M 3 1 15 340
19 67 49 58 2 7 0 0.06 M M 8.8 21 140 M M 8 1 28 140
20 76 55 66 11 0 1 0.00 M M 12.4 25 320 M M 5 35 320
21 60 43 52 -3 13 0 0.00 M M 15.6 32 320 M M 7 42 360
22 63 37 50 -5 15 0 0.00 M M 5.3 15 310 M M 0 20 300
23 63 36 50 -4 15 0 0.00 M M 6.0 15 150 M M 0 20 150
24 65 37 51 -3 14 0 0.00 M M 2.0 10 110 M M 0 1 14 80
25 62 38 50 -4 15 0 0.16 M M 5.5 15 130 M M 5 1 20 140
26 53 36 45 -9 20 0 T M M 13.3 25 310 M M 3 1 35 310
27 54 28 41 -12 24 0 0.00 M M 2.9 10 30 M M 0 15 30
28 63 35 49 -4 16 0 0.00 M M 3.5 14 140 M M 3 1 19 140
29 67 33 50 -3 15 0 0.00 M M 6.9 17 150 M M 4 24 150
30 65 55 60 8 5 0 0.03 M M 7.1 15 150 M M 8 123 22 150
================================================================================
SM 2030 1397 265 35 0.55 M 214.6 M 102
================================================================================
AV 67.7 46.6 7.2 FASTST M M 3 MAX(MPH)
MISC ----> 32 320 42 360
================================================================================
NOTES:
# LAST OF SEVERAL OCCURRENCES
COLUMN 17 PEAK WIND IN M.P.H.
PRELIMINARY LOCAL CLIMATOLOGICAL DATA (WS FORM: F-6) , PAGE 2
STATION: ARLINGTON
MONTH: NOVEMBER
YEAR: 2023
LATITUDE: 32 39 N
LONGITUDE: 97 6 W
[TEMPERATURE DATA] [PRECIPITATION DATA] SYMBOLS USED IN COLUMN 16
AVERAGE MONTHLY: 57.1 TOTAL FOR MONTH: 0.55 1 = FOG OR MIST
DPTR FM NORMAL: 0.3 DPTR FM NORMAL: -2.07 2 = FOG REDUCING VISIBILITY
HIGHEST: 86 ON 8 GRTST 24HR 0.30 ON 9- 9 TO 1/4 MILE OR LESS
LOWEST: 28 ON 27 3 = THUNDER
SNOW, ICE PELLETS, HAIL 4 = ICE PELLETS
TOTAL MONTH: M 5 = HAIL
GRTST 24HR M ON M 6 = FREEZING RAIN OR DRIZZLE
GRTST DEPTH: M ON M 7 = DUSTSTORM OR SANDSTORM:
VSBY 1/2 MILE OR LESS
8 = SMOKE OR HAZE
[NO. OF DAYS WITH] [WEATHER - DAYS WITH] 9 = BLOWING SNOW
X = TORNADO
MAX 32 OR BELOW: 0 0.01 INCH OR MORE: 4
MAX 90 OR ABOVE: 0 0.10 INCH OR MORE: 2
MIN 32 OR BELOW: 3 0.50 INCH OR MORE: 0
MIN 0 OR BELOW: 0 1.00 INCH OR MORE: 0
[HDD (BASE 65) ]
TOTAL THIS MO. 265 CLEAR (SCALE 0-3) 19
DPTR FM NORMAL -10 PTCLDY (SCALE 4-7) 5
TOTAL FM JUL 1 350 CLOUDY (SCALE 8-10) 6
DPTR FM NORMAL 5
[CDD (BASE 65) ]
TOTAL THIS MO. 35
DPTR FM NORMAL 6 [PRESSURE DATA]
TOTAL FM JAN 1 3405 HIGHEST SLP 30.53 ON 1
DPTR FM NORMAL 587 LOWEST SLP 29.60 ON 20
[REMARKS]
#FINAL-11-23#