000
CXUS54 KMAF 011210
CF6GNC
PRELIMINARY LOCAL CLIMATOLOGICAL DATA (WS FORM: F-6)
STATION: GAINES COUNTY AIRPORT
MONTH: FEBRUARY
YEAR: 2023
LATITUDE: 32 40 N
LONGITUDE: 102 39 W
TEMPERATURE IN F: :PCPN: SNOW: WIND :SUNSHINE: SKY :PK WND
================================================================================
1 2 3 4 5 6A 6B 7 8 9 10 11 12 13 14 15 16 17 18
12Z AVG MX 2MIN
DY MAX MIN AVG DEP HDD CDD WTR SNW DPTH SPD SPD DIR MIN PSBL S-S WX SPD DR
================================================================================
1 31 24 28 M 37 0 0.02 M M 2.7 7 210 M M 7 M M
2 55 30 43 M 22 0 M M M 5.1 14 10 M M 5 22 10
3 58 24 41 M 24 0 M M M 5.9 12 210 M M 0 18 220
4 66 28 47 M 18 0 M M M 8.8 15 230 M M 0 22 230
5 76 30 53 M 12 0 M M M 8.9 20 210 M M 0 25 210
6 78 37 58 M 7 0 M M M 8.9 18 230 M M 0 28 210
7 53 41 47 M 18 0 M M M 14.6 24 50 M M 9 37 30
8 57 36 47 M 18 0 M M M 10.3 20 270 M M 3 28 260
9 54 32 43 M 22 0 M M M 15.2 30 10 M M 3 37 10
10 44 25 35 M 30 0 M M M 10.5 17 340 M M 0 24 350
11 57 20 39 M 26 0 M M M 5.4 10 190 M M 0 16 170
12 67 27 47 M 18 0 M M M 4.6 10 210 M M 0 M M
13 60 36 48 M 17 0 0.01 M M 9.3 21 240 M M 2 28 240
14 65 37 51 M 14 0 M M M 17.9 31 250 M M 0 44 250
15 65 30 48 M 17 0 M M M 9.5 24 280 M M 0 33 280
16 41 20 31 M 34 0 M M M 13.1 20 360 M M 0 26 360
17 49 17 33 M 32 0 M M M 5.3 9 210 M M 0 M M
18 55 33 44 M 21 0 M M M 9.6 17 220 M M 2 23 210
19 59 35 47 M 18 0 0.01 M M 9.9 21 260 M M 3 22 260
20 76 53 65 M 0 0 M M M 19.4 29 250 M M 1 39 250
21 78 51 65 M 0 0 M M M 13.4 26 230 M M 1 33 230
22 71 47 59 M 6 0 M M M 22.2 32 250 M M 0 51 230
23 67 36 52 M 13 0 M M M 11.2 21 110 M M 0 25 110
24 47 30 39 M 26 0 M M M 8.2 14 50 M M 3 20 60
25 51 35 43 M 22 0 M M M 3.4 7 140 M M 5 1 M M
26 85 46 66 M 0 1 M M M 17.8 43 240 M M 6 128 54 240
27 72 33 53 M 12 0 M M M 12.7 21 290 M M 0 26 290
28 75 42 59 M 6 0 M M M 13.3 23 240 M M 0 32 240
================================================================================
SM 1712 935 490 1 0.04 M 297.1 M 50
================================================================================
AV 61.1 33.4 10.6 FASTST M M 2 MAX(MPH)
MISC ----> 43 240 54 240
================================================================================
NOTES:
# LAST OF SEVERAL OCCURRENCES
COLUMN 17 PEAK WIND IN M.P.H.
PRELIMINARY LOCAL CLIMATOLOGICAL DATA (WS FORM: F-6) , PAGE 2
STATION: GAINES COUNTY AIRPORT
MONTH: FEBRUARY
YEAR: 2023
LATITUDE: 32 40 N
LONGITUDE: 102 39 W
[TEMPERATURE DATA] [PRECIPITATION DATA] SYMBOLS USED IN COLUMN 16
AVERAGE MONTHLY: 47.3 TOTAL FOR MONTH: 0.04 1 = FOG OR MIST
DPTR FM NORMAL: 0.0 DPTR FM NORMAL: 0.04 2 = FOG REDUCING VISIBILITY
HIGHEST: 85 ON 26 GRTST 24HR 0.02 ON 1- 1 TO 1/4 MILE OR LESS
LOWEST: 17 ON 17 3 = THUNDER
SNOW, ICE PELLETS, HAIL 4 = ICE PELLETS
TOTAL MONTH: M 5 = HAIL
GRTST 24HR M ON M 6 = FREEZING RAIN OR DRIZZLE
GRTST DEPTH: M ON M 7 = DUSTSTORM OR SANDSTORM:
VSBY 1/2 MILE OR LESS
8 = SMOKE OR HAZE
[NO. OF DAYS WITH] [WEATHER - DAYS WITH] 9 = BLOWING SNOW
X = TORNADO
MAX 32 OR BELOW: 1 0.01 INCH OR MORE: 3
MAX 90 OR ABOVE: 0 0.10 INCH OR MORE: 0
MIN 32 OR BELOW: 13 0.50 INCH OR MORE: 0
MIN 0 OR BELOW: 0 1.00 INCH OR MORE: 0
[HDD (BASE 65) ]
TOTAL THIS MO. 490 CLEAR (SCALE 0-3) 21
DPTR FM NORMAL M PTCLDY (SCALE 4-7) 6
TOTAL FM JUL 1 2287 CLOUDY (SCALE 8-10) 1
DPTR FM NORMAL M
[CDD (BASE 65) ]
TOTAL THIS MO. 1
DPTR FM NORMAL M [PRESSURE DATA]
TOTAL FM JAN 1 1 HIGHEST SLP M ON M
DPTR FM NORMAL M LOWEST SLP M ON M
[REMARKS]
#FINAL-02-23#