000
CXUS54 KMAF 011110
CF6GNC
PRELIMINARY LOCAL CLIMATOLOGICAL DATA (WS FORM: F-6)
STATION: GAINES COUNTY AIRPORT
MONTH: AUGUST
YEAR: 2022
LATITUDE: 32 40 N
LONGITUDE: 102 39 W
TEMPERATURE IN F: :PCPN: SNOW: WIND :SUNSHINE: SKY :PK WND
================================================================================
1 2 3 4 5 6A 6B 7 8 9 10 11 12 13 14 15 16 17 18
12Z AVG MX 2MIN
DY MAX MIN AVG DEP HDD CDD WTR SNW DPTH SPD SPD DIR MIN PSBL S-S WX SPD DR
================================================================================
1 100 76 88 M 0 23 M M M 10.9 17 190 M M 0 23 140
2 100 79 90 M 0 25 M M M 10.0 16 190 M M 0 21 160
3 103 75 89 M 0 24 M M M 8.9 13 180 M M 0 22 120
4 101 78 90 M 0 25 M M M 6.9 14 80 M M 1 20 140
5 100 76 88 M 0 23 M M M 6.6 15 130 M M 1 25 160
6 98 72 85 M 0 20 M M M 8.8 14 170 M M 1 23 130
7 95 72 84 M 0 19 M M M 8.1 15 160 M M 1 23 120
8 95 73 84 M 0 19 M M M 7.6 15 110 M M 3 20 180
9 95 73 84 M 0 19 M M M 5.9 22 90 M M 4 35 90
10 91 74 83 M 0 18 0.01 M M 7.0 13 60 M M 2 18 60
11 94 71 83 M 0 18 0.09 M M 6.5 16 30 M M 4 23 80
12 95 67 81 M 0 16 M M M 7.0 15 70 M M 1 18 70
13 96 70 83 M 0 18 M M M 5.4 9 110 M M 0 M M
14 97 71 84 M 0 19 M M M 5.8 13 130 M M 1 20 130
15 93 70 82 M 0 17 M M M 7.6 16 150 M M 0 21 120
16 87 70 79 M 0 14 M M M 5.8 12 140 M M 1 22 120
17 94 67 81 M 0 16 0.06 M M 5.4 15 150 M M 3 21 180
18 84 69 77 M 0 12 M M M 8.8 16 40 M M 4 21 40
19 88 69 79 M 0 14 M M M 3.9 14 170 M M 4 21 170
20 78 68 73 M 0 8 0.72 M M 6.9 15 110 M M 5 22 60
21 86 68 77 M 0 12 M M M 7.8 14 360 M M 7 22 360
22 78 67 73 M 0 8 0.06 M M 10.4 15 60 M M 8 1 23 50
23 84 66 75 M 0 10 M M M 6.6 12 90 M M 5 17 20
24 86 65 76 M 0 11 M M M 4.6 10 70 M M 2 21 30
25 89 67 78 M 0 13 M M M 5.7 10 100 M M 2 18 0
26 90 67 79 M 0 14 M M M 4.0 10 180 M M 2 M M
27 93 70 82 M 0 17 M M M 7.5 14 200 M M 1 20 190
28 97 72 85 M 0 20 M M M 9.6 22 130 M M 1 26 130
29 93 66 80 M 0 15 0.02 M M 7.5 21 20 M M 2 45 20
30 76 66 71 M 0 6 0.04 M M 9.5 18 40 M M 7 25 50
31 77 66 72 M 0 7 M M M 5.3 14 10 M M 7 20 10
================================================================================
SM 2833 2180 0 500 1.00 M 222.2 M 80
================================================================================
AV 91.4 70.3 7.2 FASTST M M 3 MAX(MPH)
MISC ----> # 22 90 45 20
================================================================================
NOTES:
# LAST OF SEVERAL OCCURRENCES
COLUMN 17 PEAK WIND IN M.P.H.
PRELIMINARY LOCAL CLIMATOLOGICAL DATA (WS FORM: F-6) , PAGE 2
STATION: GAINES COUNTY AIRPORT
MONTH: AUGUST
YEAR: 2022
LATITUDE: 32 40 N
LONGITUDE: 102 39 W
[TEMPERATURE DATA] [PRECIPITATION DATA] SYMBOLS USED IN COLUMN 16
AVERAGE MONTHLY: 80.9 TOTAL FOR MONTH: 1.00 1 = FOG OR MIST
DPTR FM NORMAL: 0.0 DPTR FM NORMAL: M 2 = FOG REDUCING VISIBILITY
HIGHEST: 103 ON 3 GRTST 24HR 0.72 ON 20-20 TO 1/4 MILE OR LESS
LOWEST: 65 ON 24 3 = THUNDER
SNOW, ICE PELLETS, HAIL 4 = ICE PELLETS
TOTAL MONTH: M 5 = HAIL
GRTST 24HR M ON M 6 = FREEZING RAIN OR DRIZZLE
GRTST DEPTH: M ON M 7 = DUSTSTORM OR SANDSTORM:
VSBY 1/2 MILE OR LESS
8 = SMOKE OR HAZE
[NO. OF DAYS WITH] [WEATHER - DAYS WITH] 9 = BLOWING SNOW
X = TORNADO
MAX 32 OR BELOW: 0 0.01 INCH OR MORE: 7
MAX 90 OR ABOVE: 20 0.10 INCH OR MORE: 1
MIN 32 OR BELOW: 0 0.50 INCH OR MORE: 1
MIN 0 OR BELOW: 0 1.00 INCH OR MORE: 0
[HDD (BASE 65) ]
TOTAL THIS MO. 0 CLEAR (SCALE 0-3) 19
DPTR FM NORMAL M PTCLDY (SCALE 4-7) 11
TOTAL FM JUL 1 0 CLOUDY (SCALE 8-10) 1
DPTR FM NORMAL M
[CDD (BASE 65) ]
TOTAL THIS MO. 500
DPTR FM NORMAL M [PRESSURE DATA]
TOTAL FM JAN 1 2160 HIGHEST SLP M ON M
DPTR FM NORMAL M LOWEST SLP M ON M
[REMARKS]
#FINAL-08-22#