000
CXUS54 KMAF 011210
CF6GNC
PRELIMINARY LOCAL CLIMATOLOGICAL DATA (WS FORM: F-6)
STATION: GAINES COUNTY AIRPORT
MONTH: DECEMBER
YEAR: 2023
LATITUDE: 32 40 N
LONGITUDE: 102 39 W
TEMPERATURE IN F: :PCPN: SNOW: WIND :SUNSHINE: SKY :PK WND
================================================================================
1 2 3 4 5 6A 6B 7 8 9 10 11 12 13 14 15 16 17 18
12Z AVG MX 2MIN
DY MAX MIN AVG DEP HDD CDD WTR SNW DPTH SPD SPD DIR MIN PSBL S-S WX SPD DR
================================================================================
1 65 32 49 M 16 0 M M M 8.5 21 260 M M 0 28 260
2 62 37 50 M 15 0 M M M 12.6 26 270 M M 2 32 270
3 66 32 49 M 16 0 M M M 10.5 18 270 M M 0 23 260
4 64 29 47 M 18 0 M M M 5.9 14 190 M M 0 16 170
5 65 37 51 M 14 0 M M M 4.7 10 70 M M 0 M M
6 68 32 50 M 15 0 M M M 5.3 13 180 M M 0 16 190
7 78 42 60 M 5 0 M M M 8.7 17 260 M M 0 25 260
8 76 37 57 M 8 0 M M M 9.0 20 260 M M 0 8 25 260
9 51 32 42 M 23 0 M M M 11.8 23 360 M M 1 29 360
10 53 23 38 M 27 0 M M M 9.5 20 220 M M 0 25 220
11 66 29 48 M 17 0 M M M 6.5 10 290 M M 0 17 290
12 55 33 44 M 21 0 0.05 M M 8.0 14 150 M M 4 1 23 120
13 52 48 50 M 15 0 0.25 M M 13.3 20 120 M M 10 1 28 120
14 48 40 44 M 21 0 0.22 M M 10.5 21 100 M M 10 1 25 90
15 55 32 44 M 21 0 M M M 4.8 12 340 M M 3 12 16 340
16 61 33 47 M 18 0 M M M 8.2 13 250 M M 0 17 250
17 67 34 51 M 14 0 M M M 6.8 13 300 M M 0 M M
18 57 37 47 M 18 0 M M M 7.5 10 130 M M 0 M M
19 63 38 51 M 14 0 M M M 6.0 15 190 M M 0 20 190
20 64 36 50 M 15 0 M M M 3.7 9 160 M M 1 M M
21 66 46 56 M 9 0 M M M 1.8 6 250 M M 3 1 M M
22 67 39 53 M 12 0 M M M 5.1 14 150 M M 0 1 M M
23 63 48 56 M 9 0 0.57 M M 11.1 15 180 M M 7 24 180
24 56 35 46 M 19 0 M M M 12.0 23 300 M M 0 30 300
25 44 31 38 M 27 0 M M M 5.7 10 360 M M 2 M M
26 49 28 39 M 26 0 M M M 8.5 21 300 M M 0 25 280
27 56 30 43 M 22 0 M M M 7.9 14 350 M M 0 18 350
28 55 29 42 M 23 0 M M M 5.4 10 320 M M 0 17 290
29 60 26 43 M 22 0 M M M 7.6 13 260 M M 0 16 280
30 66 30 48 M 17 0 M M M 8.6 13 250 M M 0 17 230
31 61 33 47 M 18 0 M M M 5.5 10 60 M M 0 16 60
================================================================================
SM 1879 1068 535 0 1.09 M 241.0 M 43
================================================================================
AV 60.6 34.5 7.8 FASTST M M 1 MAX(MPH)
MISC ----> 26 270 32 270
================================================================================
NOTES:
# LAST OF SEVERAL OCCURRENCES
COLUMN 17 PEAK WIND IN M.P.H.
PRELIMINARY LOCAL CLIMATOLOGICAL DATA (WS FORM: F-6) , PAGE 2
STATION: GAINES COUNTY AIRPORT
MONTH: DECEMBER
YEAR: 2023
LATITUDE: 32 40 N
LONGITUDE: 102 39 W
[TEMPERATURE DATA] [PRECIPITATION DATA] SYMBOLS USED IN COLUMN 16
AVERAGE MONTHLY: 47.5 TOTAL FOR MONTH: 1.09 1 = FOG OR MIST
DPTR FM NORMAL: 0.0 DPTR FM NORMAL: M 2 = FOG REDUCING VISIBILITY
HIGHEST: 78 ON 7 GRTST 24HR 0.57 ON 23-23 TO 1/4 MILE OR LESS
LOWEST: 23 ON 10 3 = THUNDER
SNOW, ICE PELLETS, HAIL 4 = ICE PELLETS
TOTAL MONTH: M 5 = HAIL
GRTST 24HR M ON M 6 = FREEZING RAIN OR DRIZZLE
GRTST DEPTH: M ON M 7 = DUSTSTORM OR SANDSTORM:
VSBY 1/2 MILE OR LESS
8 = SMOKE OR HAZE
[NO. OF DAYS WITH] [WEATHER - DAYS WITH] 9 = BLOWING SNOW
X = TORNADO
MAX 32 OR BELOW: 0 0.01 INCH OR MORE: 4
MAX 90 OR ABOVE: 0 0.10 INCH OR MORE: 3
MIN 32 OR BELOW: 14 0.50 INCH OR MORE: 1
MIN 0 OR BELOW: 0 1.00 INCH OR MORE: 0
[HDD (BASE 65) ]
TOTAL THIS MO. 535 CLEAR (SCALE 0-3) 26
DPTR FM NORMAL M PTCLDY (SCALE 4-7) 3
TOTAL FM JUL 1 1026 CLOUDY (SCALE 8-10) 2
DPTR FM NORMAL M
[CDD (BASE 65) ]
TOTAL THIS MO. 0
DPTR FM NORMAL M [PRESSURE DATA]
TOTAL FM JAN 1 2594 HIGHEST SLP M ON M
DPTR FM NORMAL M LOWEST SLP M ON M
[REMARKS]
#FINAL-12-23#