275
CXUS54 KOUN 010910
CF6GOK
PRELIMINARY LOCAL CLIMATOLOGICAL DATA (WS FORM: F-6)
STATION: GUTHRIE MUNICIPAL
MONTH: JANUARY
YEAR: 2021
LATITUDE: 35 50 N
LONGITUDE: 97 25 W
TEMPERATURE IN F: :PCPN: SNOW: WIND :SUNSHINE: SKY :PK WND
================================================================================
1 2 3 4 5 6A 6B 7 8 9 10 11 12 13 14 15 16 17 18
12Z AVG MX 2MIN
DY MAX MIN AVG DEP HDD CDD WTR SNW DPTH SPD SPD DIR MIN PSBL S-S WX SPD DR
================================================================================
1 34 31 33 -4 32 0 0.42 M M 6.9 16 360 M M 10 136 27 350
2 43 31 37 0 28 0 0.04 M M 4.3 10 230 M M 5 1 13 240
3 43 27 35 -2 30 0 0.00 M M 4.3 10 140 M M 0 1 15 140
4 58 29 44 7 21 0 0.00 M M 4.5 14 330 M M 0 1 21 320
5 M M M M M M M M M M M M M M M M M
6 49 41 45 8 20 0 0.00 M M 7.0 16 150 M M 10 24 160
7 42 37 40 3 25 0 T M M 6.6 13 360 M M 10 1 22 20
8 39 23 31 -6 34 0 0.00 M M 5.4 10 20 M M 7 1 16 330
9 43 20 32 -5 33 0 0.00 M M 2.4 8 30 M M 0 18 10 20
10 39 28 34 -3 31 0 0.00 M M 3.4 9 360 M M 5 1 14 340
11 47 21 34 -3 31 0 0.00 M M 3.8 12 270 M M 2 1 16 250
12 53 28 41 4 24 0 0.00 0.0 M 6.8 13 260 M M 0 15 230
13 59 28 44 7 21 0 0.00 0.0 M 9.9 17 240 M M 0 1 22 240
14 53 37 45 8 20 0 0.00 M M 11.7 26 330 M M 0 39 320
15 44 32 38 1 27 0 0.00 M M 14.1 29 310 M M 3 42 310
16 50 24 37 0 28 0 0.00 M M 4.7 13 250 M M 2 17 280
17 53 30 42 5 23 0 0.00 M M 7.5 23 300 M M 1 33 300
18 58 29 44 7 21 0 0.00 M M 7.6 17 220 M M 3 25 210
19 48 27 38 0 27 0 0.00 M M 4.7 13 360 M M 3 20 10
20 46 25 36 -2 29 0 T M M 8.5 25 180 M M 5 31 180
21 52 34 43 5 22 0 0.00 0.0 0 3.9 10 80 M M 2 1 13 100
22 53 33 43 5 22 0 0.00 M M 8.1 17 80 M M 0 1 21 70
23 49 34 42 4 23 0 0.00 0.0 0 10.0 20 160 M M 10 1 26 170
24 52 42 47 9 18 0 0.23 0.0 M 7.7 21 190 M M 10 138 26 210
25 52 32 42 4 23 0 0.31 0.0 M 9.2 18 290 M M 9 13 23 290
26 34 27 31 -7 34 0 0.00 0.0 M 6.2 12 40 M M 7 1 17 320
27 35 23 29 -9 36 0 0.00 0.0 M 7.2 15 310 M M 6 22 330
28 46 18 32 -7 33 0 0.00 M M 7.1 15 180 M M 0 19 190
29 57 34 46 7 19 0 0.00 M M 16.4 28 180 M M 1 40 180
30 64 39 52 13 13 0 0.33 M M 13.1 26 260 M M 5 13 36 250
31 47 29 38 -1 27 0 M M M 9.0 18 340 M M 5 29 350
================================================================================
SM 1442 893 775 0 1.33 0.0 222.0 M 121
================================================================================
AV 48.1 29.8 7.4 FASTST M M 4 MAX(MPH)
MISC ----> 29 310 42 310
================================================================================
NOTES:
# LAST OF SEVERAL OCCURRENCES
COLUMN 17 PEAK WIND IN M.P.H.
PRELIMINARY LOCAL CLIMATOLOGICAL DATA (WS FORM: F-6) , PAGE 2
STATION: GUTHRIE MUNICIPAL
MONTH: JANUARY
YEAR: 2021
LATITUDE: 35 50 N
LONGITUDE: 97 25 W
[TEMPERATURE DATA] [PRECIPITATION DATA] SYMBOLS USED IN COLUMN 16
AVERAGE MONTHLY: 38.9 TOTAL FOR MONTH: 1.33 1 = FOG OR MIST
DPTR FM NORMAL: 1.4 DPTR FM NORMAL: 0.03 2 = FOG REDUCING VISIBILITY
HIGHEST: 64 ON 30 GRTST 24HR 1.19 ON 31- 1 TO 1/4 MILE OR LESS
LOWEST: 18 ON 28 3 = THUNDER
SNOW, ICE PELLETS, HAIL 4 = ICE PELLETS
TOTAL MONTH: 0.0 INCH 5 = HAIL
GRTST 24HR 0.0 6 = FREEZING RAIN OR DRIZZLE
GRTST DEPTH: 0 7 = DUSTSTORM OR SANDSTORM:
VSBY 1/2 MILE OR LESS
8 = SMOKE OR HAZE
[NO. OF DAYS WITH] [WEATHER - DAYS WITH] 9 = BLOWING SNOW
X = TORNADO
MAX 32 OR BELOW: 0 0.01 INCH OR MORE: 5
MAX 90 OR ABOVE: 0 0.10 INCH OR MORE: 4
MIN 32 OR BELOW: 21 0.50 INCH OR MORE: 0
MIN 0 OR BELOW: 0 1.00 INCH OR MORE: 0
[HDD (BASE 65) ]
TOTAL THIS MO. 775 CLEAR (SCALE 0-3) 16
DPTR FM NORMAL -76 PTCLDY (SCALE 4-7) 8
TOTAL FM JUL 1 2119 CLOUDY (SCALE 8-10) 7
DPTR FM NORMAL -161
[CDD (BASE 65) ]
TOTAL THIS MO. 0
DPTR FM NORMAL 0 [PRESSURE DATA]
TOTAL FM JAN 1 0 HIGHEST SLP 30.63 ON 28
DPTR FM NORMAL 0 LOWEST SLP 29.46 ON 30
[REMARKS]
#FINAL-01-21#