000
CXUS54 KFWD 010731
CF6GOP
PRELIMINARY LOCAL CLIMATOLOGICAL DATA (WS FORM: F-6)
STATION: GATESVILLE
MONTH: APRIL
YEAR: 2021
LATITUDE: 31 25 N
LONGITUDE: 97 48 W
TEMPERATURE IN F: :PCPN: SNOW: WIND :SUNSHINE: SKY :PK WND
================================================================================
1 2 3 4 5 6A 6B 7 8 9 10 11 12 13 14 15 16 17 18
12Z AVG MX 2MIN
DY MAX MIN AVG DEP HDD CDD WTR SNW DPTH SPD SPD DIR MIN PSBL S-S WX SPD DR
================================================================================
1 68 34 51 -9 14 0 0.00 M M 2.2 9 80 M M 0 13 0
2 70 37 54 -6 11 0 0.00 M M 5.7 12 140 M M 1 21 99
3 64 50 57 -4 8 0 0.00 M M 6.4 12 150 M M 5 18 120
4 70 55 63 2 2 0 0.00 M M 5.3 10 180 M M 5 12 150
5 79 52 66 5 0 1 0.00 M M 7.8 15 190 M M 3 1 22 200
6 84 66 75 13 0 10 0.00 M M 13.9 18 160 M M 5 30 160
7 82 52 67 5 0 2 0.00 M M 8.9 16 180 M M 3 24 180
8 88 43 66 4 0 1 0.04 M M 5.2 15 160 M M 1 24 160
9 93 66 80 18 0 15 0.02 M M 9.6 17 190 M M 1 1 33 310
10 75 50 63 0 2 0 0.00 M M 8.4 16 340 M M 0 26 340
11 86 43 65 2 0 0 0.00 M M 5.5 12 140 M M 0 18 140
12 86 59 73 10 0 8 0.00 0.0 M 4.7 12 50 M M 1 8 15 0
13 77 59 68 4 0 3 0.00 M M 5.0 12 350 M M 5 15 10
14 77 61 69 5 0 4 0.00 M M 5.7 12 350 M M 6 1 17 350
15 61 57 59 -5 6 0 0.91 M M 6.1 9 50 M M 9 1 26 90
16 66 54 60 -4 5 0 0.31 M M 6.9 17 350 M M 9 13 28 340
17 55 48 52 -13 13 0 0.00 M M 10.1 16 350 M M 2 23 10
18 68 43 56 -9 9 0 0.00 M M 4.7 12 340 M M 0 18 340
19 72 43 58 -7 7 0 0.00 M M 3.1 7 160 M M 1 15 99
20 70 45 58 -8 7 0 0.00 M M 11.3 18 330 M M 0 24 340
21 55 37 46 -20 19 0 0.00 M M 5.8 10 50 M M 3 20 20
22 61 43 52 -14 13 0 M M M 4.5 9 140 M M 6 15 140
23 73 61 67 1 0 2 0.11 M M 5.5 12 140 M M 7 12 18 140
24 77 54 66 -1 0 1 M M M 8.0 15 330 M M 1 1 22 330
25 84 50 67 0 0 2 0.00 M M 6.0 13 150 M M 0 1 18 150
26 82 64 73 6 0 8 0.00 M M 10.9 17 150 M M 2 24 150
27 77 70 74 7 0 9 M M M 10.3 17 150 M M 7 1 24 150
28 82 72 77 9 0 12 0.00 M M 8.5 15 180 M M 6 1 26 160
29 75 64 70 2 0 5 1.17 M M 5.6 13 350 M M 9 13 18 360
30 70 63 67 -1 0 2 0.05 M M 4.7 10 360 M M 8 1 15 340
================================================================================
SM 2227 1595 116 85 2.61 0.0 206.3 M 106
================================================================================
AV 74.2 53.2 6.9 FASTST M M 4 MAX(MPH)
MISC ----> # 18 160 33 310
================================================================================
NOTES:
# LAST OF SEVERAL OCCURRENCES
COLUMN 17 PEAK WIND IN M.P.H.
PRELIMINARY LOCAL CLIMATOLOGICAL DATA (WS FORM: F-6) , PAGE 2
STATION: GATESVILLE
MONTH: APRIL
YEAR: 2021
LATITUDE: 31 25 N
LONGITUDE: 97 48 W
[TEMPERATURE DATA] [PRECIPITATION DATA] SYMBOLS USED IN COLUMN 16
AVERAGE MONTHLY: 63.7 TOTAL FOR MONTH: 2.61 1 = FOG OR MIST
DPTR FM NORMAL: -0.5 DPTR FM NORMAL: M 2 = FOG REDUCING VISIBILITY
HIGHEST: 93 ON 9 GRTST 24HR 1.17 ON 29-29 TO 1/4 MILE OR LESS
LOWEST: 34 ON 1 3 = THUNDER
SNOW, ICE PELLETS, HAIL 4 = ICE PELLETS
TOTAL MONTH: 0.0 INCH 5 = HAIL
GRTST 24HR 0.0 6 = FREEZING RAIN OR DRIZZLE
GRTST DEPTH: M ON M 7 = DUSTSTORM OR SANDSTORM:
VSBY 1/2 MILE OR LESS
8 = SMOKE OR HAZE
[NO. OF DAYS WITH] [WEATHER - DAYS WITH] 9 = BLOWING SNOW
X = TORNADO
MAX 32 OR BELOW: 0 0.01 INCH OR MORE: 7
MAX 90 OR ABOVE: 1 0.10 INCH OR MORE: 4
MIN 32 OR BELOW: 0 0.50 INCH OR MORE: 2
MIN 0 OR BELOW: 0 1.00 INCH OR MORE: 1
[HDD (BASE 65) ]
TOTAL THIS MO. 116 CLEAR (SCALE 0-3) 15
DPTR FM NORMAL 14 PTCLDY (SCALE 4-7) 11
TOTAL FM JUL 1 2206 CLOUDY (SCALE 8-10) 4
DPTR FM NORMAL -238
[CDD (BASE 65) ]
TOTAL THIS MO. 85
DPTR FM NORMAL 5 [PRESSURE DATA]
TOTAL FM JAN 1 125 HIGHEST SLP M ON M
DPTR FM NORMAL 23 LOWEST SLP M ON M
[REMARKS]
#FINAL-04-21#