000
CXUS53 KGRB 011613
CF6GRB
PRELIMINARY LOCAL CLIMATOLOGICAL DATA (WS FORM: F-6)
STATION: GREEN BAY WI
MONTH: NOVEMBER
YEAR: 2021
LATITUDE: 44 28 N
LONGITUDE: 88 8 W
TEMPERATURE IN F: :PCPN: SNOW: WIND :SUNSHINE: SKY :PK WND
================================================================================
1 2 3 4 5 6A 6B 7 8 9 10 11 12 13 14 15 16 17 18
12Z AVG MX 2MIN
DY MAX MIN AVG DEP HDD CDD WTR SNW DPTH SPD SPD DIR MIN PSBL S-S WX SPD DR
================================================================================
1 46 32 39 -3 26 0 0.00 0.0 0 12.1 22 270 M M 3 31 270
2 45 25 35 -7 30 0 0.00 0.0 0 9.8 20 280 M M 2 27 280
3 43 24 34 -8 31 0 0.00 0.0 0 4.3 13 290 M M 6 16 290
4 48 24 36 -5 29 0 0.00 0.0 0 4.4 15 200 M M 4 23 220
5 53 30 42 1 23 0 0.00 0.0 0 9.8 23 190 M M 2 33 210
6 62 42 52 12 13 0 0.00 0.0 0 10.8 20 210 M M 2 30 190
7 66 37 52 12 13 0 0.00 0.0 0 6.3 15 210 M M 0 1 22 200
8 67 43 55 16 10 0 0.00 0.0 0 5.9 15 360 M M 0 20 360
9 54 28 41 2 24 0 0.00 0.0 0 4.5 9 20 M M 0 12 340
10 55 24 40 1 25 0 T 0.0 0 6.9 23 120 M M 3 31 130
11 54 34 44 6 21 0 0.21 0.0 0 15.4 28 140 M M 9 1 39 130
12 42 33 38 0 27 0 T 0.0 0 8.0 18 220 M M 8 27 220
13 40 33 37 0 28 0 T T 0 11.8 18 260 M M 8 26 280
14 36 29 33 -4 32 0 0.31 3.9 2 9.5 17 350 M M 8 168 25 350
15 37 24 31 -5 34 0 0.00 0.0 3 6.1 12 280 M M 0 15 280
16 48 21 35 -1 30 0 0.00 0.0 0 8.7 24 150 M M 4 34 150
17 50 35 43 7 22 0 0.00 0.0 0 12.1 24 270 M M 5 8 37 270
18 36 27 32 -3 33 0 T T 0 14.2 28 260 M M 9 36 260
19 36 22 29 -6 36 0 0.00 0.0 0 7.8 15 170 M M 0 21 180
20 44 25 35 1 30 0 0.00 0.0 0 7.2 14 210 M M 5 21 210
21 43 24 34 0 31 0 0.01 0.0 0 11.4 35 300 M M 5 46 300
22 32 19 26 -7 39 0 0.00 0.0 0 12.6 22 280 M M 1 32 290
23 42 16 29 -4 36 0 0.00 0.0 0 9.5 20 190 M M 2 31 200
24 48 37 43 11 22 0 0.00 0.0 0 9.2 21 200 M M 1 32 200
25 43 17 30 -2 35 0 0.04 0.4 T 12.3 21 320 M M 8 18 33 310
26 28 14 21 -11 44 0 0.00 0.0 T 5.8 12 300 M M 5 16 290
27 34 25 30 -1 35 0 0.01 0.1 T 5.9 14 320 M M 10 1 18 330
28 40 18 29 -2 36 0 0.00 0.0 T 10.2 24 300 M M 2 36 290
29 35 16 26 -4 39 0 0.23 2.0 2 5.0 15 110 M M 7 1 23 140
30 38 26 32 2 33 0 0.00 0.0 2 9.3 22 310 M M 3 1 30 300
================================================================================
SM 1345 804 867 0 0.81 6.4 266.8 M 122
================================================================================
AV 44.8 26.8 8.9 FASTST M M 4 MAX(MPH)
MISC ----> 35 300 46 300
================================================================================
NOTES:
# LAST OF SEVERAL OCCURRENCES
COLUMN 17 PEAK WIND IN M.P.H.
PRELIMINARY LOCAL CLIMATOLOGICAL DATA (WS FORM: F-6) , PAGE 2
STATION: GREEN BAY WI
MONTH: NOVEMBER
YEAR: 2021
LATITUDE: 44 28 N
LONGITUDE: 88 8 W
[TEMPERATURE DATA] [PRECIPITATION DATA] SYMBOLS USED IN COLUMN 16
AVERAGE MONTHLY: 35.8 TOTAL FOR MONTH: 0.81 1 = FOG OR MIST
DPTR FM NORMAL: -0.4 DPTR FM NORMAL: -1.17 2 = FOG REDUCING VISIBILITY
HIGHEST: 67 ON 8 GRTST 24HR 0.31 ON 14-14 TO 1/4 MILE OR LESS
LOWEST: 14 ON 26 3 = THUNDER
SNOW, ICE PELLETS, HAIL 4 = ICE PELLETS
TOTAL MONTH: 6.4 INCHES 5 = HAIL
GRTST 24HR 3.9 ON 14-14 6 = FREEZING RAIN OR DRIZZLE
GRTST DEPTH: 3 ON 15 7 = DUSTSTORM OR SANDSTORM:
VSBY 1/2 MILE OR LESS
8 = SMOKE OR HAZE
[NO. OF DAYS WITH] [WEATHER - DAYS WITH] 9 = BLOWING SNOW
X = TORNADO
MAX 32 OR BELOW: 2 0.01 INCH OR MORE: 6
MAX 90 OR ABOVE: 0 0.10 INCH OR MORE: 3
MIN 32 OR BELOW: 22 0.50 INCH OR MORE: 0
MIN 0 OR BELOW: 0 1.00 INCH OR MORE: 0
[HDD (BASE 65) ]
TOTAL THIS MO. 867 CLEAR (SCALE 0-3) 14
DPTR FM NORMAL 3 PTCLDY (SCALE 4-7) 10
TOTAL FM JUL 1 1268 CLOUDY (SCALE 8-10) 6
DPTR FM NORMAL -313
[CDD (BASE 65) ]
TOTAL THIS MO. 0
DPTR FM NORMAL 0 [PRESSURE DATA]
TOTAL FM JAN 1 678 HIGHEST SLP 30.48 ON 19
DPTR FM NORMAL 170 LOWEST SLP 29.30 ON 11
[REMARKS]
#FINAL-11-21#