000
CXUS53 KGID 011139
CF6GRI
PRELIMINARY LOCAL CLIMATOLOGICAL DATA (WS FORM: F-6)
STATION: GRAND ISLAND NE
MONTH: AUGUST
YEAR: 2021
LATITUDE: 40 58 N
LONGITUDE: 98 19 W
TEMPERATURE IN F: :PCPN: SNOW: WIND :SUNSHINE: SKY :PK WND
================================================================================
1 2 3 4 5 6A 6B 7 8 9 10 11 12 13 14 15 16 17 18
12Z AVG MX 2MIN
DY MAX MIN AVG DEP HDD CDD WTR SNW DPTH SPD SPD DIR MIN PSBL S-S WX SPD DR
================================================================================
1 84 60 72 -5 0 7 0.00 0.0 0 6.9 15 40 M M 0 18 22 40
2 82 55 69 -8 0 4 0.00 0.0 0 5.5 12 140 M M 0 18 16 130
3 83 61 72 -4 0 7 0.00 0.0 0 10.8 17 140 M M 2 8 24 130
4 91 64 78 2 0 13 T 0.0 0 12.0 23 170 M M 2 38 32 170
5 93 66 80 4 0 15 0.00 0.0 0 6.4 14 210 M M 1 20 220
6 95 67 81 5 0 16 0.00 0.0 0 12.4 24 170 M M 0 35 170
7 87 68 78 2 0 13 1.10 0.0 0 10.4 36 180 M M 4 13 51 170
8 92 65 79 3 0 14 0.52 0.0 0 10.4 26 160 M M 1 13 36 160
9 96 69 83 7 0 18 0.00 0.0 0 10.2 17 240 M M 0 8 25 240
10 88 70 79 3 0 14 0.00 0.0 0 7.5 21 210 M M 0 31 220
11 88 67 78 2 0 13 0.00 0.0 0 8.3 17 30 M M 0 22 30
12 89 64 77 1 0 12 0.00 0.0 0 8.8 21 40 M M 0 27 40
13 85 61 73 -2 0 8 0.00 0.0 0 5.1 10 140 M M 1 15 150
14 84 57 71 -4 0 6 0.00 0.0 0 8.8 17 150 M M 1 25 160
15 85 65 75 0 0 10 0.54 0.0 0 10.9 24 150 M M 2 13 33 160
16 88 66 77 2 0 12 0.00 0.0 0 11.1 16 170 M M 0 25 150
17 89 66 78 3 0 13 0.00 0.0 0 11.6 20 190 M M 0 1 27 170
18 86 67 77 3 0 12 0.00 0.0 0 11.8 21 180 M M 1 18 29 160
19 87 69 78 4 0 13 0.00 0.0 0 10.9 22 140 M M 3 1 31 160
20 85 64 75 1 0 10 1.81 0.0 0 9.1 29 290 M M 5 13 39 250
21 78 57 68 -6 0 3 0.00 0.0 0 7.6 16 340 M M 0 21 340
22 87 62 75 1 0 10 0.00 0.0 0 12.4 25 220 M M 3 3 36 220
23 90 64 77 3 0 12 0.00 0.0 0 10.6 21 220 M M 0 29 150
24 93 70 82 9 0 17 0.00 0.0 0 8.4 18 170 M M 0 27 150
25 86 65 76 3 0 11 0.00 0.0 0 10.5 21 90 M M 3 13 27 100
26 93 70 82 9 0 17 0.00 0.0 0 8.9 25 220 M M 3 36 210
27 93 74 84 11 0 19 0.00 0.0 0 10.3 20 220 M M 1 3 27 220
28 94 67 81 9 0 16 0.17 0.0 0 15.8 29 40 M M 1 13 40 10
29 80 66 73 1 0 8 0.39 0.0 0 5.9 14 90 M M 6 13 18 90
30 85 66 76 4 0 11 0.00 0.0 0 8.0 16 160 M M 5 1 24 160
31 80 63 72 0 0 7 0.00 0.0 0 9.5 31 30 M M 2 3 44 30
================================================================================
SM 2716 2015 0 361 4.53 0.0 296.8 M 47
================================================================================
AV 87.6 65.0 9.6 FASTST M M 2 MAX(MPH)
MISC ----> 36 180 51 170
================================================================================
NOTES:
# LAST OF SEVERAL OCCURRENCES
COLUMN 17 PEAK WIND IN M.P.H.
PRELIMINARY LOCAL CLIMATOLOGICAL DATA (WS FORM: F-6) , PAGE 2
STATION: GRAND ISLAND NE
MONTH: AUGUST
YEAR: 2021
LATITUDE: 40 58 N
LONGITUDE: 98 19 W
[TEMPERATURE DATA] [PRECIPITATION DATA] SYMBOLS USED IN COLUMN 16
AVERAGE MONTHLY: 76.3 TOTAL FOR MONTH: 4.53 1 = FOG OR MIST
DPTR FM NORMAL: 1.7 DPTR FM NORMAL: 1.33 2 = FOG REDUCING VISIBILITY
HIGHEST: 96 ON 9 GRTST 24HR 1.81 ON 20-20 TO 1/4 MILE OR LESS
LOWEST: 55 ON 2 3 = THUNDER
SNOW, ICE PELLETS, HAIL 4 = ICE PELLETS
TOTAL MONTH: 0.0 INCH 5 = HAIL
GRTST 24HR 0.0 6 = FREEZING RAIN OR DRIZZLE
GRTST DEPTH: 0 7 = DUSTSTORM OR SANDSTORM:
VSBY 1/2 MILE OR LESS
8 = SMOKE OR HAZE
[NO. OF DAYS WITH] [WEATHER - DAYS WITH] 9 = BLOWING SNOW
X = TORNADO
MAX 32 OR BELOW: 0 0.01 INCH OR MORE: 6
MAX 90 OR ABOVE: 10 0.10 INCH OR MORE: 6
MIN 32 OR BELOW: 0 0.50 INCH OR MORE: 4
MIN 0 OR BELOW: 0 1.00 INCH OR MORE: 2
[HDD (BASE 65) ]
TOTAL THIS MO. 0 CLEAR (SCALE 0-3) 26
DPTR FM NORMAL -4 PTCLDY (SCALE 4-7) 5
TOTAL FM JUL 1 0 CLOUDY (SCALE 8-10) 0
DPTR FM NORMAL -2
[CDD (BASE 65) ]
TOTAL THIS MO. 361
DPTR FM NORMAL 57 [PRESSURE DATA]
TOTAL FM JAN 1 1171 HIGHEST SLP 30.29 ON 14
DPTR FM NORMAL 163 LOWEST SLP 29.66 ON 7
[REMARKS]
#FINAL-08-21#