000
CXUS53 KIWX 010810
CF6GSH
PRELIMINARY LOCAL CLIMATOLOGICAL DATA (WS FORM: F-6)
STATION: GOSHEN
MONTH: JULY
YEAR: 2023
LATITUDE: 41 31 N
LONGITUDE: 85 47 W
TEMPERATURE IN F: :PCPN: SNOW: WIND :SUNSHINE: SKY :PK WND
================================================================================
1 2 3 4 5 6A 6B 7 8 9 10 11 12 13 14 15 16 17 18
12Z AVG MX 2MIN
DY MAX MIN AVG DEP HDD CDD WTR SNW DPTH SPD SPD DIR MIN PSBL S-S WX SPD DR
================================================================================
1 81 65 73 0 0 8 0.46 M M 4.1 15 250 M M 6 138 20 220
2 83 67 75 2 0 10 0.40 M M 5.1 18 300 M M 7 13 24 300
3 84 66 75 2 0 10 T M M 5.1 15 300 M M 6 128 19 310
4 89 61 75 2 0 10 0.00 M M 2.3 10 240 M M 1 128 14 260
5 90 68 79 6 0 14 0.03 M M 6.0 24 300 M M 1 138 37 300
6 81 63 72 -1 0 7 0.01 M M 7.9 18 310 M M 4 1 25 330
7 84 58 71 -2 0 6 0.00 M M 4.4 12 220 M M 1 8 16 240
8 74 60 67 -6 0 2 0.28 M M 7.5 15 300 M M 8 1 20 250
9 82 54 68 -5 0 3 0.00 M M 3.9 15 300 M M 1 12 21 300
10 85 56 71 -2 0 6 0.00 M M 6.2 16 260 M M 0 21 220
11 88 63 76 3 0 11 T M M 8.6 20 220 M M 1 3 26 250
12 78 60 69 -4 0 4 0.30 M M 7.4 22 210 M M 7 13 30 230
13 78 62 70 -3 0 5 0.00 M M 6.5 21 290 M M 7 27 250
14 89 58 74 1 0 9 0.00 M M 7.8 17 220 M M 2 1 22 250
15 81 67 74 1 0 9 0.48 M M 5.4 32 270 M M 5 13 45 260
16 81 62 72 -1 0 7 0.00 M M 6.1 17 290 M M 3 18 24 300
17 80 59 70 -3 0 5 0.00 M M 7.9 18 310 M M 2 18 24 320
18 82 53 68 -5 0 3 0.00 M M 3.3 15 350 M M 2 18 20 340
19 85 56 71 -2 0 6 0.00 M M 4.1 14 150 M M 1 21 140
20 88 62 75 2 0 10 0.27 M M 8.3 29 10 M M 4 138 50 310
21 80 61 71 -2 0 6 0.00 M M 7.0 14 10 M M 3 17 10
22 84 57 71 -2 0 6 T M M 3.0 12 270 M M 1 1 17 260
23 81 60 71 -2 0 6 0.54 M M 4.5 14 290 M M 5 13 19 280
24 86 59 73 0 0 8 0.00 M M 3.4 13 10 M M 2 18 18 350
25 87 58 73 1 0 8 0.00 M M 2.7 9 170 M M 0 18 13 270
26 86 67 77 5 0 12 1.39 M M 8.6 33 360 M M 3 138 60 250
27 90 66 78 6 0 13 T M M 2.5 10 130 M M 0 128 14 10
28 89 71 80 8 0 15 0.79 M M 7.1 29 360 M M 3 13 38 360
29 83 65 74 2 0 9 0.88 M M 7.8 30 300 M M 4 13 52 280
30 80 59 70 -2 0 5 T M M 5.2 17 330 M M 3 1 25 360
31 80 54 67 -5 0 2 0.00 M M 2.6 9 60 M M 1 1 13 70
================================================================================
SM 2589 1897 0 235 5.83 M 172.3 M 94
================================================================================
AV 83.5 61.2 5.6 FASTST M M 3 MAX(MPH)
MISC ----> 33 360 60 250
================================================================================
NOTES:
# LAST OF SEVERAL OCCURRENCES
COLUMN 17 PEAK WIND IN M.P.H.
PRELIMINARY LOCAL CLIMATOLOGICAL DATA (WS FORM: F-6) , PAGE 2
STATION: GOSHEN
MONTH: JULY
YEAR: 2023
LATITUDE: 41 31 N
LONGITUDE: 85 47 W
[TEMPERATURE DATA] [PRECIPITATION DATA] SYMBOLS USED IN COLUMN 16
AVERAGE MONTHLY: 72.4 TOTAL FOR MONTH: 5.83 1 = FOG OR MIST
DPTR FM NORMAL: -0.3 DPTR FM NORMAL: 2.16 2 = FOG REDUCING VISIBILITY
HIGHEST: 90 ON 27, 5 GRTST 24HR 1.67 ON 28-29 TO 1/4 MILE OR LESS
LOWEST: 53 ON 18 3 = THUNDER
SNOW, ICE PELLETS, HAIL 4 = ICE PELLETS
TOTAL MONTH: M 5 = HAIL
GRTST 24HR M ON M 6 = FREEZING RAIN OR DRIZZLE
GRTST DEPTH: M ON M 7 = DUSTSTORM OR SANDSTORM:
VSBY 1/2 MILE OR LESS
8 = SMOKE OR HAZE
[NO. OF DAYS WITH] [WEATHER - DAYS WITH] 9 = BLOWING SNOW
X = TORNADO
MAX 32 OR BELOW: 0 0.01 INCH OR MORE: 12
MAX 90 OR ABOVE: 2 0.10 INCH OR MORE: 10
MIN 32 OR BELOW: 0 0.50 INCH OR MORE: 4
MIN 0 OR BELOW: 0 1.00 INCH OR MORE: 1
[HDD (BASE 65) ]
TOTAL THIS MO. 0 CLEAR (SCALE 0-3) 17
DPTR FM NORMAL -5 PTCLDY (SCALE 4-7) 14
TOTAL FM JUL 1 0 CLOUDY (SCALE 8-10) 0
DPTR FM NORMAL 0
[CDD (BASE 65) ]
TOTAL THIS MO. 235
DPTR FM NORMAL -10 [PRESSURE DATA]
TOTAL FM JAN 1 440 HIGHEST SLP 30.18 ON 31
DPTR FM NORMAL -44 LOWEST SLP 29.69 ON 12
[REMARKS]
#FINAL-07-23#