000
CXUS53 KIWX 010810
CF6GSH
PRELIMINARY LOCAL CLIMATOLOGICAL DATA (WS FORM: F-6)
STATION: GOSHEN
MONTH: MARCH
YEAR: 2023
LATITUDE: 41 31 N
LONGITUDE: 85 47 W
TEMPERATURE IN F: :PCPN: SNOW: WIND :SUNSHINE: SKY :PK WND
================================================================================
1 2 3 4 5 6A 6B 7 8 9 10 11 12 13 14 15 16 17 18
12Z AVG MX 2MIN
DY MAX MIN AVG DEP HDD CDD WTR SNW DPTH SPD SPD DIR MIN PSBL S-S WX SPD DR
================================================================================
1 61 36 49 17 16 0 T M M 8.2 20 320 M M 1 1 23 330
2 44 31 38 6 27 0 0.00 M M 8.1 17 320 M M 4 24 330
3 38 31 35 2 30 0 0.63 M M 15.2 40 360 M M 6 128 51 10
4 42 32 37 4 28 0 0.01 M M 7.4 23 320 M M 7 18 34 330
5 49 26 38 4 27 0 T M M 6.1 17 110 M M 3 1268 24 120
6 50 40 45 11 20 0 0.13 M M 11.0 24 110 M M 8 13 33 120
7 47 33 40 6 25 0 T M M 11.4 20 10 M M 3 1 27 30
8 49 29 39 4 26 0 0.00 M M 8.3 16 110 M M 0 22 100
9 49 33 41 6 24 0 0.09 M M 12.3 25 90 M M 9 1 34 90
10 37 32 35 -1 30 0 0.17 M M 9.2 16 80 M M 10 18 22 80
11 44 30 37 1 28 0 0.01 M M 6.9 14 110 M M 4 1 19 120
12 36 31 34 -2 31 0 0.19 M M 6.0 16 100 M M 10 18 20 100
13 35 28 32 -5 33 0 M M M 13.6 25 330 M M 10 128 36 330
14 37 22 30 -7 35 0 T M M 11.0 21 310 M M 7 28 290
15 49 19 34 -3 31 0 T M M 7.6 17 190 M M 0 24 200
16 53 39 46 8 19 0 0.26 M M 14.7 29 200 M M 5 1 40 190
17 51 28 40 2 25 0 0.16 M M 20.0 30 280 M M 10 1 40 280
18 28 17 23 -15 42 0 T M M 19.1 28 270 M M 8 18 37 280
19 40 18 29 -10 36 0 T M M 14.1 22 260 M M 4 30 270
20 50 26 38 -1 27 0 0.00 M M 16.1 28 220 M M 1 37 210
21 54 35 45 5 20 0 T M M 10.9 23 190 M M 4 30 200
22 53 41 47 7 18 0 0.18 M M 10.4 18 190 M M 10 18 24 190
23 53 37 45 5 20 0 0.22 M M 8.6 22 330 M M 8 18 32 310
24 50 37 44 3 21 0 0.02 M M 12.4 25 100 M M 4 36 100
25 46 35 41 0 24 0 0.33 M M 15.4 35 260 M M 9 1 49 260
26 58 32 45 3 20 0 0.21 M M 6.5 41 330 M M 6 13 52 320
27 52 32 42 0 23 0 0.00 M M 11.1 18 310 M M 6 1 24 320
28 50 28 39 -3 26 0 T M M 5.9 14 290 M M 1 17 250
29 46 23 35 -8 30 0 0.03 M M 10.7 26 270 M M 2 1 38 280
30 53 20 37 -6 28 0 0.00 M M 8.3 18 160 M M 2 26 130
31 64 50 57 14 8 0 0.37 M M 17.1 29 200 M M 10 13 41 200
================================================================================
SM 1468 951 798 0 3.01 M 343.6 M 172
================================================================================
AV 47.4 30.7 11.1 FASTST M M 6 MAX(MPH)
MISC ----> 41 330 52 320
================================================================================
NOTES:
# LAST OF SEVERAL OCCURRENCES
COLUMN 17 PEAK WIND IN M.P.H.
PRELIMINARY LOCAL CLIMATOLOGICAL DATA (WS FORM: F-6) , PAGE 2
STATION: GOSHEN
MONTH: MARCH
YEAR: 2023
LATITUDE: 41 31 N
LONGITUDE: 85 47 W
[TEMPERATURE DATA] [PRECIPITATION DATA] SYMBOLS USED IN COLUMN 16
AVERAGE MONTHLY: 39.0 TOTAL FOR MONTH: 3.01 1 = FOG OR MIST
DPTR FM NORMAL: 1.3 DPTR FM NORMAL: 0.99 2 = FOG REDUCING VISIBILITY
HIGHEST: 64 ON 31 GRTST 24HR 0.63 ON 3- 3 TO 1/4 MILE OR LESS
LOWEST: 17 ON 18 3 = THUNDER
SNOW, ICE PELLETS, HAIL 4 = ICE PELLETS
TOTAL MONTH: M 5 = HAIL
GRTST 24HR M ON M 6 = FREEZING RAIN OR DRIZZLE
GRTST DEPTH: M ON M 7 = DUSTSTORM OR SANDSTORM:
VSBY 1/2 MILE OR LESS
8 = SMOKE OR HAZE
[NO. OF DAYS WITH] [WEATHER - DAYS WITH] 9 = BLOWING SNOW
X = TORNADO
MAX 32 OR BELOW: 1 0.01 INCH OR MORE: 16
MAX 90 OR ABOVE: 0 0.10 INCH OR MORE: 11
MIN 32 OR BELOW: 20 0.50 INCH OR MORE: 1
MIN 0 OR BELOW: 0 1.00 INCH OR MORE: 0
[HDD (BASE 65) ]
TOTAL THIS MO. 798 CLEAR (SCALE 0-3) 9
DPTR FM NORMAL -48 PTCLDY (SCALE 4-7) 12
TOTAL FM JUL 1 4797 CLOUDY (SCALE 8-10) 10
DPTR FM NORMAL -666
[CDD (BASE 65) ]
TOTAL THIS MO. 0
DPTR FM NORMAL -2 [PRESSURE DATA]
TOTAL FM JAN 1 0 HIGHEST SLP M ON M
DPTR FM NORMAL -2 LOWEST SLP 29.20 ON 3
[REMARKS]
#FINAL-03-23#