000
CXUS53 KIWX 010910
CF6GSH
PRELIMINARY LOCAL CLIMATOLOGICAL DATA (WS FORM: F-6)
STATION: GOSHEN
MONTH: FEBRUARY
YEAR: 2023
LATITUDE: 41 31 N
LONGITUDE: 85 47 W
TEMPERATURE IN F: :PCPN: SNOW: WIND :SUNSHINE: SKY :PK WND
================================================================================
1 2 3 4 5 6A 6B 7 8 9 10 11 12 13 14 15 16 17 18
12Z AVG MX 2MIN
DY MAX MIN AVG DEP HDD CDD WTR SNW DPTH SPD SPD DIR MIN PSBL S-S WX SPD DR
================================================================================
1 23 2 13 -12 52 0 0.00 M M 7.4 15 220 M M 0 20 240
2 34 16 25 0 40 0 T M M 14.8 25 320 M M 3 35 320
3 22 13 18 -7 47 0 T M M 10.9 24 330 M M 10 36 330
4 38 13 26 1 39 0 0.00 0.0 M 14.2 22 210 M M 3 29 200
5 46 30 38 12 27 0 0.00 0.0 M 14.6 21 330 M M 3 30 220
6 40 26 33 7 32 0 0.00 0.0 M 10.1 20 150 M M 3 28 150
7 50 33 42 16 23 0 T 0.0 0 15.9 25 190 M M 6 8 38 180
8 45 26 36 10 29 0 T 0.0 M 5.5 16 140 M M 2 18 21 130
9 61 37 49 23 16 0 0.57 0.0 0 18.7 38 230 M M 10 18 53 240
10 42 26 34 8 31 0 0.00 M M 12.7 23 290 M M 6 1 30 290
11 45 21 33 6 32 0 0.00 M M 5.2 14 220 M M 0 17 200
12 53 23 38 11 27 0 0.00 M M 5.5 14 270 M M 0 19 300
13 51 27 39 12 26 0 0.00 M M 10.3 22 300 M M 0 29 300
14 54 26 40 13 25 0 0.01 M M 11.1 28 180 M M 3 39 170
15 54 35 45 17 20 0 T M M 20.1 37 250 M M 9 52 250
16 42 30 36 8 29 0 0.11 M M 11.0 18 340 M M 10 1 26 350
17 30 19 25 -3 40 0 T M M 13.0 25 350 M M 7 34 340
18 47 21 34 6 31 0 0.00 M M 14.5 23 230 M M 0 31 220
19 54 35 45 16 20 0 0.00 M M 14.3 26 220 M M 2 36 250
20 51 28 40 11 25 0 0.00 M M 3.6 9 100 M M 0 1 12 120
21 40 30 35 6 30 0 0.00 M M 12.7 31 280 M M 2 42 300
22 35 32 34 4 31 0 2.16 M M 13.8 23 110 M M 10 16 32 100
23 55 29 42 12 23 0 0.00 0.0 0 15.7 32 270 M M 10 12 42 270
24 35 27 31 1 34 0 T M M 8.6 25 290 M M 9 34 300
25 38 27 33 2 32 0 0.04 M M 7.6 16 230 M M 8 12 21 230
26 50 29 40 9 25 0 0.00 M M 8.0 15 280 M M 2 1 20 200
27 51 35 43 11 22 0 1.27 M M 13.6 31 280 M M 9 13 43 280
28 51 37 44 12 21 0 0.00 M M 10.2 29 290 M M 6 41 280
================================================================================
SM 1237 733 829 0 4.16 0.0 323.6 M 133
================================================================================
AV 44.2 26.2 11.6 FASTST M M 5 MAX(MPH)
MISC ----> 38 230 53 240
================================================================================
NOTES:
# LAST OF SEVERAL OCCURRENCES
COLUMN 17 PEAK WIND IN M.P.H.
PRELIMINARY LOCAL CLIMATOLOGICAL DATA (WS FORM: F-6) , PAGE 2
STATION: GOSHEN
MONTH: FEBRUARY
YEAR: 2023
LATITUDE: 41 31 N
LONGITUDE: 85 47 W
[TEMPERATURE DATA] [PRECIPITATION DATA] SYMBOLS USED IN COLUMN 16
AVERAGE MONTHLY: 35.2 TOTAL FOR MONTH: 4.16 1 = FOG OR MIST
DPTR FM NORMAL: 7.3 DPTR FM NORMAL: 2.57 2 = FOG REDUCING VISIBILITY
HIGHEST: 61 ON 9 GRTST 24HR 2.16 ON 22-22 TO 1/4 MILE OR LESS
LOWEST: 2 ON 1 3 = THUNDER
SNOW, ICE PELLETS, HAIL 4 = ICE PELLETS
TOTAL MONTH: 0.0 INCH 5 = HAIL
GRTST 24HR 0.0 6 = FREEZING RAIN OR DRIZZLE
GRTST DEPTH: 0 7 = DUSTSTORM OR SANDSTORM:
VSBY 1/2 MILE OR LESS
8 = SMOKE OR HAZE
[NO. OF DAYS WITH] [WEATHER - DAYS WITH] 9 = BLOWING SNOW
X = TORNADO
MAX 32 OR BELOW: 3 0.01 INCH OR MORE: 6
MAX 90 OR ABOVE: 0 0.10 INCH OR MORE: 4
MIN 32 OR BELOW: 22 0.50 INCH OR MORE: 3
MIN 0 OR BELOW: 0 1.00 INCH OR MORE: 2
[HDD (BASE 65) ]
TOTAL THIS MO. 829 CLEAR (SCALE 0-3) 14
DPTR FM NORMAL -211 PTCLDY (SCALE 4-7) 6
TOTAL FM JUL 1 3999 CLOUDY (SCALE 8-10) 8
DPTR FM NORMAL -618
[CDD (BASE 65) ]
TOTAL THIS MO. 0
DPTR FM NORMAL 0 [PRESSURE DATA]
TOTAL FM JAN 1 0 HIGHEST SLP 30.64 ON 24
DPTR FM NORMAL 0 LOWEST SLP 29.11 ON 27
[REMARKS]
#FINAL-02-23#