000
CXGM50 PGUM 011630
CF6GSN
PRELIMINARY LOCAL CLIMATOLOGICAL DATA (WS FORM: F-6)
STATION: SAIPAN/ISLEY_(CGS) MP
MONTH: NOVEMBER
YEAR: 2020
LATITUDE: 15 7 N
LONGITUDE: 145-44 E
TEMPERATURE IN F: :PCPN: SNOW: WIND :SUNSHINE: SKY :PK WND
================================================================================
1 2 3 4 5 6A 6B 7 8 9 10 11 12 13 14 15 16 17 18
12Z AVG MX 2MIN
DY MAX MIN AVG DEP HDD CDD WTR SNW DPTH SPD SPD DIR MIN PSBL S-S WX SPD DR
================================================================================
1 90 81 86 M 0 21 T M M 9.7 16 90 M M 3 19 60
2 92 80 86 M 0 21 0.10 M M 13.3 23 80 M M 2 1 28 80
3 90 81 86 M 0 21 0.07 M M 13.4 23 80 M M 3 1 27 80
4 90 80 85 M 0 20 0.08 M M 15.1 22 70 M M 3 26 70
5 90 79 85 M 0 20 0.26 M M 18.4 30 90 M M 5 1 40 90
6 90 80 85 M 0 20 0.03 M M 19.3 26 90 M M 4 33 80
7 90 82 86 M 0 21 0.02 M M 15.5 23 80 M M 4 29 80
8 89 78 84 M 0 19 0.06 M M 14.2 23 100 M M 4 28 90
9 90 80 85 M 0 20 0.08 M M 13.7 20 90 M M 4 25 80
10 89 80 85 M 0 20 T M M 13.1 23 100 M M 3 28 100
11 90 82 86 M 0 21 T M M 15.3 22 70 M M 4 25 50
12 90 80 85 M 0 20 0.21 M M 15.4 28 60 M M 4 1 32 70
13 89 79 84 M 0 19 0.30 0.0 M 11.7 20 70 M M 4 24 70
14 89 81 85 M 0 20 T M M 11.8 18 100 M M 3 23 80
15 89 79 84 M 0 19 0.01 M M 10.3 16 70 M M 4 20 100
16 89 80 85 M 0 20 T M M 9.9 17 70 M M 2 22 80
17 88 78 83 M 0 18 0.33 M M 8.9 18 120 M M 3 23 110
18 89 78 84 M 0 19 0.01 M M 10.8 18 80 M M 3 22 70
19 89 78 84 M 0 19 0.00 M M 8.1 15 90 M M 2 19 100
20 89 78 84 M 0 19 T M M 6.3 14 40 M M 3 16 50
21 90 79 85 M 0 20 0.00 M M 8.3 18 50 M M 2 22 40
22 90 81 86 M 0 21 0.08 M M 11.2 18 10 M M 3 23 10
23 82 75 79 M 0 14 1.36 M M 15.3 33 90 M M 7 1 42 90
24 89 77 83 M 0 18 0.30 M M 13.2 24 110 M M 3 31 100
25 89 80 85 M 0 20 0.07 M M 16.1 24 100 M M 4 32 100
26 88 81 85 M 0 20 0.02 M M 16.5 23 70 M M 4 34 80
27 89 77 83 M 0 18 0.27 M M 15.4 30 90 M M 4 39 90
28 83 76 80 M 0 15 0.58 M M 12.7 29 90 M M 7 36 100
29 89 79 84 M 0 19 0.08 M M 17.2 24 90 M M 5 31 100
30 89 79 84 M 0 19 0.06 M M 17.4 24 90 M M 6 29 90
================================================================================
SM 2669 2378 0 581 4.38 0.0 397.5 M 112
================================================================================
AV 89.0 79.3 13.3 FASTST M M 4 MAX(MPH)
MISC ----> 33 90 42 90
================================================================================
NOTES:
# LAST OF SEVERAL OCCURRENCES
COLUMN 17 PEAK WIND IN M.P.H.
PRELIMINARY LOCAL CLIMATOLOGICAL DATA (WS FORM: F-6) , PAGE 2
STATION: SAIPAN/ISLEY_(CGS) MP
MONTH: NOVEMBER
YEAR: 2020
LATITUDE: 15 7 N
LONGITUDE: 145-44 E
[TEMPERATURE DATA] [PRECIPITATION DATA] SYMBOLS USED IN COLUMN 16
AVERAGE MONTHLY: 84.1 TOTAL FOR MONTH: 4.38 1 = FOG OR MIST
DPTR FM NORMAL: 0.0 DPTR FM NORMAL: -1.54 2 = FOG REDUCING VISIBILITY
HIGHEST: 92 ON 2 GRTST 24HR 1.38 ON 22-23 TO 1/4 MILE OR LESS
LOWEST: 75 ON 23 3 = THUNDER
SNOW, ICE PELLETS, HAIL 4 = ICE PELLETS
TOTAL MONTH: 0.0 INCH 5 = HAIL
GRTST 24HR 0.0 6 = FREEZING RAIN OR DRIZZLE
GRTST DEPTH: M ON M 7 = DUSTSTORM OR SANDSTORM:
VSBY 1/2 MILE OR LESS
8 = SMOKE OR HAZE
[NO. OF DAYS WITH] [WEATHER - DAYS WITH] 9 = BLOWING SNOW
X = TORNADO
MAX 32 OR BELOW: 0 0.01 INCH OR MORE: 22
MAX 90 OR ABOVE: 12 0.10 INCH OR MORE: 9
MIN 32 OR BELOW: 0 0.50 INCH OR MORE: 2
MIN 0 OR BELOW: 0 1.00 INCH OR MORE: 1
[HDD (BASE 65) ]
TOTAL THIS MO. 0 CLEAR (SCALE 0-3) 9
DPTR FM NORMAL M PTCLDY (SCALE 4-7) 21
TOTAL FM JUL 1 0 CLOUDY (SCALE 8-10) 0
DPTR FM NORMAL M
[CDD (BASE 65) ]
TOTAL THIS MO. 581
DPTR FM NORMAL M [PRESSURE DATA]
TOTAL FM JAN 1 2287 HIGHEST SLP 30.03 ON 1
DPTR FM NORMAL M LOWEST SLP 29.89 ON 1
[REMARKS]
#FINAL-11-20#