000
CXUS52 KRAH 010945
CF6GSO
PRELIMINARY LOCAL CLIMATOLOGICAL DATA (WS FORM: F-6)
STATION: GREENSBORO NC
MONTH: JANUARY
YEAR: 2023
LATITUDE: 36 4 N
LONGITUDE: 79 57 W
TEMPERATURE IN F: :PCPN: SNOW: WIND :SUNSHINE: SKY :PK WND
================================================================================
1 2 3 4 5 6A 6B 7 8 9 10 11 12 13 14 15 16 17 18
12Z AVG MX 2MIN
DY MAX MIN AVG DEP HDD CDD WTR SNW DPTH SPD SPD DIR MIN PSBL S-S WX SPD DR
================================================================================
1 58 48 53 13 12 0 0.00 0.0 0 5.9 10 270 M M 7 12 14 190
2 59 44 52 12 13 0 0.00 0.0 0 4.5 9 220 M M 7 12 12 210
3 68 53 61 21 4 0 0.06 0.0 0 10.5 22 270 M M 10 18 30 260
4 62 56 59 19 6 0 0.83 0.0 0 8.9 18 220 M M 10 13 26 240
5 65 43 54 14 11 0 0.00 0.0 0 6.8 20 240 M M 5 12 23 240
6 55 35 45 5 20 0 0.00 0.0 0 7.4 20 310 M M 3 25 320
7 50 32 41 1 24 0 T 0.0 0 3.1 12 240 M M 7 15 240
8 37 33 35 -5 30 0 0.18 0.0 0 5.1 13 60 M M 10 1 14 60
9 52 30 41 1 24 0 0.00 0.0 0 6.0 15 310 M M 4 12 20 300
10 55 26 41 1 24 0 0.00 0.0 0 2.3 13 240 M M 6 17 240
11 57 31 44 4 21 0 0.00 0.0 0 3.9 15 150 M M 7 18 150
12 62 45 54 15 11 0 0.98 0.0 0 7.8 28 300 M M 10 13 33 290
13 53 36 45 6 20 0 0.29 0.0 0 11.3 22 300 M M 7 1 29 290
14 44 27 36 -3 29 0 T T 0 9.8 22 310 M M 6 28 320
15 52 23 38 -1 27 0 0.00 0.0 0 3.6 10 320 M M 2 15 320
16 55 26 41 2 24 0 0.00 0.0 0 2.6 8 240 M M 6 10 230
17 49 43 46 7 19 0 0.08 0.0 0 7.8 14 230 M M 10 1 18 230
18 64 46 55 16 10 0 0.00 0.0 M 7.5 14 250 M M 9 128 17 280
19 65 51 58 19 7 0 0.02 0.0 0 12.2 22 220 M M 8 1 32 200
20 57 39 48 8 17 0 0.00 0.0 0 11.1 22 290 M M 2 28 280
21 47 31 39 -1 26 0 0.00 0.0 0 3.7 13 40 M M 6 16 30
22 40 36 38 -2 27 0 0.78 0.0 0 5.0 13 130 M M 10 1 14 130
23 48 30 39 -1 26 0 0.00 0.0 0 11.0 26 300 M M 7 1 35 300
24 53 25 39 -1 26 0 0.00 0.0 0 5.6 10 220 M M 2 15 280
25 43 37 40 0 25 0 0.75 0.0 0 5.8 25 300 M M 10 12 32 290
26 52 34 43 3 22 0 T 0.0 0 9.8 28 290 M M 5 1 36 290
27 46 26 36 -4 29 0 0.00 0.0 0 7.7 18 270 M M 2 24 310
28 57 29 43 3 22 0 0.00 0.0 0 6.6 13 260 M M 4 16 260
29 54 36 45 5 20 0 0.12 0.0 0 4.3 14 200 M M 9 1 16 200
30 64 40 52 12 13 0 0.17 0.0 0 2.4 8 200 M M 8 1 10 200
31 54 45 50 10 15 0 0.04 0.0 0 4.1 9 200 M M 10 12 12 190
================================================================================
SM 1677 1136 604 0 4.30 T 204.1 M 209
================================================================================
AV 54.1 36.6 6.6 FASTST M M 7 MAX(MPH)
MISC ----> # 28 300 36 290
================================================================================
NOTES:
# LAST OF SEVERAL OCCURRENCES
COLUMN 17 PEAK WIND IN M.P.H.
PRELIMINARY LOCAL CLIMATOLOGICAL DATA (WS FORM: F-6) , PAGE 2
STATION: GREENSBORO NC
MONTH: JANUARY
YEAR: 2023
LATITUDE: 36 4 N
LONGITUDE: 79 57 W
[TEMPERATURE DATA] [PRECIPITATION DATA] SYMBOLS USED IN COLUMN 16
AVERAGE MONTHLY: 45.4 TOTAL FOR MONTH: 4.30 1 = FOG OR MIST
DPTR FM NORMAL: 5.7 DPTR FM NORMAL: 0.91 2 = FOG REDUCING VISIBILITY
HIGHEST: 68 ON 3 GRTST 24HR 0.98 ON 12-12 TO 1/4 MILE OR LESS
LOWEST: 23 ON 15 3 = THUNDER
SNOW, ICE PELLETS, HAIL 4 = ICE PELLETS
TOTAL MONTH: T 5 = HAIL
GRTST 24HR T ON 14-14 6 = FREEZING RAIN OR DRIZZLE
GRTST DEPTH: 0 7 = DUSTSTORM OR SANDSTORM:
VSBY 1/2 MILE OR LESS
8 = SMOKE OR HAZE
[NO. OF DAYS WITH] [WEATHER - DAYS WITH] 9 = BLOWING SNOW
X = TORNADO
MAX 32 OR BELOW: 0 0.01 INCH OR MORE: 12
MAX 90 OR ABOVE: 0 0.10 INCH OR MORE: 8
MIN 32 OR BELOW: 12 0.50 INCH OR MORE: 4
MIN 0 OR BELOW: 0 1.00 INCH OR MORE: 0
[HDD (BASE 65) ]
TOTAL THIS MO. 604 CLEAR (SCALE 0-3) 5
DPTR FM NORMAL -180 PTCLDY (SCALE 4-7) 16
TOTAL FM JUL 1 2052 CLOUDY (SCALE 8-10) 10
DPTR FM NORMAL -105
[CDD (BASE 65) ]
TOTAL THIS MO. 0
DPTR FM NORMAL 0 [PRESSURE DATA]
TOTAL FM JAN 1 0 HIGHEST SLP M ON M
DPTR FM NORMAL 0 LOWEST SLP 29.63 ON 13
[REMARKS]
#FINAL-01-23#