000
CXUS52 KGSP 010917
CF6GSP
PRELIMINARY LOCAL CLIMATOLOGICAL DATA (WS FORM: F-6)
STATION: GREENVILLE-SPARTANBURG SC
MONTH: DECEMBER
YEAR: 2022
LATITUDE: 34 54 N
LONGITUDE: 82 13 W
TEMPERATURE IN F: :PCPN: SNOW: WIND :SUNSHINE: SKY :PK WND
================================================================================
1 2 3 4 5 6A 6B 7 8 9 10 11 12 13 14 15 16 17 18
12Z AVG MX 2MIN
DY MAX MIN AVG DEP HDD CDD WTR SNW DPTH SPD SPD DIR MIN PSBL S-S WX SPD DR
================================================================================
1 56 31 44 -4 21 0 0.00 0.0 0 4.8 22 10 M M 0 28 10
2 55 28 42 -5 23 0 T 0.0 0 1.6 7 90 M M 4 8 340
3 58 48 53 6 12 0 0.14 0.0 0 5.2 15 230 M M 10 12 20 240
4 58 38 48 1 17 0 0.00 0.0 0 3.0 9 50 M M 3 12 15 130
5 46 37 42 -5 23 0 0.54 0.0 0 5.6 12 70 M M 9 1 16 80
6 50 42 46 0 19 0 0.62 0.0 0 3.4 9 70 M M 10 12 11 40
7 62 49 56 10 9 0 0.12 0.0 0 5.7 13 230 M M 10 12 17 230
8 70 53 62 16 3 0 0.13 0.0 0 4.4 10 30 M M 9 12 16 120
9 58 49 54 8 11 0 0.10 0.0 0 7.4 13 60 M M 10 1 16 30
10 50 47 49 3 16 0 0.01 0.0 0 3.4 9 90 M M 10 1 12 120
11 51 47 49 3 16 0 0.00 0.0 0 2.0 9 170 M M 10 1 10 170
12 58 44 51 6 14 0 0.00 0.0 0 4.4 9 40 M M 7 12 13 120
13 49 37 43 -2 22 0 0.00 0.0 0 4.8 13 100 M M 7 19 100
14 42 40 41 -4 24 0 0.96 0.0 0 5.5 15 50 M M 10 18 20 50
15 49 35 42 -3 23 0 1.57 0.0 0 8.2 20 40 M M 8 1 26 50
16 53 32 43 -2 22 0 0.00 0.0 0 7.9 22 220 M M 0 1 28 230
17 50 31 41 -3 24 0 0.00 0.0 0 8.0 25 220 M M 3 34 240
18 49 26 38 -6 27 0 0.00 0.0 0 3.8 9 360 M M 0 13 360
19 50 24 37 -7 28 0 0.00 0.0 0 2.1 8 180 M M 1 12 210
20 43 33 38 -6 27 0 T T 0 3.5 10 100 M M 9 4 13 120
21 48 36 42 -2 23 0 0.03 0.0 0 8.6 16 50 M M 10 1 20 40
22 49 36 43 -1 22 0 0.22 0.0 0 10.1 18 210 M M 10 1 23 200
23 47 13 30 -14 35 0 0.03 0.0 0 15.9 31 250 M M 2 1 43 250
24 28 7 18 -26 47 0 0.00 0.0 0 8.7 18 210 M M 0 23 200
25 37 13 25 -18 40 0 0.00 0.0 0 3.7 12 210 M M 0 14 210
26 38 14 26 -17 39 0 0.00 0.0 0 1.9 12 80 M M 2 14 80
27 49 27 38 -5 27 0 0.00 0.0 0 1.7 9 80 M M 3 12 70
28 55 23 39 -4 26 0 0.00 0.0 0 2.2 13 220 M M 0 17 240
29 65 29 47 4 18 0 0.00 0.0 0 2.3 10 200 M M 4 12 240
30 59 33 46 3 19 0 T 0.0 0 4.0 12 60 M M 8 1 14 60
31 56 51 54 11 11 0 0.07 0.0 0 4.8 13 250 M M 9 12 17 260
================================================================================
SM 1588 1053 688 0 4.54 T 158.6 M 178
================================================================================
AV 51.2 34.0 5.1 FASTST M M 6 MAX(MPH)
MISC ----> 31 250 43 250
================================================================================
NOTES:
# LAST OF SEVERAL OCCURRENCES
COLUMN 17 PEAK WIND IN M.P.H.
PRELIMINARY LOCAL CLIMATOLOGICAL DATA (WS FORM: F-6) , PAGE 2
STATION: GREENVILLE-SPARTANBURG SC
MONTH: DECEMBER
YEAR: 2022
LATITUDE: 34 54 N
LONGITUDE: 82 13 W
[TEMPERATURE DATA] [PRECIPITATION DATA] SYMBOLS USED IN COLUMN 16
AVERAGE MONTHLY: 42.6 TOTAL FOR MONTH: 4.54 1 = FOG OR MIST
DPTR FM NORMAL: -2.2 DPTR FM NORMAL: -0.04 2 = FOG REDUCING VISIBILITY
HIGHEST: 70 ON 8 GRTST 24HR 2.53 ON 14-15 TO 1/4 MILE OR LESS
LOWEST: 7 ON 24 3 = THUNDER
SNOW, ICE PELLETS, HAIL 4 = ICE PELLETS
TOTAL MONTH: T 5 = HAIL
GRTST 24HR T ON 20-20 6 = FREEZING RAIN OR DRIZZLE
GRTST DEPTH: 0 7 = DUSTSTORM OR SANDSTORM:
VSBY 1/2 MILE OR LESS
8 = SMOKE OR HAZE
[NO. OF DAYS WITH] [WEATHER - DAYS WITH] 9 = BLOWING SNOW
X = TORNADO
MAX 32 OR BELOW: 1 0.01 INCH OR MORE: 13
MAX 90 OR ABOVE: 0 0.10 INCH OR MORE: 9
MIN 32 OR BELOW: 13 0.50 INCH OR MORE: 4
MIN 0 OR BELOW: 0 1.00 INCH OR MORE: 1
[HDD (BASE 65) ]
TOTAL THIS MO. 688 CLEAR (SCALE 0-3) 12
DPTR FM NORMAL 62 PTCLDY (SCALE 4-7) 5
TOTAL FM JUL 1 1286 CLOUDY (SCALE 8-10) 14
DPTR FM NORMAL 94
[CDD (BASE 65) ]
TOTAL THIS MO. 0
DPTR FM NORMAL -1 [PRESSURE DATA]
TOTAL FM JAN 1 1792 HIGHEST SLP 30.55 ON 2
DPTR FM NORMAL 72 LOWEST SLP 29.54 ON 23
[REMARKS]
#FINAL-12-22#