000
CXUS56 KTFX 241828
CF6GTF
PRELIMINARY LOCAL CLIMATOLOGICAL DATA (WS FORM: F-6)
STATION: GREAT FALLS MT
MONTH: FEBRUARY
YEAR: 2024
LATITUDE: 47 28 N
LONGITUDE: 111 22 W
TEMPERATURE IN F: :PCPN: SNOW: WIND :SUNSHINE: SKY :PK WND
================================================================================
1 2 3 4 5 6A 6B 7 8 9 10 11 12 13 14 15 16 17 18
12Z AVG MX 2MIN
DY MAX MIN AVG DEP HDD CDD WTR SNW DPTH SPD SPD DIR MIN PSBL S-S WX SPD DR
================================================================================
1 63 38 51 26 14 0 0.00 0.0 0 13.4 28 180 M M 0 36 170
2 57 35 46 21 19 0 0.00 0.0 0 4.3 14 190 M M 5 8 17 190
3 41 31 36 11 29 0 0.44 0.5 0 10.4 22 340 M M 10 1 33 340
4 31 10 21 -4 44 0 0.43 3.8 2 9.7 30 340 M M 8 18 40 340
5 40 7 24 -1 41 0 T 0.0 4 8.4 17 220 M M 4 2 21 210
6 28 19 24 -1 41 0 0.00 0.0 3 2.9 9 80 M M 10 12 11 90
7 28 22 25 0 40 0 0.37 3.6 3 6.3 12 330 M M 10 12 14 320
8 30 21 26 1 39 0 0.03 0.1 6 4.8 10 220 M M 10 1 13 260
9 30 16 23 -2 42 0 0.06 0.6 6 8.0 17 330 M M 10 1 20 330
10 31 3 17 -9 48 0 0.00 0.0 6 12.4 20 230 M M 2 1 24 230
11 37 25 31 5 34 0 0.09 0.4 5 14.2 26 230 M M 5 12 32 230
12 38 29 34 8 31 0 0.01 0.5 4 14.0 28 230 M M 6 1 36 220
13 29 17 23 -3 42 0 0.18 4.3 4 6.6 17 50 M M 10 1 23 50
14 20 9 15 -11 50 0 0.03 0.6 8 3.1 9 60 M M 9 12 12 50
15 13 1 7 -19 58 0 0.10 1.8 6 5.7 14 50 M M 10 128 16 30
16 11 -12 0 -26 65 0 T T 7 9.4 18 200 M M 7 12 22 210
17 31 10 21 -5 44 0 0.00 0.0 7 18.7 30 210 M M 0 37 210
18 38 19 29 3 36 0 0.00 0.0 6 16.2 29 210 M M 2 35 210
19 43 27 35 9 30 0 0.00 0.0 4 9.6 22 210 M M 3 27 210
20 44 32 38 11 27 0 0.00 0.0 3 15.5 24 230 M M 2 30 230
21 47 27 37 10 28 0 0.00 0.0 2 9.1 21 220 M M 1 25 230
22 47 29 38 11 27 0 0.00 0.0 1 14.3 22 250 M M 0 28 260
23 48 31 40 13 25 0 0.00 0.0 1 19.6 29 240 M M 0 38 230
24 47 39 43 15 22 0 0.00 0.0 T 22.3 37 240 M M 5 48 230
25 53 41 47 19 18 0 0.00 0.0 0 25.3 40 230 M M 3 51 230
26 44 4 24 -4 41 0 0.01 0.2 0 15.7 36 240 M M 7 1 46 240
27 15 -1 7 -21 58 0 0.06 0.5 1 5.9 14 210 M M 4 1 19 210
28 49 14 32 3 33 0 0.00 0.0 1 23.2 36 230 M M 2 51 230
29 58 35 47 18 18 0 T T 0 23.8 38 200 M M 1 50 200
================================================================================
SM 1091 578 1044 0 1.81 16.9 352.8 M 146
================================================================================
AV 37.6 19.9 12.2 FASTST M M 5 MAX(MPH)
MISC ----> 40 230 # 51 230
================================================================================
NOTES:
# LAST OF SEVERAL OCCURRENCES
COLUMN 17 PEAK WIND IN M.P.H.
PRELIMINARY LOCAL CLIMATOLOGICAL DATA (WS FORM: F-6) , PAGE 2
STATION: GREAT FALLS MT
MONTH: FEBRUARY
YEAR: 2024
LATITUDE: 47 28 N
LONGITUDE: 111 22 W
[TEMPERATURE DATA] [PRECIPITATION DATA] SYMBOLS USED IN COLUMN 16
AVERAGE MONTHLY: 28.8 TOTAL FOR MONTH: 1.81 1 = FOG OR MIST
DPTR FM NORMAL: 2.6 DPTR FM NORMAL: 1.22 2 = FOG REDUCING VISIBILITY
HIGHEST: 63 ON 1 GRTST 24HR 0.86 ON 3- 4 TO 1/4 MILE OR LESS
LOWEST: -12 ON 16 3 = THUNDER
SNOW, ICE PELLETS, HAIL 4 = ICE PELLETS
TOTAL MONTH: 16.9 INCHES 5 = HAIL
GRTST 24HR 4.3 ON 13-13 6 = FREEZING RAIN OR DRIZZLE
GRTST DEPTH: 8 ON 14 7 = DUSTSTORM OR SANDSTORM:
VSBY 1/2 MILE OR LESS
8 = SMOKE OR HAZE
[NO. OF DAYS WITH] [WEATHER - DAYS WITH] 9 = BLOWING SNOW
X = TORNADO
MAX 32 OR BELOW: 12 0.01 INCH OR MORE: 12
MAX 90 OR ABOVE: 0 0.10 INCH OR MORE: 5
MIN 32 OR BELOW: 24 0.50 INCH OR MORE: 0
MIN 0 OR BELOW: 2 1.00 INCH OR MORE: 0
[HDD (BASE 65) ]
TOTAL THIS MO. 1044 CLEAR (SCALE 0-3) 11
DPTR FM NORMAL -41 PTCLDY (SCALE 4-7) 10
TOTAL FM JUL 1 4825 CLOUDY (SCALE 8-10) 8
DPTR FM NORMAL -721
[CDD (BASE 65) ]
TOTAL THIS MO. 0
DPTR FM NORMAL 0 [PRESSURE DATA]
TOTAL FM JAN 1 0 HIGHEST SLP 30.73 ON 16
DPTR FM NORMAL 0 LOWEST SLP 29.27 ON 26
[REMARKS]
#FINAL-02-24#