000
CXUS52 KFFC 011110
CF6GVL
PRELIMINARY LOCAL CLIMATOLOGICAL DATA (WS FORM: F-6)
STATION: GAINESVILLE
MONTH: APRIL
YEAR: 2020
LATITUDE: 34 16 N
LONGITUDE: 83 50 W
TEMPERATURE IN F: :PCPN: SNOW: WIND :SUNSHINE: SKY :PK WND
================================================================================
1 2 3 4 5 6A 6B 7 8 9 10 11 12 13 14 15 16 17 18
12Z AVG MX 2MIN
DY MAX MIN AVG DEP HDD CDD WTR SNW DPTH SPD SPD DIR MIN PSBL S-S WX SPD DR
================================================================================
1 57 41 49 -8 16 0 0.00 0.0 0 10.4 17 340 M M 3 26 330
2 67 37 52 -5 13 0 0.00 0.0 0 5.9 17 240 M M 0 21 250
3 77 42 60 3 5 0 0.00 0.0 0 5.3 15 260 M M 0 20 230
4 76 54 65 7 0 0 0.00 0.0 0 3.7 10 250 M M 3 15 130
5 79 54 67 9 0 2 0.00 0.0 0 3.0 10 240 M M 2 16 240
6 81 54 68 10 0 3 0.00 0.0 0 5.2 17 230 M M 0 23 230
7 77 60 69 11 0 4 T 0.0 0 8.3 21 240 M M 2 26 240
8 78 61 70 11 0 5 T 0.0 0 9.5 20 260 M M 4 25 250
9 76 59 68 9 0 3 0.10 0.0 0 13.1 26 350 M M 3 37 350
10 63 44 54 -5 11 0 0.00 M 0 12.9 23 310 M M 0 33 300
11 68 38 53 -6 12 0 0.00 0.0 0 4.7 12 90 M M 0 18 80
12 70 47 59 -1 6 0 0.48 M 0 7.3 15 160 M M 6 1238 25 160
13 72 53 63 3 2 0 1.53 0.0 0 11.9 30 280 M M 3 3 47 280
14 69 45 57 -3 8 0 0.00 0.0 0 7.9 18 260 M M 0 24 280
15 64 42 53 -7 12 0 T M 0 10.0 16 310 M M 2 23 300
16 69 39 54 -7 11 0 0.00 0.0 0 3.5 15 320 M M 0 21 330
17 72 42 57 -4 8 0 0.00 0.0 0 4.6 15 240 M M 0 21 220
18 69 48 59 -2 6 0 0.17 M 0 10.3 20 310 M M 2 1 26 290
19 56 46 51 -10 14 0 0.66 M 0 5.3 13 50 M M 5 13 18 40
20 71 50 61 -1 4 0 0.41 0.0 0 7.8 18 300 M M 5 13 23 310
21 73 48 61 -1 4 0 0.00 0.0 0 10.0 26 270 M M 1 37 250
22 71 49 60 -2 5 0 T M 0 4.1 9 250 M M 1 14 180
23 61 51 56 -6 9 0 0.97 0.0 0 6.9 17 130 M M 10 13 24 140
24 70 55 63 0 2 0 0.00 0.0 0 9.2 17 300 M M 7 24 280
25 76 52 64 1 1 0 0.01 0.0 0 8.2 21 270 M M 5 28 280
26 63 50 57 -6 8 0 0.00 0.0 0 15.7 28 270 M M 5 36 280
27 73 42 58 -5 7 0 0.00 0.0 0 7.6 15 260 M M 1 22 250
28 77 47 62 -2 3 0 0.00 0.0 0 4.6 14 170 M M 1 18 180
29 73 53 63 -1 2 0 0.89 0.0 0 7.6 23 290 M M 6 18 31 290
30 61 49 55 -9 10 0 0.07 M 0 9.0 20 260 M M 6 1 26 250
================================================================================
SM 2109 1452 179 17 5.29 0.0 233.5 M 83
================================================================================
AV 70.3 48.4 7.8 FASTST M M 3 MAX(MPH)
MISC ----> # 30 280 # 47 280
================================================================================
NOTES:
# LAST OF SEVERAL OCCURRENCES
COLUMN 17 PEAK WIND IN M.P.H.
PRELIMINARY LOCAL CLIMATOLOGICAL DATA (WS FORM: F-6) , PAGE 2
STATION: GAINESVILLE
MONTH: APRIL
YEAR: 2020
LATITUDE: 34 16 N
LONGITUDE: 83 50 W
[TEMPERATURE DATA] [PRECIPITATION DATA] SYMBOLS USED IN COLUMN 16
AVERAGE MONTHLY: 59.4 TOTAL FOR MONTH: 5.29 1 = FOG OR MIST
DPTR FM NORMAL: -1.1 DPTR FM NORMAL: 1.73 2 = FOG REDUCING VISIBILITY
HIGHEST: 81 ON 6 GRTST 24HR 1.53 ON 13-13 TO 1/4 MILE OR LESS
LOWEST: 37 ON 2 3 = THUNDER
SNOW, ICE PELLETS, HAIL 4 = ICE PELLETS
TOTAL MONTH: 0.0 INCH 5 = HAIL
GRTST 24HR 0.0 6 = FREEZING RAIN OR DRIZZLE
GRTST DEPTH: 0 7 = DUSTSTORM OR SANDSTORM:
VSBY 1/2 MILE OR LESS
8 = SMOKE OR HAZE
[NO. OF DAYS WITH] [WEATHER - DAYS WITH] 9 = BLOWING SNOW
X = TORNADO
MAX 32 OR BELOW: 0 0.01 INCH OR MORE: 10
MAX 90 OR ABOVE: 0 0.10 INCH OR MORE: 8
MIN 32 OR BELOW: 0 0.50 INCH OR MORE: 4
MIN 0 OR BELOW: 0 1.00 INCH OR MORE: 1
[HDD (BASE 65) ]
TOTAL THIS MO. 179 CLEAR (SCALE 0-3) 19
DPTR FM NORMAL 6 PTCLDY (SCALE 4-7) 10
TOTAL FM JUL 1 2552 CLOUDY (SCALE 8-10) 1
DPTR FM NORMAL -473
[CDD (BASE 65) ]
TOTAL THIS MO. 17
DPTR FM NORMAL -17 [PRESSURE DATA]
TOTAL FM JAN 1 46 HIGHEST SLP 30.30 ON 16
DPTR FM NORMAL 7 LOWEST SLP 29.53 ON 20
[REMARKS]
#FINAL-04-20#