000
CXUS54 KJAN 011910
CF6GWO
PRELIMINARY LOCAL CLIMATOLOGICAL DATA (WS FORM: F-6)
STATION: GREENWOOD
MONTH: OCTOBER
YEAR: 2023
LATITUDE: 33 30 N
LONGITUDE: 90 5 W
TEMPERATURE IN F: :PCPN: SNOW: WIND :SUNSHINE: SKY :PK WND
================================================================================
1 2 3 4 5 6A 6B 7 8 9 10 11 12 13 14 15 16 17 18
12Z AVG MX 2MIN
DY MAX MIN AVG DEP HDD CDD WTR SNW DPTH SPD SPD DIR MIN PSBL S-S WX SPD DR
================================================================================
1 95 64 80 9 0 15 0.00 0.0 0 4.5 14 120 M M 2 19 70
2 93 64 79 9 0 14 0.00 0.0 0 5.5 17 70 M M 3 8 32 120
3 92 62 77 7 0 12 0.00 0.0 0 5.9 16 80 M M 0 8 25 80
4 88 64 76 6 0 11 T 0.0 0 3.8 12 180 M M 1 8 17 190
5 81 70 76 7 0 11 0.08 0.0 0 3.5 13 110 M M 8 18 17 110
6 87 55 71 2 0 6 0.00 0.0 0 7.3 16 50 M M 5 1 22 30
7 72 45 59 -9 6 0 0.00 0.0 0 5.8 16 50 M M 0 23 20
8 75 39 57 -11 8 0 0.00 0.0 0 1.9 10 210 M M 0 8 16 290
9 84 46 65 -3 0 0 0.00 0.0 0 6.1 18 200 M M 0 31 200
10 88 57 73 6 0 8 0.00 0.0 0 5.4 16 220 M M 0 26 210
11 71 57 64 -3 1 0 0.01 0.0 0 3.0 12 190 M M 2 15 200
12 73 58 66 0 0 1 0.00 0.0 0 5.3 12 140 M M 10 1 15 120
13 81 64 73 7 0 8 0.00 0.0 0 4.2 12 200 M M 8 16 210
14 72 61 67 1 0 2 0.00 0.0 0 6.3 16 350 M M 4 23 360
15 68 47 58 -7 7 0 0.01 0.0 0 7.0 23 360 M M 8 33 360
16 70 43 57 -8 8 0 0.00 0.0 0 3.3 14 330 M M 2 1 25 320
17 74 39 57 -7 8 0 0.00 0.0 0 1.2 8 220 M M 0 13 20
18 80 46 63 -1 2 0 0.00 0.0 0 4.7 16 170 M M 0 22 190
19 83 55 69 5 0 4 0.00 0.0 0 7.3 17 210 M M 3 27 200
20 88 50 69 6 0 4 0.00 0.0 0 4.9 15 350 M M 0 1 23 340
21 89 46 68 5 0 3 0.00 0.0 0 4.6 15 220 M M 0 25 190
22 87 57 72 10 0 7 0.00 0.0 0 4.0 18 80 M M 0 23 80
23 91 67 79 17 0 14 0.00 0.0 0 5.0 17 120 M M 0 8 28 130
24 88 67 78 16 0 13 0.00 0.0 0 8.3 21 170 M M 0 27 170
25 87 65 76 15 0 11 0.00 0.0 0 9.0 20 180 M M 0 26 180
26 89 60 75 14 0 10 0.00 0.0 0 8.6 23 180 M M 2 30 180
27 85 69 77 17 0 12 0.00 0.0 0 5.3 18 180 M M 4 26 190
28 88 65 77 17 0 12 0.00 0.0 0 5.8 14 210 M M 4 19 180
29 87 57 72 12 0 7 0.00 0.0 0 6.5 15 210 M M 3 8 21 180
30 57 41 49 -10 16 0 0.25 0.0 0 9.1 16 20 M M 8 1 27 20
31 56 34 45 -14 20 0 0.00 0.0 0 7.2 15 350 M M 0 26 350
================================================================================
SM 2519 1714 76 185 0.35 0.0 170.3 M 77
================================================================================
AV 81.3 55.3 5.5 FASTST M M 2 MAX(MPH)
MISC ----> # 23 360 33 360
================================================================================
NOTES:
# LAST OF SEVERAL OCCURRENCES
COLUMN 17 PEAK WIND IN M.P.H.
PRELIMINARY LOCAL CLIMATOLOGICAL DATA (WS FORM: F-6) , PAGE 2
STATION: GREENWOOD
MONTH: OCTOBER
YEAR: 2023
LATITUDE: 33 30 N
LONGITUDE: 90 5 W
[TEMPERATURE DATA] [PRECIPITATION DATA] SYMBOLS USED IN COLUMN 16
AVERAGE MONTHLY: 68.3 TOTAL FOR MONTH: 0.35 1 = FOG OR MIST
DPTR FM NORMAL: 3.4 DPTR FM NORMAL: -3.06 2 = FOG REDUCING VISIBILITY
HIGHEST: 95 ON 1 GRTST 24HR 0.25 ON 30-30 TO 1/4 MILE OR LESS
LOWEST: 34 ON 31 3 = THUNDER
SNOW, ICE PELLETS, HAIL 4 = ICE PELLETS
TOTAL MONTH: 0.0 INCH 5 = HAIL
GRTST 24HR 0.0 6 = FREEZING RAIN OR DRIZZLE
GRTST DEPTH: 0 7 = DUSTSTORM OR SANDSTORM:
VSBY 1/2 MILE OR LESS
8 = SMOKE OR HAZE
[NO. OF DAYS WITH] [WEATHER - DAYS WITH] 9 = BLOWING SNOW
X = TORNADO
MAX 32 OR BELOW: 0 0.01 INCH OR MORE: 4
MAX 90 OR ABOVE: 4 0.10 INCH OR MORE: 1
MIN 32 OR BELOW: 0 0.50 INCH OR MORE: 0
MIN 0 OR BELOW: 0 1.00 INCH OR MORE: 0
[HDD (BASE 65) ]
TOTAL THIS MO. 76 CLEAR (SCALE 0-3) 22
DPTR FM NORMAL -36 PTCLDY (SCALE 4-7) 7
TOTAL FM JUL 1 76 CLOUDY (SCALE 8-10) 2
DPTR FM NORMAL -44
[CDD (BASE 65) ]
TOTAL THIS MO. 185
DPTR FM NORMAL 77 [PRESSURE DATA]
TOTAL FM JAN 1 2791 HIGHEST SLP 30.38 ON 31
DPTR FM NORMAL 571 LOWEST SLP 29.72 ON 12
[REMARKS]
#FINAL-10-23#