000
CXUS54 KEWX 191011
CF6GYB
PRELIMINARY LOCAL CLIMATOLOGICAL DATA (WS FORM: F-6)
STATION: GIDDINGS-LEE COUNTY AIRPORT
MONTH: APRIL
YEAR: 2024
LATITUDE: 30 10 N
LONGITUDE: 96 59 W
TEMPERATURE IN F: :PCPN: SNOW: WIND :SUNSHINE: SKY :PK WND
================================================================================
1 2 3 4 5 6A 6B 7 8 9 10 11 12 13 14 15 16 17 18
12Z AVG MX 2MIN
DY MAX MIN AVG DEP HDD CDD WTR SNW DPTH SPD SPD DIR MIN PSBL S-S WX SPD DR
================================================================================
1 81 71 76 M 0 11 0.00 M M 7.5 15 170 M M 9 18 24 190
2 75 52 64 M 1 0 0.00 M M 9.0 20 330 M M 2 28 330
3 80 47 64 M 1 0 0.00 M M 2.1 10 280 M M 0 18 290
4 85 45 65 M 0 0 0.00 M M 0.0 M M M M 0 M M
5 84 55 70 M 0 5 0.00 M M 2.5 14 200 M M 0 20 170
6 78 61 70 M 0 5 0.00 M M 5.6 18 170 M M 8 24 170
7 79 64 72 M 0 7 0.00 M M 1.4 9 170 M M 7 1 16 170
8 80 64 72 M 0 7 0.23 M M 0.4 5 170 M M 10 18 18 0
9 83 65 74 M 0 9 0.26 M M 1.6 10 170 M M 8 18 22 0
10 71 57 64 M 1 0 0.29 M M 9.6 18 330 M M 6 29 330
11 79 49 64 M 1 0 0.00 M M 1.8 12 10 M M 0 17 340
12 81 51 66 M 0 1 0.00 M M 1.3 7 160 M M 0 17 160
13 81 55 68 M 0 3 0.00 M M 2.7 13 190 M M 2 1 23 0
14 82 64 73 M 0 8 0.00 M M 2.1 13 190 M M 7 17 190
15 82 69 76 M 0 11 0.00 M M 5.4 14 140 M M 9 29 140
16 82 71 77 M 0 12 0.00 M M 1.7 13 190 M M 10 1 18 190
17 82 72 77 M 0 12 0.00 M M 0.7 9 150 M M 7 1 21 0
18 86 72 79 M 0 14 0.00 M M 1.3 10 200 M M 6 1 16 190
================================================================================
SM 1451 1084 4 105 0.78 M 56.6 M 91
================================================================================
AV 80.6 60.2 3.1 FASTST M M 5 MAX(MPH)
MISC ----> 20 330 29 140
================================================================================
NOTES:
# LAST OF SEVERAL OCCURRENCES
COLUMN 17 PEAK WIND IN M.P.H.
PRELIMINARY LOCAL CLIMATOLOGICAL DATA (WS FORM: F-6) , PAGE 2
STATION: GIDDINGS-LEE COUNTY AIRPORT
MONTH: APRIL
YEAR: 2024
LATITUDE: 30 10 N
LONGITUDE: 96 59 W
[TEMPERATURE DATA] [PRECIPITATION DATA] SYMBOLS USED IN COLUMN 16
AVERAGE MONTHLY: 70.4 TOTAL FOR MONTH: 0.78 1 = FOG OR MIST
DPTR FM NORMAL: 0.0 DPTR FM NORMAL: 0.78 2 = FOG REDUCING VISIBILITY
HIGHEST: 86 ON 18 GRTST 24HR 0.29 ON 10-10 TO 1/4 MILE OR LESS
LOWEST: 45 ON 4 3 = THUNDER
SNOW, ICE PELLETS, HAIL 4 = ICE PELLETS
TOTAL MONTH: M 5 = HAIL
GRTST 24HR M ON M 6 = FREEZING RAIN OR DRIZZLE
GRTST DEPTH: M ON M 7 = DUSTSTORM OR SANDSTORM:
VSBY 1/2 MILE OR LESS
8 = SMOKE OR HAZE
[NO. OF DAYS WITH] [WEATHER - DAYS WITH] 9 = BLOWING SNOW
X = TORNADO
MAX 32 OR BELOW: 0 0.01 INCH OR MORE: 3
MAX 90 OR ABOVE: 0 0.10 INCH OR MORE: 3
MIN 32 OR BELOW: 0 0.50 INCH OR MORE: 0
MIN 0 OR BELOW: 0 1.00 INCH OR MORE: 0
[HDD (BASE 65) ]
TOTAL THIS MO. 4 CLEAR (SCALE 0-3) 7
DPTR FM NORMAL M PTCLDY (SCALE 4-7) 7
TOTAL FM JUL 1 1428 CLOUDY (SCALE 8-10) 4
DPTR FM NORMAL M
[CDD (BASE 65) ]
TOTAL THIS MO. 105
DPTR FM NORMAL M [PRESSURE DATA]
TOTAL FM JAN 1 219 HIGHEST SLP M ON M
DPTR FM NORMAL M LOWEST SLP M ON M
[REMARKS]