617
CXUS54 KFWD 010731
CF6GYI
PRELIMINARY LOCAL CLIMATOLOGICAL DATA (WS FORM: F-6)
STATION: SHERMAN DENISON
MONTH: AUGUST
YEAR: 2020
LATITUDE: 33 42 N
LONGITUDE: 96 40 W
TEMPERATURE IN F: :PCPN: SNOW: WIND :SUNSHINE: SKY :PK WND
================================================================================
1 2 3 4 5 6A 6B 7 8 9 10 11 12 13 14 15 16 17 18
12Z AVG MX 2MIN
DY MAX MIN AVG DEP HDD CDD WTR SNW DPTH SPD SPD DIR MIN PSBL S-S WX SPD DR
================================================================================
1 89 69 79 -5 0 14 0.00 0.0 0 1.6 6 360 M M 1 M M
2 92 69 81 -3 0 16 0.00 0.0 0 3.5 12 320 M M 1 16 280
3 91 69 80 -4 0 15 0.00 0.0 0 5.6 17 350 M M 2 17 360
4 89 68 79 -5 0 14 0.00 0.0 0 6.3 10 80 M M 3 M M
5 84 66 75 -9 0 10 M 0.0 0 8.2 16 40 M M 2 3 24 40
6 97 72 85 1 0 20 0.00 0.0 0 9.0 12 140 M M 1 M M
7 97 78 88 4 0 23 0.00 0.0 0 12.1 17 160 M M 0 24 160
8 98 77 88 4 0 23 0.00 0.0 0 12.9 17 140 M M 0 23 180
9 99 77 88 4 0 23 0.00 0.0 0 11.5 16 140 M M 0 22 150
10 99 77 88 5 0 23 0.00 0.0 0 11.1 17 160 M M 0 23 170
11 M M M M M M 0.00 0.0 0 9.7 14 110 M M 1 18 90
12 98 73 86 3 0 21 0.00 0.0 0 8.3 17 90 M M 1 18 110
13 102 76 89 6 0 24 0.00 0.0 0 9.8 16 150 M M 0 18 100
14 102 79 91 8 0 26 0.00 0.0 0 9.3 16 190 M M 0 23 190
15 100 75 88 5 0 23 0.00 0.0 0 7.3 10 100 M M 0 M M
16 102 71 87 4 0 22 0.08 0.0 0 9.1 24 210 M M 2 3 31 210
17 96 68 82 -1 0 17 0.00 0.0 0 2.4 12 40 M M 1 M M
18 94 68 81 -2 0 16 0.00 0.0 0 6.2 13 20 M M 0 17 350
19 92 63 78 -5 0 13 0.00 0.0 0 3.8 9 360 M M 0 M M
20 91 65 78 -4 0 13 0.00 0.0 0 5.5 12 90 M M 0 M M
21 92 64 78 -4 0 13 0.00 0.0 0 4.7 9 180 M M 0 M M
22 95 67 81 -1 0 16 0.00 0.0 0 6.5 9 120 M M 0 M M
23 96 68 82 0 0 17 0.00 0.0 0 5.7 12 130 M M 1 16 130
24 96 72 84 2 0 19 0.00 0.0 0 6.4 13 90 M M 1 17 90
25 97 68 83 1 0 18 0.00 0.0 0 3.6 10 50 M M 1 M M
26 91 71 81 -1 0 16 0.01 0.0 0 6.7 24 60 M M 3 3 33 60
27 91 69 80 -1 0 15 0.00 0.0 0 4.1 12 300 M M 2 M M
28 101 73 87 6 0 22 0.00 0.0 0 8.2 15 160 M M 0 21 230
29 101 78 90 9 0 25 0.00 0.0 0 8.4 16 200 M M 0 18 180
30 92 71 82 2 0 17 0.31 0.0 0 9.4 22 300 M M 2 3 30 300
31 92 77 85 5 0 20 0.03 0.0 0 9.4 25 150 M M 3 3 32 150
================================================================================
SM 2856 2138 0 554 0.43 0.0 226.3 M 28
================================================================================
AV 95.2 71.3 7.3 FASTST M M 1 MAX(MPH)
MISC ----> # 25 150 # 33 60
================================================================================
NOTES:
# LAST OF SEVERAL OCCURRENCES
COLUMN 17 PEAK WIND IN M.P.H.
PRELIMINARY LOCAL CLIMATOLOGICAL DATA (WS FORM: F-6) , PAGE 2
STATION: SHERMAN DENISON
MONTH: AUGUST
YEAR: 2020
LATITUDE: 33 42 N
LONGITUDE: 96 40 W
[TEMPERATURE DATA] [PRECIPITATION DATA] SYMBOLS USED IN COLUMN 16
AVERAGE MONTHLY: 83.2 TOTAL FOR MONTH: 0.43 1 = FOG OR MIST
DPTR FM NORMAL: 0.6 DPTR FM NORMAL: -1.63 2 = FOG REDUCING VISIBILITY
HIGHEST: 102 ON 16,14 GRTST 24HR 0.31 ON 30-30 TO 1/4 MILE OR LESS
LOWEST: 63 ON 19 3 = THUNDER
SNOW, ICE PELLETS, HAIL 4 = ICE PELLETS
TOTAL MONTH: 0.0 INCH 5 = HAIL
GRTST 24HR 0.0 6 = FREEZING RAIN OR DRIZZLE
GRTST DEPTH: 0 7 = DUSTSTORM OR SANDSTORM:
VSBY 1/2 MILE OR LESS
8 = SMOKE OR HAZE
[NO. OF DAYS WITH] [WEATHER - DAYS WITH] 9 = BLOWING SNOW
X = TORNADO
MAX 32 OR BELOW: 0 0.01 INCH OR MORE: 4
MAX 90 OR ABOVE: 27 0.10 INCH OR MORE: 1
MIN 32 OR BELOW: 0 0.50 INCH OR MORE: 0
MIN 0 OR BELOW: 0 1.00 INCH OR MORE: 0
[HDD (BASE 65) ]
TOTAL THIS MO. 0 CLEAR (SCALE 0-3) 31
DPTR FM NORMAL 0 PTCLDY (SCALE 4-7) 0
TOTAL FM JUL 1 0 CLOUDY (SCALE 8-10) 0
DPTR FM NORMAL 0
[CDD (BASE 65) ]
TOTAL THIS MO. 554
DPTR FM NORMAL 9 [PRESSURE DATA]
TOTAL FM JAN 1 1980 HIGHEST SLP M ON M
DPTR FM NORMAL 230 LOWEST SLP M ON M
[REMARKS]
#FINAL-08-20#