000
CXUX51 KGYX 160116
CLMGYX
PWMCLMGYX 000
TTAA00 GYX 020050
CLIMATE REPORT
NATIONAL WEATHER SERVICE GRAY ME
850 PM EDT MON APR 01 2024
...................................
...THE GRAY ME CLIMATE SUMMARY FOR THE MONTH OF MARCH 2024...
CLIMATE NORMAL PERIOD: 1991 TO 2020
CLIMATE RECORD PERIOD: 1995 TO 2024
WEATHER OBSERVED NORMAL DEPART LAST YEAR`S
VALUE DATE(S) VALUE FROM VALUE
NORMAL
..............................................................
TEMPERATURE (F)
RECORD
HIGH 86 03/31/1998
LOW -4 03/09/2007
03/07/2007
03/06/2007
HIGHEST 55 03/03 62 -7 53
03/06
LOWEST 10 03/01 4 6 17
AVG. MAXIMUM 44.1 41.3 2.8 42.1
AVG. MINIMUM 29.8 24.6 5.2 27.6
MEAN 36.9 32.9 4.0 34.9
DAYS MAX >= 90 0 0.0 0.0 0
DAYS MAX <= 32 1 5.3 -4.3 0
DAYS MIN <= 32 18 25.7 -7.7 30
DAYS MIN <= 0 0 0.4 -0.4 0
PRECIPITATION (INCHES)
RECORD
MAXIMUM 8.93 2010
MINIMUM 1.19 2006
TOTALS 11.70 4.01 7.69 2.73
DAILY AVG. 0.38 0.13 0.25 0.09
DAYS >= .01 16 11.4 3.6 9
DAYS >= .10 14 6.6 6.4 6
DAYS >= .50 6 2.8 2.2 2
DAYS >= 1.00 4 1.0 2.0 0
GREATEST
24 HR. TOTAL 3.17 03/10
SNOWFALL (INCHES)
RECORDS
TOTAL 58.3 2001
TOTALS 10.7 16.2 -5.5 24.5
SINCE 7/1 43.6 79.3 -35.7 81.2
SNOWDEPTH AVG. 1
DAYS >= TRACE 7 6.3 0.7 14
DAYS >= 1.0 2 3.4 -1.4 5
GREATEST
SNOW DEPTH 9 03/24 25
03/25
24 HR TOTAL 8.6 03/23
DEGREE DAYS
HEATING TOTAL 860 994 -134 927
SINCE 7/1 5398 6067 -669 5446
COOLING TOTAL 0 0 0 0
SINCE 1/1 0 0 0 0
..............................................................
- INDICATES NEGATIVE NUMBERS.
R INDICATES RECORD WAS SET OR TIED.
MM INDICATES DATA IS MISSING.
T INDICATES TRACE AMOUNT.
$$