000
CXUS54 KEWX 011010
CF6HDO
PRELIMINARY LOCAL CLIMATOLOGICAL DATA (WS FORM: F-6)
STATION: HONDO
MONTH: MARCH
YEAR: 2020
LATITUDE: 29 21 N
LONGITUDE: 99 10 W
TEMPERATURE IN F: :PCPN: SNOW: WIND :SUNSHINE: SKY :PK WND
================================================================================
1 2 3 4 5 6A 6B 7 8 9 10 11 12 13 14 15 16 17 18
12Z AVG MX 2MIN
DY MAX MIN AVG DEP HDD CDD WTR SNW DPTH SPD SPD DIR MIN PSBL S-S WX SPD DR
================================================================================
1 78 50 64 6 1 0 0.00 M M 5.2 10 210 M M 3 15 140
2 72 53 63 5 2 0 0.00 M M 6.1 20 20 M M 5 1 24 30
3 75 63 69 11 0 4 T M M 7.9 16 90 M M 8 1 22 100
4 74 53 64 5 1 0 0.15 M M 15.2 32 320 M M 6 1 41 320
5 77 44 61 2 4 0 0.00 M M 7.6 18 10 M M 1 26 20
6 74 43 59 0 6 0 0.00 M M 9.1 22 80 M M 0 30 80
7 70 50 60 0 5 0 T M M 9.7 21 130 M M 4 26 130
8 74 46 60 0 5 0 0.00 M M 12.1 25 170 M M 6 12 34 160
9 69 62 66 6 0 1 0.07 M M 6.8 18 150 M M 9 24 150
10 79 62 71 11 0 6 T M M 6.1 13 160 M M 8 18 17 150
11 88 62 75 15 0 10 0.00 M M 8.5 18 150 M M 4 1 24 150
12 88 64 76 15 0 11 0.00 M M 8.4 18 130 M M 4 1 25 140
13 85 66 76 15 0 11 0.00 M M 10.9 21 120 M M 8 27 140
14 85 70 78 17 0 13 0.00 M M 10.4 18 130 M M 8 28 160
15 78 67 73 12 0 8 0.01 M M 11.2 21 80 M M 8 1 26 90
16 78 65 72 10 0 7 T M M 9.3 25 320 M M 6 34 330
17 86 67 77 15 0 12 0.02 M M 13.2 22 140 M M 7 29 140
18 85 66 76 14 0 11 0.08 M M 8.9 22 140 M M 6 28 140
19 83 68 76 14 0 11 0.10 M M 10.1 22 120 M M 6 3 27 110
20 71 56 64 2 1 0 0.21 M M 14.0 25 20 M M 9 3 34 20
21 56 52 54 -9 11 0 0.27 M M 8.9 18 40 M M 10 1 24 30
22 65 52 59 -4 6 0 0.06 M M 3.7 9 60 M M 10 12 11 80
23 82 62 72 9 0 7 0.00 M M 7.9 16 170 M M 8 1 22 180
24 94 59 77 14 0 12 0.00 M M 4.5 13 300 M M 4 12 17 130
25 89 56 73 9 0 8 0.00 M M 7.5 16 150 M M 0 22 150
26 92 67 80 16 0 15 0.00 M M 10.2 20 130 M M 5 18 27 130
27 88 67 78 14 0 13 T M M 8.8 18 120 M M 4 1 24 110
28 84 49 67 3 0 2 T M M 9.3 26 360 M M 3 1 34 330
29 81 47 64 -1 1 0 T M M 8.8 20 140 M M 5 24 80
30 73 60 67 2 0 2 0.03 M M 6.0 13 110 M M 8 128 19 110
31 84 51 68 3 0 3 T M M 6.8 17 20 M M 2 12 23 30
================================================================================
SM 2457 1799 43 167 1.00 M 273.1 M 175
================================================================================
AV 79.3 58.0 8.8 FASTST M M 6 MAX(MPH)
MISC ----> # 32 320 # 41 320
================================================================================
NOTES:
# LAST OF SEVERAL OCCURRENCES
COLUMN 17 PEAK WIND IN M.P.H.
PRELIMINARY LOCAL CLIMATOLOGICAL DATA (WS FORM: F-6) , PAGE 2
STATION: HONDO
MONTH: MARCH
YEAR: 2020
LATITUDE: 29 21 N
LONGITUDE: 99 10 W
[TEMPERATURE DATA] [PRECIPITATION DATA] SYMBOLS USED IN COLUMN 16
AVERAGE MONTHLY: 68.7 TOTAL FOR MONTH: 1.00 1 = FOG OR MIST
DPTR FM NORMAL: 7.0 DPTR FM NORMAL: -1.13 2 = FOG REDUCING VISIBILITY
HIGHEST: 94 ON 24 GRTST 24HR 0.27 ON 21-21 TO 1/4 MILE OR LESS
LOWEST: 43 ON 6 3 = THUNDER
SNOW, ICE PELLETS, HAIL 4 = ICE PELLETS
TOTAL MONTH: M 5 = HAIL
GRTST 24HR M ON M 6 = FREEZING RAIN OR DRIZZLE
GRTST DEPTH: M ON M 7 = DUSTSTORM OR SANDSTORM:
VSBY 1/2 MILE OR LESS
8 = SMOKE OR HAZE
[NO. OF DAYS WITH] [WEATHER - DAYS WITH] 9 = BLOWING SNOW
X = TORNADO
MAX 32 OR BELOW: 0 0.01 INCH OR MORE: 10
MAX 90 OR ABOVE: 2 0.10 INCH OR MORE: 4
MIN 32 OR BELOW: 0 0.50 INCH OR MORE: 0
MIN 0 OR BELOW: 0 1.00 INCH OR MORE: 0
[HDD (BASE 65) ]
TOTAL THIS MO. 43 CLEAR (SCALE 0-3) 5
DPTR FM NORMAL -123 PTCLDY (SCALE 4-7) 20
TOTAL FM JUL 1 1261 CLOUDY (SCALE 8-10) 6
DPTR FM NORMAL -281
[CDD (BASE 65) ]
TOTAL THIS MO. 167
DPTR FM NORMAL 108 [PRESSURE DATA]
TOTAL FM JAN 1 206 HIGHEST SLP 30.51 ON 6
DPTR FM NORMAL 128 LOWEST SLP 29.62 ON 27
[REMARKS]
#FINAL-03-20#