000
CXUS51 KLWX 010915
CF6HGR
PRELIMINARY LOCAL CLIMATOLOGICAL DATA (WS FORM: F-6)
STATION: HAGERSTOWN MD
MONTH: FEBRUARY
YEAR: 2023
LATITUDE: 39 42 N
LONGITUDE: 77 43 W
TEMPERATURE IN F: :PCPN: SNOW: WIND :SUNSHINE: SKY :PK WND
================================================================================
1 2 3 4 5 6A 6B 7 8 9 10 11 12 13 14 15 16 17 18
12Z AVG MX 2MIN
DY MAX MIN AVG DEP HDD CDD WTR SNW DPTH SPD SPD DIR MIN PSBL S-S WX SPD DR
================================================================================
1 36 25 31 -2 34 0 T M M 7.3 17 320 M M 3 8 20 330
2 40 23 32 -1 33 0 0.00 M M 5.3 12 250 M M 0 17 260
3 36 13 25 -8 40 0 T M M 21.0 36 310 M M 4 44 320
4 30 10 20 -14 45 0 0.00 M M 8.8 21 310 M M 1 25 300
5 51 24 38 4 27 0 0.00 M M 4.1 12 170 M M 2 14 170
6 50 30 40 6 25 0 0.00 M M 8.3 21 320 M M 8 27 330
7 47 26 37 3 28 0 0.00 M M 5.7 15 160 M M 1 18 19 190
8 60 35 48 14 17 0 0.00 M M 5.6 16 300 M M 1 19 310
9 66 38 52 18 13 0 T M M 10.6 24 170 M M 5 34 170
10 63 42 53 19 12 0 0.00 M M 15.4 32 290 M M 3 39 290
11 48 33 41 6 24 0 0.00 M M 8.6 24 290 M M 0 31 300
12 46 29 38 3 27 0 0.00 M M 5.8 15 10 M M 4 18 10
13 59 34 47 12 18 0 0.00 M M 9.0 30 290 M M 0 38 280
14 57 35 46 11 19 0 0.00 M M 5.4 16 170 M M 0 21 140
15 70 50 60 25 5 0 0.00 M M 13.3 22 170 M M 2 27 170
16 59 49 54 18 11 0 0.24 M M 5.4 12 160 M M 5 12 14 130
17 58 28 43 7 22 0 0.20 M M 16.7 37 320 M M 8 1 43 310
18 47 22 35 -1 30 0 0.00 M M 7.8 28 300 M M 1 32 310
19 61 31 46 10 19 0 0.00 M M 7.5 20 170 M M 0 24 160
20 63 41 52 16 13 0 0.01 M M 6.4 20 280 M M 4 25 270
21 56 37 47 10 18 0 0.12 M M 9.3 28 260 M M 5 12 37 270
22 49 34 42 5 23 0 0.07 M M 5.2 10 170 M M 4 1 14 160
23 75 36 56 19 9 0 T M M 6.2 15 270 M M 4 18 19 260
24 68 31 50 13 15 0 0.00 M M 14.2 28 300 M M 1 36 310
25 36 29 33 -5 32 0 0.00 M M 6.9 15 190 M M 8 1 18 200
26 60 29 45 7 20 0 0.00 M M 9.2 31 270 M M 6 12 40 270
27 49 32 41 3 24 0 0.47 M M 7.6 20 150 M M 4 1 28 160
28 55 37 46 8 19 0 0.07 M M 7.2 22 310 M M 7 18 27 310
================================================================================
SM 1495 883 622 0 1.18 M 243.8 M 91
================================================================================
AV 53.4 31.5 8.7 FASTST M M 3 MAX(MPH)
MISC ----> 37 320 44 320
================================================================================
NOTES:
# LAST OF SEVERAL OCCURRENCES
COLUMN 17 PEAK WIND IN M.P.H.
PRELIMINARY LOCAL CLIMATOLOGICAL DATA (WS FORM: F-6) , PAGE 2
STATION: HAGERSTOWN MD
MONTH: FEBRUARY
YEAR: 2023
LATITUDE: 39 42 N
LONGITUDE: 77 43 W
[TEMPERATURE DATA] [PRECIPITATION DATA] SYMBOLS USED IN COLUMN 16
AVERAGE MONTHLY: 42.5 TOTAL FOR MONTH: 1.18 1 = FOG OR MIST
DPTR FM NORMAL: 7.0 DPTR FM NORMAL: -0.79 2 = FOG REDUCING VISIBILITY
HIGHEST: 75 ON 23 GRTST 24HR 0.54 ON 27-28 TO 1/4 MILE OR LESS
LOWEST: 10 ON 4 3 = THUNDER
SNOW, ICE PELLETS, HAIL 4 = ICE PELLETS
TOTAL MONTH: M 5 = HAIL
GRTST 24HR M ON M 6 = FREEZING RAIN OR DRIZZLE
GRTST DEPTH: M ON M 7 = DUSTSTORM OR SANDSTORM:
VSBY 1/2 MILE OR LESS
8 = SMOKE OR HAZE
[NO. OF DAYS WITH] [WEATHER - DAYS WITH] 9 = BLOWING SNOW
X = TORNADO
MAX 32 OR BELOW: 1 0.01 INCH OR MORE: 7
MAX 90 OR ABOVE: 0 0.10 INCH OR MORE: 4
MIN 32 OR BELOW: 15 0.50 INCH OR MORE: 0
MIN 0 OR BELOW: 0 1.00 INCH OR MORE: 0
[HDD (BASE 65) ]
TOTAL THIS MO. 622 CLEAR (SCALE 0-3) 14
DPTR FM NORMAL -206 PTCLDY (SCALE 4-7) 14
TOTAL FM JUL 1 3190 CLOUDY (SCALE 8-10) 0
DPTR FM NORMAL -403
[CDD (BASE 65) ]
TOTAL THIS MO. 0
DPTR FM NORMAL 0 [PRESSURE DATA]
TOTAL FM JAN 1 0 HIGHEST SLP 30.70 ON 4
DPTR FM NORMAL 0 LOWEST SLP 29.51 ON 28
[REMARKS]
#FINAL-02-23#