000
CXUS56 KLOX 011155
CF6HHR
PRELIMINARY LOCAL CLIMATOLOGICAL DATA (WS FORM: F-6)
STATION: HAWTHORNE AIRPORT CA
MONTH: MAY
YEAR: 2022
LATITUDE: 33 55 N
LONGITUDE: 118 20 W
TEMPERATURE IN F: :PCPN: SNOW: WIND :SUNSHINE: SKY :PK WND
================================================================================
1 2 3 4 5 6A 6B 7 8 9 10 11 12 13 14 15 16 17 18
12Z AVG MX 2MIN
DY MAX MIN AVG DEP HDD CDD WTR SNW DPTH SPD SPD DIR MIN PSBL S-S WX SPD DR
================================================================================
1 70 59 65 1 0 0 0.00 M M 5.5 15 260 M M 5 22 270
2 69 60 65 1 0 0 0.00 M M 5.8 17 250 M M 6 23 260
3 70 60 65 1 0 0 0.00 M M 5.0 16 250 M M 5 22 260
4 72 59 66 2 0 1 0.00 M M 5.6 16 260 M M 2 8 23 270
5 72 57 65 1 0 0 0.00 M M 5.8 16 250 M M 5 18 22 260
6 73 58 66 2 0 1 0.00 M M 4.4 13 240 M M 0 8 19 260
7 72 62 67 3 0 2 0.00 M M 6.4 15 250 M M 2 8 23 260
8 67 59 63 -1 2 0 0.00 M M 7.6 20 260 M M 5 8 27 250
9 67 56 62 -2 3 0 0.00 M M 6.2 17 260 M M 1 8 25 270
10 68 53 61 -3 4 0 0.00 M M 7.2 26 260 M M 0 8 35 260
11 67 53 60 -4 5 0 0.00 M M 8.7 26 260 M M 0 8 42 270
12 79 54 67 3 0 2 0.00 M M 5.8 21 260 M M 0 31 260
13 84 58 71 7 0 6 0.00 M M 5.0 17 260 M M 0 24 280
14 86 62 74 10 0 9 0.00 M M 5.1 15 270 M M 0 21 240
15 80 60 70 6 0 5 0.00 M M 5.5 17 260 M M 0 23 250
16 69 61 65 0 0 0 0.00 M M 5.9 14 260 M M 3 8 21 260
17 70 60 65 0 0 0 0.00 M M 5.5 15 260 M M 5 20 260
18 70 60 65 0 0 0 0.00 M M 5.3 14 250 M M 6 25 240
19 67 61 64 -1 1 0 0.00 M M 4.8 13 260 M M 10 8 19 260
20 68 59 64 -1 1 0 0.00 M M 5.7 13 140 M M 10 1 20 220
21 70 61 66 1 0 1 0.00 M M 6.6 16 260 M M 7 22 250
22 68 58 63 -2 2 0 0.00 M M 7.3 17 260 M M 1 29 280
23 69 57 63 -2 2 0 0.00 M M 4.5 13 240 M M 7 19 250
24 70 60 65 0 0 0 0.00 M M 5.0 14 250 M M 6 8 21 240
25 73 62 68 3 0 3 0.00 M M 5.0 13 250 M M 4 8 18 260
26 71 62 67 2 0 2 0.00 M M 6.4 16 250 M M 5 8 26 240
27 71 62 67 2 0 2 0.00 M M 7.8 17 260 M M 5 24 250
28 69 61 65 0 0 0 0.00 M M 6.1 16 270 M M 7 21 240
29 72 60 66 1 0 1 0.00 M M 5.6 15 250 M M 1 8 22 230
30 72 62 67 2 0 2 0.00 M M 6.6 18 260 M M 3 24 270
31 74 60 67 1 0 2 0.00 M M 5.5 14 250 M M 1 8 22 260
================================================================================
SM 2219 1836 20 39 0.00 M 183.2 M 112
================================================================================
AV 71.6 59.2 5.9 FASTST M M 4 MAX(MPH)
MISC ----> # 26 260 42 270
================================================================================
NOTES:
# LAST OF SEVERAL OCCURRENCES
COLUMN 17 PEAK WIND IN M.P.H.
PRELIMINARY LOCAL CLIMATOLOGICAL DATA (WS FORM: F-6) , PAGE 2
STATION: HAWTHORNE AIRPORT CA
MONTH: MAY
YEAR: 2022
LATITUDE: 33 55 N
LONGITUDE: 118 20 W
[TEMPERATURE DATA] [PRECIPITATION DATA] SYMBOLS USED IN COLUMN 16
AVERAGE MONTHLY: 65.4 TOTAL FOR MONTH: 0.00 1 = FOG OR MIST
DPTR FM NORMAL: 0.8 DPTR FM NORMAL: -0.29 2 = FOG REDUCING VISIBILITY
HIGHEST: 86 ON 14 GRTST 24HR T ON 10-10 TO 1/4 MILE OR LESS
LOWEST: 53 ON 11,10 3 = THUNDER
SNOW, ICE PELLETS, HAIL 4 = ICE PELLETS
TOTAL MONTH: M 5 = HAIL
GRTST 24HR M ON M 6 = FREEZING RAIN OR DRIZZLE
GRTST DEPTH: M ON M 7 = DUSTSTORM OR SANDSTORM:
VSBY 1/2 MILE OR LESS
8 = SMOKE OR HAZE
[NO. OF DAYS WITH] [WEATHER - DAYS WITH] 9 = BLOWING SNOW
X = TORNADO
MAX 32 OR BELOW: 0 0.01 INCH OR MORE: 0
MAX 90 OR ABOVE: 0 0.10 INCH OR MORE: 0
MIN 32 OR BELOW: 0 0.50 INCH OR MORE: 0
MIN 0 OR BELOW: 0 1.00 INCH OR MORE: 0
[HDD (BASE 65) ]
TOTAL THIS MO. 20 CLEAR (SCALE 0-3) 15
DPTR FM NORMAL -28 PTCLDY (SCALE 4-7) 14
TOTAL FM JUL 1 816 CLOUDY (SCALE 8-10) 2
DPTR FM NORMAL -270
[CDD (BASE 65) ]
TOTAL THIS MO. 39
DPTR FM NORMAL 5 [PRESSURE DATA]
TOTAL FM JAN 1 172 HIGHEST SLP 30.16 ON 12
DPTR FM NORMAL 81 LOWEST SLP 29.77 ON 30
[REMARKS]
#FINAL-05-22#