000
CXUS53 KGID 011347 RRA
CF6HJH
PRELIMINARY LOCAL CLIMATOLOGICAL DATA (WS FORM: F-6)
STATION: HEBRON NE
MONTH: FEBRUARY
YEAR: 2023
LATITUDE: 40 9 N
LONGITUDE: 97 35 W
TEMPERATURE IN F: :PCPN: SNOW: WIND :SUNSHINE: SKY :PK WND
================================================================================
1 2 3 4 5 6A 6B 7 8 9 10 11 12 13 14 15 16 17 18
12Z AVG MX 2MIN
DY MAX MIN AVG DEP HDD CDD WTR SNW DPTH SPD SPD DIR MIN PSBL S-S WX SPD DR
================================================================================
1 35 8 22 M 43 0 0.00 M M 5.3 13 210 M M 0 16 210
2 33 8 21 M 44 0 0.00 M M 8.7 21 30 M M 0 27 30
3 34 4 19 M 46 0 0.00 M M 6.1 15 210 M M 0 21 210
4 47 23 35 M 30 0 0.00 M M 8.7 15 230 M M 0 23 220
5 51 28 40 M 25 0 0.00 M M 3.8 9 270 M M 0 M M
6 47 32 40 M 25 0 0.00 M M 8.5 12 290 M M 2 23 300
7 51 24 38 M 27 0 0.00 M M 5.8 15 320 M M 0 20 310
8 51 20 36 M 29 0 0.00 M M 1.4 9 210 M M 1 M M
9 39 26 33 M 32 0 0.00 M M 14.5 23 350 M M 4 33 350
10 42 19 31 M 34 0 0.00 M M 6.3 13 360 M M 0 20 360
11 52 24 38 M 27 0 0.00 M M 8.2 15 220 M M 0 21 220
12 49 23 36 M 29 0 0.00 M M 4.1 13 360 M M 0 22 10
13 60 21 41 M 24 0 0.00 M M 6.7 15 180 M M 1 23 220
14 53 37 45 M 20 0 0.15 M M 13.0 18 300 M M 9 1 29 320
15 37 19 28 M 37 0 T M M 16.3 21 10 M M 10 30 10
16 28 4 16 M 49 0 M M M 11.5 24 10 M M 6 18 31 10
17 41 1 21 M 44 0 0.00 M M 5.8 13 210 M M 0 17 230
18 52 20 36 M 29 0 0.00 M M 10.3 21 190 M M 0 27 190
19 47 26 37 M 28 0 0.00 M M 3.6 10 230 M M 0 16 230
20 56 26 41 M 24 0 0.00 M M 6.9 15 330 M M 0 23 330
21 60 26 43 M 22 0 0.00 M M 9.3 23 150 M M 2 29 150
22 38 13 26 M 39 0 M M M 15.3 22 20 M M 9 1 30 30
23 17 1 9 M 56 0 T M M 13.1 21 320 M M 2 29 320
24 26 4 15 M 50 0 T M M 6.1 14 40 M M 5 21 10
25 51 10 31 M 34 0 0.00 M M 5.8 16 210 M M 0 21 210
26 61 22 42 M 23 0 0.22 M M 9.0 23 150 M M 2 38 27 150
27 61 29 45 M 20 0 0.12 M M 12.8 23 320 M M 2 1 31 320
28 56 27 42 M 23 0 0.00 M M 3.6 10 110 M M 3 12 150
================================================================================
SM 1275 525 913 0 M M 230.5 M 58
================================================================================
AV 45.5 18.8 8.2 FASTST M M 2 MAX(MPH)
MISC ----> 24 10 M M
================================================================================
NOTES:
# LAST OF SEVERAL OCCURRENCES
COLUMN 17 PEAK WIND IN M.P.H.
PRELIMINARY LOCAL CLIMATOLOGICAL DATA (WS FORM: F-6) , PAGE 2
STATION: HEBRON NE
MONTH: FEBRUARY
YEAR: 2023
LATITUDE: 40 9 N
LONGITUDE: 97 35 W
[TEMPERATURE DATA] [PRECIPITATION DATA] SYMBOLS USED IN COLUMN 16
AVERAGE MONTHLY: 32.1 TOTAL FOR MONTH: M 1 = FOG OR MIST
DPTR FM NORMAL: M DPTR FM NORMAL: M 2 = FOG REDUCING VISIBILITY
HIGHEST: 61 ON 27,26 GRTST 24HR M ON M TO 1/4 MILE OR LESS
LOWEST: 1 ON 23,17 3 = THUNDER
SNOW, ICE PELLETS, HAIL 4 = ICE PELLETS
TOTAL MONTH: M 5 = HAIL
GRTST 24HR M ON M 6 = FREEZING RAIN OR DRIZZLE
GRTST DEPTH: M ON M 7 = DUSTSTORM OR SANDSTORM:
VSBY 1/2 MILE OR LESS
8 = SMOKE OR HAZE
[NO. OF DAYS WITH] [WEATHER - DAYS WITH] 9 = BLOWING SNOW
X = TORNADO
MAX 32 OR BELOW: 3 0.01 INCH OR MORE: M
MAX 90 OR ABOVE: 0 0.10 INCH OR MORE: M
MIN 32 OR BELOW: 27 0.50 INCH OR MORE: M
MIN 0 OR BELOW: 0 1.00 INCH OR MORE: M
[HDD (BASE 65) ]
TOTAL THIS MO. 913 CLEAR (SCALE 0-3) 21
DPTR FM NORMAL M PTCLDY (SCALE 4-7) 4
TOTAL FM JUL 1 4344 CLOUDY (SCALE 8-10) 3
DPTR FM NORMAL M
[CDD (BASE 65) ]
TOTAL THIS MO. 0
DPTR FM NORMAL M [PRESSURE DATA]
TOTAL FM JAN 1 0 HIGHEST SLP M ON M
DPTR FM NORMAL M LOWEST SLP M ON M
[REMARKS]
#FINAL-02-23#